{"id":21895,"date":"2025-07-22T19:41:32","date_gmt":"2025-07-22T17:41:32","guid":{"rendered":"https:\/\/uj.adatbank.ro\/lexikon\/termek\/szekeres-sandor-mezomadarasi\/"},"modified":"2025-07-22T19:41:32","modified_gmt":"2025-07-22T17:41:32","slug":"szekeres-sandor-mezomadarasi","status":"publish","type":"product","link":"https:\/\/uj.adatbank.ro\/lexikon\/termek\/szekeres-sandor-mezomadarasi\/","title":{"rendered":"SZEKERES S\u00e1ndor, mez\u0151madarasi"},"content":{"rendered":"<p>? \u2020?: f\u00f6ldbirtokos. \u2013 Testv\u00e9rei: mez\u0151madarasi Szekeres L\u00e1szl\u00f3 \u00e9s Poli. Le\u00e1nyai: Fanni, nagyv\u00e1radi K\u00f6r\u00f6sy Albert; R\u00f3za, haracskereki Farkas Lajos; Ad\u00e9l, Kov\u00e1cs S\u00e1ndorn\u00e9. \u2013 A mv.-i Kir T\u00e1bla kancellist\u00e1ja. Magyarr\u00e9genben birtokos f\u0151sz\u00e9kelyek. A mv.-i kaszin\u00f3 megalakul\u00e1sakor r\u00e9szletes lelt\u00e1rt k\u00e9sz\u00edtett a b\u00e9relt \u00e9p\u00fclet helyis\u00e9geir\u0151l (F\u0151t\u00e9r 24. sz.). Az egykor Bethlen L\u00e1szl\u00f3 \u00e1ltal \u00e9p\u00edtett h\u00e1z volt a Kaszin\u00f3 els\u0151 otthona (1832 \u2013 1845). \u2013 <strong>F. m.<\/strong>: anatol\u00f3g. Sz\u00edve ki\u00f6ml\u00e9se a\u2019 Maros V\u00e1s\u00e1rhelyi Ref. Koll\u00e9gyomb\u00e9li ifi\u00fas\u00e1g\u00e1nak egy kedves attya hal\u00e1l\u00e1n [Gr. Kem\u00e9ny Mikl\u00f3s]. (Mv., 1829). <br \/><strong>Irod.:<\/strong> Bi\u00e1s Istv\u00e1n; F\u00fcl\u00f6p\u2013Ferencz.<\/br><\/p>\n","protected":false},"excerpt":{"rendered":"<p>? \u2020?: f\u00f6ldbirtokos. \u2013 Testv\u00e9rei: mez\u0151madarasi Szekeres L\u00e1szl\u00f3 \u00e9s Poli. Le\u00e1nyai: Fanni, nagyv\u00e1radi K\u00f6r\u00f6sy Albert; R\u00f3za, haracskereki Farkas Lajos; Ad\u00e9l, Kov\u00e1cs S\u00e1ndorn\u00e9. \u2013 A mv.-i Kir T\u00e1bla kancellist\u00e1ja. Magyarr\u00e9genben birtokos f\u0151sz\u00e9kelyek. A mv.-i kaszin\u00f3 megalakul\u00e1sakor r\u00e9szletes lelt\u00e1rt k\u00e9sz\u00edtett a b\u00e9relt \u00e9p\u00fclet helyis\u00e9geir\u0151l (F\u0151t\u00e9r 24. sz.). Az egykor Bethlen L\u00e1szl\u00f3 \u00e1ltal \u00e9p\u00edtett h\u00e1z volt a Kaszin\u00f3 [&hellip;]<\/p>\n","protected":false},"featured_media":0,"comment_status":"open","ping_status":"closed","template":"","meta":[],"product_brand":[],"product_cat":[137],"product_tag":[],"class_list":{"0":"post-21895","1":"product","2":"type-product","3":"status-publish","5":"product_cat-maros-megyei-eletrajzi-lexikon","7":"first","8":"instock","9":"shipping-taxable","10":"product-type-simple"},"_links":{"self":[{"href":"https:\/\/uj.adatbank.ro\/lexikon\/wp-json\/wp\/v2\/product\/21895","targetHints":{"allow":["GET"]}}],"collection":[{"href":"https:\/\/uj.adatbank.ro\/lexikon\/wp-json\/wp\/v2\/product"}],"about":[{"href":"https:\/\/uj.adatbank.ro\/lexikon\/wp-json\/wp\/v2\/types\/product"}],"replies":[{"embeddable":true,"href":"https:\/\/uj.adatbank.ro\/lexikon\/wp-json\/wp\/v2\/comments?post=21895"}],"wp:attachment":[{"href":"https:\/\/uj.adatbank.ro\/lexikon\/wp-json\/wp\/v2\/media?parent=21895"}],"wp:term":[{"taxonomy":"product_brand","embeddable":true,"href":"https:\/\/uj.adatbank.ro\/lexikon\/wp-json\/wp\/v2\/product_brand?post=21895"},{"taxonomy":"product_cat","embeddable":true,"href":"https:\/\/uj.adatbank.ro\/lexikon\/wp-json\/wp\/v2\/product_cat?post=21895"},{"taxonomy":"product_tag","embeddable":true,"href":"https:\/\/uj.adatbank.ro\/lexikon\/wp-json\/wp\/v2\/product_tag?post=21895"}],"curies":[{"name":"wp","href":"https:\/\/api.w.org\/{rel}","templated":true}]}}