{"id":21902,"date":"2025-07-22T19:41:49","date_gmt":"2025-07-22T17:41:49","guid":{"rendered":"https:\/\/uj.adatbank.ro\/lexikon\/termek\/szekrenyi-tibor\/"},"modified":"2025-07-22T19:41:49","modified_gmt":"2025-07-22T17:41:49","slug":"szekrenyi-tibor","status":"publish","type":"product","link":"https:\/\/uj.adatbank.ro\/lexikon\/termek\/szekrenyi-tibor\/","title":{"rendered":"SZEKR\u00c9NYI Tibor"},"content":{"rendered":"<p>? 1942., \u2020 Mv., 1995. okt. 8.: operat\u0151r. \u2013 A mv.-i R\u00e1di\u00f3 m\u0171szaki munkat\u00e1rsa, vezet\u0151 operat\u0151re. \u2013 35 \u00e9vig dolgozott a R\u00e1di\u00f3n\u00e1l. <br \/><strong>Irod.:<\/strong> [Nekrol\u00f3g] (N\u00fa., 1995. okt. 10.).<\/br><\/p>\n","protected":false},"excerpt":{"rendered":"<p>? 1942., \u2020 Mv., 1995. okt. 8.: operat\u0151r. \u2013 A mv.-i R\u00e1di\u00f3 m\u0171szaki munkat\u00e1rsa, vezet\u0151 operat\u0151re. \u2013 35 \u00e9vig dolgozott a R\u00e1di\u00f3n\u00e1l. Irod.: [Nekrol\u00f3g] (N\u00fa., 1995. okt. 10.).<\/p>\n","protected":false},"featured_media":0,"comment_status":"open","ping_status":"closed","template":"","meta":[],"product_brand":[],"product_cat":[137],"product_tag":[],"class_list":{"0":"post-21902","1":"product","2":"type-product","3":"status-publish","5":"product_cat-maros-megyei-eletrajzi-lexikon","7":"first","8":"instock","9":"shipping-taxable","10":"product-type-simple"},"_links":{"self":[{"href":"https:\/\/uj.adatbank.ro\/lexikon\/wp-json\/wp\/v2\/product\/21902","targetHints":{"allow":["GET"]}}],"collection":[{"href":"https:\/\/uj.adatbank.ro\/lexikon\/wp-json\/wp\/v2\/product"}],"about":[{"href":"https:\/\/uj.adatbank.ro\/lexikon\/wp-json\/wp\/v2\/types\/product"}],"replies":[{"embeddable":true,"href":"https:\/\/uj.adatbank.ro\/lexikon\/wp-json\/wp\/v2\/comments?post=21902"}],"wp:attachment":[{"href":"https:\/\/uj.adatbank.ro\/lexikon\/wp-json\/wp\/v2\/media?parent=21902"}],"wp:term":[{"taxonomy":"product_brand","embeddable":true,"href":"https:\/\/uj.adatbank.ro\/lexikon\/wp-json\/wp\/v2\/product_brand?post=21902"},{"taxonomy":"product_cat","embeddable":true,"href":"https:\/\/uj.adatbank.ro\/lexikon\/wp-json\/wp\/v2\/product_cat?post=21902"},{"taxonomy":"product_tag","embeddable":true,"href":"https:\/\/uj.adatbank.ro\/lexikon\/wp-json\/wp\/v2\/product_tag?post=21902"}],"curies":[{"name":"wp","href":"https:\/\/api.w.org\/{rel}","templated":true}]}}