{"id":2191,"date":"2025-06-28T12:06:28","date_gmt":"2025-06-28T10:06:28","guid":{"rendered":"https:\/\/uj.adatbank.ro\/lexikon\/termek\/banffy-jolan-losonci-br-osdolai-lazar-ferencne\/"},"modified":"2025-06-28T12:06:28","modified_gmt":"2025-06-28T10:06:28","slug":"banffy-jolan-losonci-br-osdolai-lazar-ferencne","status":"publish","type":"product","link":"https:\/\/uj.adatbank.ro\/lexikon\/termek\/banffy-jolan-losonci-br-osdolai-lazar-ferencne\/","title":{"rendered":"B\u00c1NFFY Jol\u00e1n, losonci br., osdolai L\u00e1z\u00e1r Ferencn\u00e9"},"content":{"rendered":"<p>Hossz\u00faasz\u00f3, 1886. jan. 16. \u2020 Mv., 1964. m\u00e1j. 22.: f\u00f6ldbirtokos. \u2013 B. Gy\u00f6rgy Albert (1857\u20131921) \u00e9s csap\u00f3i R\u00e9z R\u00f3za (1867\u20131929) le\u00e1nya. F\u00e9rje: Osdolai L\u00e1z\u00e1r Ferenc (Mikefalva, 1874. nov. 19. \u2013 Mv., 1949. m\u00e1j. 23.). <br \/><strong>Irod.:<\/strong> Gudenus<\/br><\/p>\n","protected":false},"excerpt":{"rendered":"<p>Hossz\u00faasz\u00f3, 1886. jan. 16. \u2020 Mv., 1964. m\u00e1j. 22.: f\u00f6ldbirtokos. \u2013 B. Gy\u00f6rgy Albert (1857\u20131921) \u00e9s csap\u00f3i R\u00e9z R\u00f3za (1867\u20131929) le\u00e1nya. F\u00e9rje: Osdolai L\u00e1z\u00e1r Ferenc (Mikefalva, 1874. nov. 19. \u2013 Mv., 1949. m\u00e1j. 23.). Irod.: Gudenus<\/p>\n","protected":false},"featured_media":0,"comment_status":"open","ping_status":"closed","template":"","meta":[],"product_brand":[],"product_cat":[137],"product_tag":[],"class_list":{"0":"post-2191","1":"product","2":"type-product","3":"status-publish","5":"product_cat-maros-megyei-eletrajzi-lexikon","7":"first","8":"instock","9":"shipping-taxable","10":"product-type-simple"},"_links":{"self":[{"href":"https:\/\/uj.adatbank.ro\/lexikon\/wp-json\/wp\/v2\/product\/2191","targetHints":{"allow":["GET"]}}],"collection":[{"href":"https:\/\/uj.adatbank.ro\/lexikon\/wp-json\/wp\/v2\/product"}],"about":[{"href":"https:\/\/uj.adatbank.ro\/lexikon\/wp-json\/wp\/v2\/types\/product"}],"replies":[{"embeddable":true,"href":"https:\/\/uj.adatbank.ro\/lexikon\/wp-json\/wp\/v2\/comments?post=2191"}],"wp:attachment":[{"href":"https:\/\/uj.adatbank.ro\/lexikon\/wp-json\/wp\/v2\/media?parent=2191"}],"wp:term":[{"taxonomy":"product_brand","embeddable":true,"href":"https:\/\/uj.adatbank.ro\/lexikon\/wp-json\/wp\/v2\/product_brand?post=2191"},{"taxonomy":"product_cat","embeddable":true,"href":"https:\/\/uj.adatbank.ro\/lexikon\/wp-json\/wp\/v2\/product_cat?post=2191"},{"taxonomy":"product_tag","embeddable":true,"href":"https:\/\/uj.adatbank.ro\/lexikon\/wp-json\/wp\/v2\/product_tag?post=2191"}],"curies":[{"name":"wp","href":"https:\/\/api.w.org\/{rel}","templated":true}]}}