{"id":21910,"date":"2025-07-22T19:42:07","date_gmt":"2025-07-22T17:42:07","guid":{"rendered":"https:\/\/uj.adatbank.ro\/lexikon\/termek\/szeles-anaklet-karoly-r-p-analectus\/"},"modified":"2025-07-22T19:42:07","modified_gmt":"2025-07-22T17:42:07","slug":"szeles-anaklet-karoly-r-p-analectus","status":"publish","type":"product","link":"https:\/\/uj.adatbank.ro\/lexikon\/termek\/szeles-anaklet-karoly-r-p-analectus\/","title":{"rendered":"SZELES Anakl\u00e9t K\u00e1roly, R. P., Analectus"},"content":{"rendered":"<p>Sz\u00e9kelyudvarhely, 1839. jan. 29. \u2020\u00a0Mv., 1902. jan. 27. A mv.-i ferences bar\u00e1tok egykori temploma alatt l\u00e9v\u0151 kript\u00e1ban nyugszik: ferencrendi szerzetes. \u2013 Be\u00f6lt\u00f6z\u00f6tt (1863. szept. 6.), felszentelt\u00e9k (1868. \u00e1pr. 9.). <br \/><strong>Irod.:<\/strong> Gy\u00f6rgy: A ferencrendiek; Mv.-i \u00f6rm\u00e9nyek. Pantheon; Tabula dislocationum personalium almae provinciae ordinis Fratrum Minorum S. P. N. Fransisci a S. Stephano Rege Hungariae titulatae in Transsylvania Hungariae extensis pro anno 1902\u201303 (Mv., 1902).<\/br><\/p>\n","protected":false},"excerpt":{"rendered":"<p>Sz\u00e9kelyudvarhely, 1839. jan. 29. \u2020\u00a0Mv., 1902. jan. 27. A mv.-i ferences bar\u00e1tok egykori temploma alatt l\u00e9v\u0151 kript\u00e1ban nyugszik: ferencrendi szerzetes. \u2013 Be\u00f6lt\u00f6z\u00f6tt (1863. szept. 6.), felszentelt\u00e9k (1868. \u00e1pr. 9.). Irod.: Gy\u00f6rgy: A ferencrendiek; Mv.-i \u00f6rm\u00e9nyek. Pantheon; Tabula dislocationum personalium almae provinciae ordinis Fratrum Minorum S. P. N. Fransisci a S. Stephano Rege Hungariae titulatae in [&hellip;]<\/p>\n","protected":false},"featured_media":0,"comment_status":"open","ping_status":"closed","template":"","meta":[],"product_brand":[],"product_cat":[137],"product_tag":[],"class_list":{"0":"post-21910","1":"product","2":"type-product","3":"status-publish","5":"product_cat-maros-megyei-eletrajzi-lexikon","7":"first","8":"instock","9":"shipping-taxable","10":"product-type-simple"},"_links":{"self":[{"href":"https:\/\/uj.adatbank.ro\/lexikon\/wp-json\/wp\/v2\/product\/21910","targetHints":{"allow":["GET"]}}],"collection":[{"href":"https:\/\/uj.adatbank.ro\/lexikon\/wp-json\/wp\/v2\/product"}],"about":[{"href":"https:\/\/uj.adatbank.ro\/lexikon\/wp-json\/wp\/v2\/types\/product"}],"replies":[{"embeddable":true,"href":"https:\/\/uj.adatbank.ro\/lexikon\/wp-json\/wp\/v2\/comments?post=21910"}],"wp:attachment":[{"href":"https:\/\/uj.adatbank.ro\/lexikon\/wp-json\/wp\/v2\/media?parent=21910"}],"wp:term":[{"taxonomy":"product_brand","embeddable":true,"href":"https:\/\/uj.adatbank.ro\/lexikon\/wp-json\/wp\/v2\/product_brand?post=21910"},{"taxonomy":"product_cat","embeddable":true,"href":"https:\/\/uj.adatbank.ro\/lexikon\/wp-json\/wp\/v2\/product_cat?post=21910"},{"taxonomy":"product_tag","embeddable":true,"href":"https:\/\/uj.adatbank.ro\/lexikon\/wp-json\/wp\/v2\/product_tag?post=21910"}],"curies":[{"name":"wp","href":"https:\/\/api.w.org\/{rel}","templated":true}]}}