{"id":21920,"date":"2025-07-22T19:42:28","date_gmt":"2025-07-22T17:42:28","guid":{"rendered":"https:\/\/uj.adatbank.ro\/lexikon\/termek\/szemanyi-margit-%c2%a7-margareta\/"},"modified":"2025-07-22T19:42:28","modified_gmt":"2025-07-22T17:42:28","slug":"szemanyi-margit-%c2%a7-margareta","status":"publish","type":"product","link":"https:\/\/uj.adatbank.ro\/lexikon\/termek\/szemanyi-margit-%c2%a7-margareta\/","title":{"rendered":"SZEM\u00c1NYI Margit, \u00a7 Margareta"},"content":{"rendered":"<p>Mv., 1931. nov. 28., \u2020 Mv., 2018. nov.16.: sportol\u00f3, tek\u00e9z\u0151. \u2013 Mv.-en v\u00e9gezte a k\u00f6z\u00e9piskol\u00e1t. F\u00e9rje unszol\u00e1s\u00e1ra kezdett tek\u00e9zni (1950). T\u00f6bbsz\u00f6r\u00f6s orsz\u00e1gos, Eur\u00f3pa- \u00e9s vil\u00e1gbajnok, tagja az orsz\u00e1gos, Eur\u00f3pa- \u00e9s vil\u00e1gbajnok csapatnak, vil\u00e1grekordot d\u00f6nt\u00f6tt (1966, 68). Maros megye legjobb sport\u00f3l\u00f3ja (1966, 68). <br \/><strong>Irod.:<\/strong> Botezan Gheorghe: Sz. Tibor \u00e9s Margit (N\u00fa., 2003. szept. 22.); Kl\u00f3sz\u2013Tolok\u00e1n; R\u00e1d; Weisz S\u00e1ndor: \u00c9lsportol\u00f3ink: Sz. M. (V. Z., 1970. m\u00e1rc. 12.); Vil\u00e1gbajnok h\u00e1zasp\u00e1r (\u00daj \u00c9let, 1969. 6. sz); Nekrol\u00f3g (N\u00fa., 2018. nov. 19.).<\/br><\/p>\n","protected":false},"excerpt":{"rendered":"<p>Mv., 1931. nov. 28., \u2020 Mv., 2018. nov.16.: sportol\u00f3, tek\u00e9z\u0151. \u2013 Mv.-en v\u00e9gezte a k\u00f6z\u00e9piskol\u00e1t. F\u00e9rje unszol\u00e1s\u00e1ra kezdett tek\u00e9zni (1950). T\u00f6bbsz\u00f6r\u00f6s orsz\u00e1gos, Eur\u00f3pa- \u00e9s vil\u00e1gbajnok, tagja az orsz\u00e1gos, Eur\u00f3pa- \u00e9s vil\u00e1gbajnok csapatnak, vil\u00e1grekordot d\u00f6nt\u00f6tt (1966, 68). Maros megye legjobb sport\u00f3l\u00f3ja (1966, 68). Irod.: Botezan Gheorghe: Sz. Tibor \u00e9s Margit (N\u00fa., 2003. szept. 22.); Kl\u00f3sz\u2013Tolok\u00e1n; R\u00e1d; [&hellip;]<\/p>\n","protected":false},"featured_media":0,"comment_status":"open","ping_status":"closed","template":"","meta":[],"product_brand":[],"product_cat":[137],"product_tag":[],"class_list":{"0":"post-21920","1":"product","2":"type-product","3":"status-publish","5":"product_cat-maros-megyei-eletrajzi-lexikon","7":"first","8":"instock","9":"shipping-taxable","10":"product-type-simple"},"_links":{"self":[{"href":"https:\/\/uj.adatbank.ro\/lexikon\/wp-json\/wp\/v2\/product\/21920","targetHints":{"allow":["GET"]}}],"collection":[{"href":"https:\/\/uj.adatbank.ro\/lexikon\/wp-json\/wp\/v2\/product"}],"about":[{"href":"https:\/\/uj.adatbank.ro\/lexikon\/wp-json\/wp\/v2\/types\/product"}],"replies":[{"embeddable":true,"href":"https:\/\/uj.adatbank.ro\/lexikon\/wp-json\/wp\/v2\/comments?post=21920"}],"wp:attachment":[{"href":"https:\/\/uj.adatbank.ro\/lexikon\/wp-json\/wp\/v2\/media?parent=21920"}],"wp:term":[{"taxonomy":"product_brand","embeddable":true,"href":"https:\/\/uj.adatbank.ro\/lexikon\/wp-json\/wp\/v2\/product_brand?post=21920"},{"taxonomy":"product_cat","embeddable":true,"href":"https:\/\/uj.adatbank.ro\/lexikon\/wp-json\/wp\/v2\/product_cat?post=21920"},{"taxonomy":"product_tag","embeddable":true,"href":"https:\/\/uj.adatbank.ro\/lexikon\/wp-json\/wp\/v2\/product_tag?post=21920"}],"curies":[{"name":"wp","href":"https:\/\/api.w.org\/{rel}","templated":true}]}}