{"id":21932,"date":"2025-07-22T19:42:54","date_gmt":"2025-07-22T17:42:54","guid":{"rendered":"https:\/\/uj.adatbank.ro\/lexikon\/termek\/szengyeli-ferenc-de-zengely-zengyel-szengyel-ferenc\/"},"modified":"2025-07-22T19:42:54","modified_gmt":"2025-07-22T17:42:54","slug":"szengyeli-ferenc-de-zengely-zengyel-szengyel-ferenc","status":"publish","type":"product","link":"https:\/\/uj.adatbank.ro\/lexikon\/termek\/szengyeli-ferenc-de-zengely-zengyel-szengyel-ferenc\/","title":{"rendered":"SZENGYELI Ferenc, de Zengely, Zengyel, Szengyel Ferenc"},"content":{"rendered":"<p>? \u2020?: r. k. pap. \u2013 Gyulafeh\u00e9rv\u00e1ri d\u00e9k\u00e1n-kanonok (1548\u201349, 1553) \u00e9s szatm\u00e1ri (1543, 1545), \u00f3zdi (1548\u201351), k\u00fck\u00fcll\u0151i f\u0151esperes (1553\u201355), K\u00fck\u00fcl\u0151i f\u0151esperes-kanonok, erd\u00e9lyi egyh\u00e1zmegyei vik\u00e1rius (1556. szept.) <br \/><strong>Irod.:<\/strong> Ferenczi S\u00e1ndor 2009.<\/br><\/p>\n","protected":false},"excerpt":{"rendered":"<p>? \u2020?: r. k. pap. \u2013 Gyulafeh\u00e9rv\u00e1ri d\u00e9k\u00e1n-kanonok (1548\u201349, 1553) \u00e9s szatm\u00e1ri (1543, 1545), \u00f3zdi (1548\u201351), k\u00fck\u00fcll\u0151i f\u0151esperes (1553\u201355), K\u00fck\u00fcl\u0151i f\u0151esperes-kanonok, erd\u00e9lyi egyh\u00e1zmegyei vik\u00e1rius (1556. szept.) Irod.: Ferenczi S\u00e1ndor 2009.<\/p>\n","protected":false},"featured_media":0,"comment_status":"open","ping_status":"closed","template":"","meta":[],"product_brand":[],"product_cat":[137],"product_tag":[],"class_list":{"0":"post-21932","1":"product","2":"type-product","3":"status-publish","5":"product_cat-maros-megyei-eletrajzi-lexikon","7":"first","8":"instock","9":"shipping-taxable","10":"product-type-simple"},"_links":{"self":[{"href":"https:\/\/uj.adatbank.ro\/lexikon\/wp-json\/wp\/v2\/product\/21932","targetHints":{"allow":["GET"]}}],"collection":[{"href":"https:\/\/uj.adatbank.ro\/lexikon\/wp-json\/wp\/v2\/product"}],"about":[{"href":"https:\/\/uj.adatbank.ro\/lexikon\/wp-json\/wp\/v2\/types\/product"}],"replies":[{"embeddable":true,"href":"https:\/\/uj.adatbank.ro\/lexikon\/wp-json\/wp\/v2\/comments?post=21932"}],"wp:attachment":[{"href":"https:\/\/uj.adatbank.ro\/lexikon\/wp-json\/wp\/v2\/media?parent=21932"}],"wp:term":[{"taxonomy":"product_brand","embeddable":true,"href":"https:\/\/uj.adatbank.ro\/lexikon\/wp-json\/wp\/v2\/product_brand?post=21932"},{"taxonomy":"product_cat","embeddable":true,"href":"https:\/\/uj.adatbank.ro\/lexikon\/wp-json\/wp\/v2\/product_cat?post=21932"},{"taxonomy":"product_tag","embeddable":true,"href":"https:\/\/uj.adatbank.ro\/lexikon\/wp-json\/wp\/v2\/product_tag?post=21932"}],"curies":[{"name":"wp","href":"https:\/\/api.w.org\/{rel}","templated":true}]}}