{"id":21946,"date":"2025-07-22T19:43:25","date_gmt":"2025-07-22T17:43:25","guid":{"rendered":"https:\/\/uj.adatbank.ro\/lexikon\/termek\/szenkovits-ferenc\/"},"modified":"2025-07-22T19:43:25","modified_gmt":"2025-07-22T17:43:25","slug":"szenkovits-ferenc","status":"publish","type":"product","link":"https:\/\/uj.adatbank.ro\/lexikon\/termek\/szenkovits-ferenc\/","title":{"rendered":"SZENKOVITS Ferenc"},"content":{"rendered":"<p>Balav\u00e1s\u00e1r, 1880.,\u00a0\u2020?: f\u0171szerkeresked\u0151. \u2013 K\u00f6z\u00e9piskol\u00e1it Mv.-en v\u00e9gezte., majd a keresked\u0151i szakm\u00e1ban szabadult fel, \u00f6n\u00e1ll\u00f3 lett Sz\u00e9kelyv\u00e9ck\u00e9n (1908), majd Mv.-en (1909\u2013). A sz\u00e9kelyv\u00e9ckei k\u00f6zs\u00e9gi k\u00e9pv. Test\u00fclet, a r. k. egyh\u00e1z tan\u00e1cs\u00e1nak \u00e9s a MP tagja volt. A z els\u0151 vh.-ban a 22. \u00e9s a 3. gy. e.-ban mint sz\u00e1mvev\u0151 \u0151rmester az orosz fronton harcolt. A II. o. ez\u00fcst, a bronz vit. \u00e9rem \u00e9s a K\u00e1roly Csapatkereszt kit\u00fcntetettje volt. <br \/><strong>Irod.:<\/strong> Sz\u00e9kelyf\u00f6ld \u00ed. k.<\/br><\/p>\n","protected":false},"excerpt":{"rendered":"<p>Balav\u00e1s\u00e1r, 1880.,\u00a0\u2020?: f\u0171szerkeresked\u0151. \u2013 K\u00f6z\u00e9piskol\u00e1it Mv.-en v\u00e9gezte., majd a keresked\u0151i szakm\u00e1ban szabadult fel, \u00f6n\u00e1ll\u00f3 lett Sz\u00e9kelyv\u00e9ck\u00e9n (1908), majd Mv.-en (1909\u2013). A sz\u00e9kelyv\u00e9ckei k\u00f6zs\u00e9gi k\u00e9pv. Test\u00fclet, a r. k. egyh\u00e1z tan\u00e1cs\u00e1nak \u00e9s a MP tagja volt. A z els\u0151 vh.-ban a 22. \u00e9s a 3. gy. e.-ban mint sz\u00e1mvev\u0151 \u0151rmester az orosz fronton harcolt. A II. [&hellip;]<\/p>\n","protected":false},"featured_media":0,"comment_status":"open","ping_status":"closed","template":"","meta":[],"product_brand":[],"product_cat":[137],"product_tag":[],"class_list":{"0":"post-21946","1":"product","2":"type-product","3":"status-publish","5":"product_cat-maros-megyei-eletrajzi-lexikon","7":"first","8":"instock","9":"shipping-taxable","10":"product-type-simple"},"_links":{"self":[{"href":"https:\/\/uj.adatbank.ro\/lexikon\/wp-json\/wp\/v2\/product\/21946","targetHints":{"allow":["GET"]}}],"collection":[{"href":"https:\/\/uj.adatbank.ro\/lexikon\/wp-json\/wp\/v2\/product"}],"about":[{"href":"https:\/\/uj.adatbank.ro\/lexikon\/wp-json\/wp\/v2\/types\/product"}],"replies":[{"embeddable":true,"href":"https:\/\/uj.adatbank.ro\/lexikon\/wp-json\/wp\/v2\/comments?post=21946"}],"wp:attachment":[{"href":"https:\/\/uj.adatbank.ro\/lexikon\/wp-json\/wp\/v2\/media?parent=21946"}],"wp:term":[{"taxonomy":"product_brand","embeddable":true,"href":"https:\/\/uj.adatbank.ro\/lexikon\/wp-json\/wp\/v2\/product_brand?post=21946"},{"taxonomy":"product_cat","embeddable":true,"href":"https:\/\/uj.adatbank.ro\/lexikon\/wp-json\/wp\/v2\/product_cat?post=21946"},{"taxonomy":"product_tag","embeddable":true,"href":"https:\/\/uj.adatbank.ro\/lexikon\/wp-json\/wp\/v2\/product_tag?post=21946"}],"curies":[{"name":"wp","href":"https:\/\/api.w.org\/{rel}","templated":true}]}}

<p>Balavásár, 1880., †?: fűszerkereskedő. – Középiskoláit Mv.-en végezte., majd a kereskedői szakmában szabadult fel, önálló lett Székelyvéckén (1908), majd Mv.-en (1909–). A székelyvéckei községi képv. Testület, a r. k. egyház tanácsának és a MP tagja volt. A z első vh.-ban a 22. és a 3. gy. e.-ban mint számvevő őrmester az orosz fronton harcolt. A II. o. ezüst, a bronz vit. érem és a Károly Csapatkereszt kitüntetettje volt. <br /><strong>Irod.:</strong> Székelyföld í. k.</br></p>

<p>Balavásár, 1880., †?: fűszerkereskedő. – Középiskoláit Mv.-en végezte., majd a kereskedői szakmában szabadult fel, önálló lett Székelyvéckén (1908), majd Mv.-en (1909–). A székelyvéckei községi képv. Testület, a r. k. egyház tanácsának és a MP tagja volt. A z első vh.-ban a 22. és a 3. gy. e.-ban mint számvevő őrmester az orosz fronton harcolt. A II. [&hellip;]</p>
