{"id":2195,"date":"2025-06-28T12:06:36","date_gmt":"2025-06-28T10:06:36","guid":{"rendered":"https:\/\/uj.adatbank.ro\/lexikon\/termek\/banffy-judit-losonczi-br-bethlen-adamne\/"},"modified":"2025-06-28T12:06:36","modified_gmt":"2025-06-28T10:06:36","slug":"banffy-judit-losonczi-br-bethlen-adamne","status":"publish","type":"product","link":"https:\/\/uj.adatbank.ro\/lexikon\/termek\/banffy-judit-losonczi-br-bethlen-adamne\/","title":{"rendered":"B\u00c1NFFY Judit, losonczi br., Bethlen \u00c1d\u00e1mn\u00e9"},"content":{"rendered":"<p>Kv., 1888. jan. 12., \u2020\u00a0H\u00e1tszeg, 1949. febr. 11. Temet\u00e9se f\u00e9rj\u00e9vel egy\u00fctt az \u0150raljaboldogfalvi ref. temet\u0151ben: bonyhai birtokos. \u2013 B. Gy\u00f6rgy (1853\u20131889) \u00e9s bethleni gr. Bethlen Margit (1858\u20131929) le\u00e1nya. F\u00e9rje: betleni gr. Bethlen \u00c1d\u00e1m (1881\u20131958). Gyermekeik: G\u00e1bor (1910. m\u00e1rc. 22.-Buenos Aires, 1993. dec. 6.); Farkas (1913. j\u00fan. 17.-Richmond, 2002), \u00c1d\u00e1m (1917. \u00e1pr. 3.-London, 2000. febr. 24). \u2013 A csal\u00e1dot kilakoltatt\u00e1k a bonyhai kast\u00e9lyb\u00f3l (1946), a dics\u0151szentm\u00e1rtoni birtokukra k\u00f6lt\u00f6ztek, az \u00e1llamos\u00edt\u00e1s ut\u00e1n k\u00e9nyszerlakhelyre ker\u00fcltek H\u00e1tszegre (1949). Farkast \u00e9s \u00c1d\u00e1mot kiutas\u00edtott\u00e1k az orsz\u00e1gb\u00f3l (1965, ill. 1968). <br \/><strong>Irod.:<\/strong> Bicsok\u2013Orb\u00e1n, Gudenus; Keresztes<\/br><\/p>\n","protected":false},"excerpt":{"rendered":"<p>Kv., 1888. jan. 12., \u2020\u00a0H\u00e1tszeg, 1949. febr. 11. Temet\u00e9se f\u00e9rj\u00e9vel egy\u00fctt az \u0150raljaboldogfalvi ref. temet\u0151ben: bonyhai birtokos. \u2013 B. Gy\u00f6rgy (1853\u20131889) \u00e9s bethleni gr. Bethlen Margit (1858\u20131929) le\u00e1nya. F\u00e9rje: betleni gr. Bethlen \u00c1d\u00e1m (1881\u20131958). Gyermekeik: G\u00e1bor (1910. m\u00e1rc. 22.-Buenos Aires, 1993. dec. 6.); Farkas (1913. j\u00fan. 17.-Richmond, 2002), \u00c1d\u00e1m (1917. \u00e1pr. 3.-London, 2000. febr. 24). [&hellip;]<\/p>\n","protected":false},"featured_media":0,"comment_status":"open","ping_status":"closed","template":"","meta":[],"product_brand":[],"product_cat":[137],"product_tag":[],"class_list":{"0":"post-2195","1":"product","2":"type-product","3":"status-publish","5":"product_cat-maros-megyei-eletrajzi-lexikon","7":"first","8":"instock","9":"shipping-taxable","10":"product-type-simple"},"_links":{"self":[{"href":"https:\/\/uj.adatbank.ro\/lexikon\/wp-json\/wp\/v2\/product\/2195","targetHints":{"allow":["GET"]}}],"collection":[{"href":"https:\/\/uj.adatbank.ro\/lexikon\/wp-json\/wp\/v2\/product"}],"about":[{"href":"https:\/\/uj.adatbank.ro\/lexikon\/wp-json\/wp\/v2\/types\/product"}],"replies":[{"embeddable":true,"href":"https:\/\/uj.adatbank.ro\/lexikon\/wp-json\/wp\/v2\/comments?post=2195"}],"wp:attachment":[{"href":"https:\/\/uj.adatbank.ro\/lexikon\/wp-json\/wp\/v2\/media?parent=2195"}],"wp:term":[{"taxonomy":"product_brand","embeddable":true,"href":"https:\/\/uj.adatbank.ro\/lexikon\/wp-json\/wp\/v2\/product_brand?post=2195"},{"taxonomy":"product_cat","embeddable":true,"href":"https:\/\/uj.adatbank.ro\/lexikon\/wp-json\/wp\/v2\/product_cat?post=2195"},{"taxonomy":"product_tag","embeddable":true,"href":"https:\/\/uj.adatbank.ro\/lexikon\/wp-json\/wp\/v2\/product_tag?post=2195"}],"curies":[{"name":"wp","href":"https:\/\/api.w.org\/{rel}","templated":true}]}}