{"id":21951,"date":"2025-07-22T19:43:35","date_gmt":"2025-07-22T17:43:35","guid":{"rendered":"https:\/\/uj.adatbank.ro\/lexikon\/termek\/szenner-antal-nagyernyei\/"},"modified":"2025-07-22T19:43:35","modified_gmt":"2025-07-22T17:43:35","slug":"szenner-antal-nagyernyei","status":"publish","type":"product","link":"https:\/\/uj.adatbank.ro\/lexikon\/termek\/szenner-antal-nagyernyei\/","title":{"rendered":"SZENNER Antal, nagyernyei"},"content":{"rendered":"<p>? \u2020?: nemes, f\u00f6ldbirtokos. \u2013 Nagyerny\u00e9ben az \u00faj templom \u00e9p\u00edt\u00e9sekor az egyh\u00e1zk\u00f6zs\u00e9g algondnoka volt (1904). \u00c9p\u00edttet\u0151je volt egy nagyernyei malomnak, egy\u00fctt B\u00e1lintitt Gy\u00f6rgy b\u00e1r\u00f3val, Szab\u00f3 Gy\u00f6rgy pl\u00e9b\u00e1nossal \u00e9s R\u00e1duly J\u00f3zsef j\u00f3m\u00f3d\u00fa gazd\u00e1val (1910). <br \/><strong>Irod.:<\/strong> Erd\u00e9lyi v\u00e1rmegy\u00e9k; Maros-k\u00fck\u00fcll\u0151i f\u0151esp; Nemes Gyula: Rekviem egy malom\u00e9rt (K\u00f6zpont, 27. sz., 2012. j\u00fal. 4\u201310).<\/br><\/p>\n","protected":false},"excerpt":{"rendered":"<p>? \u2020?: nemes, f\u00f6ldbirtokos. \u2013 Nagyerny\u00e9ben az \u00faj templom \u00e9p\u00edt\u00e9sekor az egyh\u00e1zk\u00f6zs\u00e9g algondnoka volt (1904). \u00c9p\u00edttet\u0151je volt egy nagyernyei malomnak, egy\u00fctt B\u00e1lintitt Gy\u00f6rgy b\u00e1r\u00f3val, Szab\u00f3 Gy\u00f6rgy pl\u00e9b\u00e1nossal \u00e9s R\u00e1duly J\u00f3zsef j\u00f3m\u00f3d\u00fa gazd\u00e1val (1910). Irod.: Erd\u00e9lyi v\u00e1rmegy\u00e9k; Maros-k\u00fck\u00fcll\u0151i f\u0151esp; Nemes Gyula: Rekviem egy malom\u00e9rt (K\u00f6zpont, 27. sz., 2012. j\u00fal. 4\u201310).<\/p>\n","protected":false},"featured_media":0,"comment_status":"open","ping_status":"closed","template":"","meta":[],"product_brand":[],"product_cat":[137],"product_tag":[],"class_list":{"0":"post-21951","1":"product","2":"type-product","3":"status-publish","5":"product_cat-maros-megyei-eletrajzi-lexikon","7":"first","8":"instock","9":"shipping-taxable","10":"product-type-simple"},"_links":{"self":[{"href":"https:\/\/uj.adatbank.ro\/lexikon\/wp-json\/wp\/v2\/product\/21951","targetHints":{"allow":["GET"]}}],"collection":[{"href":"https:\/\/uj.adatbank.ro\/lexikon\/wp-json\/wp\/v2\/product"}],"about":[{"href":"https:\/\/uj.adatbank.ro\/lexikon\/wp-json\/wp\/v2\/types\/product"}],"replies":[{"embeddable":true,"href":"https:\/\/uj.adatbank.ro\/lexikon\/wp-json\/wp\/v2\/comments?post=21951"}],"wp:attachment":[{"href":"https:\/\/uj.adatbank.ro\/lexikon\/wp-json\/wp\/v2\/media?parent=21951"}],"wp:term":[{"taxonomy":"product_brand","embeddable":true,"href":"https:\/\/uj.adatbank.ro\/lexikon\/wp-json\/wp\/v2\/product_brand?post=21951"},{"taxonomy":"product_cat","embeddable":true,"href":"https:\/\/uj.adatbank.ro\/lexikon\/wp-json\/wp\/v2\/product_cat?post=21951"},{"taxonomy":"product_tag","embeddable":true,"href":"https:\/\/uj.adatbank.ro\/lexikon\/wp-json\/wp\/v2\/product_tag?post=21951"}],"curies":[{"name":"wp","href":"https:\/\/api.w.org\/{rel}","templated":true}]}}