{"id":21952,"date":"2025-07-22T19:43:37","date_gmt":"2025-07-22T17:43:37","guid":{"rendered":"https:\/\/uj.adatbank.ro\/lexikon\/termek\/szenner-denes\/"},"modified":"2025-07-22T19:43:37","modified_gmt":"2025-07-22T17:43:37","slug":"szenner-denes","status":"publish","type":"product","link":"https:\/\/uj.adatbank.ro\/lexikon\/termek\/szenner-denes\/","title":{"rendered":"SZENNER D\u00e9nes"},"content":{"rendered":"<p>? \u2020?: f\u00f6ldbirtokos. \u2013 Nagyerny\u00e9ben az ind\u00edtv\u00e1ny\u00e1ra l\u00e9trehozt\u00e1k Maros-Torda vm. els\u0151 fogyaszt\u00e1si sz\u00f6vetkezet\u00e9t (1898. \u00e1pr. ), amelyet a kat. \u00e9s ref. egyh\u00e1z is t\u00e1mogatott. Boltosa hossz\u00fa \u00e9vekig Gy\u0151rfy L\u00e1szl\u00f3 volt. A sz\u00f6vetkezetnek Erd\u00e9lyszerte j\u00f3l ki\u00e9p\u00edtett h\u00e1l\u00f3zata alakult ki, igen n\u00e9pszer\u0171v\u00e9 v\u00e1lt, mert \u00fczleteiben sok kisember olcs\u00f3n tudott v\u00e1s\u00e1rolni. K\u00e9s\u0151bb felvette a Hangya Sz\u00f6vets\u00e9g nevet (1920). K\u00f6zponti ir\u00e1ny\u00edt\u00f3 irod\u00e1juk Nagyenyeden m\u0171k\u00f6d\u00f6tt, ki\u00e9p\u00edtett h\u00e1l\u00f3zatuk \u00e9s nagy rakt\u00e1raik voltak. K\u00e9s\u0151bb Hangya Sz\u00f6vetkezet n\u00e9ven m\u0171k\u00f6dtek (1940\u2013), majd Kal\u00e1ka N\u00e9pi Sz\u00f6vetkezet n\u00e9ven verg\u0151d\u00f6tt (1945\u2013), m\u00edg eln\u00f6k\u00e9t \u2013 Korparich Ed\u00e9t \u2013 letart\u00f3ztatt\u00e1k, \u00e9s sok\u00e9vi b\u00f6rt\u00f6nre \u00edt\u00e9lt\u00e9k. A sz\u00f6vetkezeti h\u00e1l\u00f3zatot \u00e1llamos\u00edtott\u00e1k \u00e9s Uni\u00f3 n\u00e9ven m\u0171k\u00f6dtett\u00e9k, de ez m\u00e1r nem hasonl\u00edtott az el\u0151dj\u00e9re; majd \u00e1llamos\u00edtottak mindent (1948). Javaslat\u00e1ra tejsz\u00f6vetkezetet is l\u00e9trehoztak, amelynek ernyei igazgat\u00f3s\u00e1gi tagja volt (1904\u2013). A sz\u00f6vetkezet abban az id\u0151ben a legmodernebb berendez\u00e9ssel rendelkezett. Bevezett\u00e9k a tej zs\u00edrfok ut\u00e1ni fizet\u00e9s\u00e9t. A sz\u00f6vetkezet \u00e9l\u00e9n egy igazgat\u00f3i tan\u00e1cs \u00e1llott. A tejsav\u00f3t a gazd\u00e1k visszakapt\u00e1k, amelyet sert\u00e9sh\u00edzlal\u00e1sra tudtak haszn\u00e1lni. K\u00e9s\u0151bb csatlakoztak a Marosmegyei Transylvania tejfeldolgoz\u00f3 telephez (1941. j\u00fal. 20.). A tej \u00e1r\u00e1nak emelked\u00e9s\u00e9vel, az ernyei gazd\u00e1k tisztes j\u00f6vedelemhez jutottak. <br \/><strong>Irod.:<\/strong> Nagyernye; Nemes Gyula: Sz\u00f6vetkezetek Maros-Torda v\u00e1rmegy\u00e9ben 1876\u20131920 k\u00f6z\u00f6tt = Eml\u00e9kk. Szab\u00f3 Mikl\u00f3s.<\/br><\/p>\n","protected":false},"excerpt":{"rendered":"<p>? \u2020?: f\u00f6ldbirtokos. \u2013 Nagyerny\u00e9ben az ind\u00edtv\u00e1ny\u00e1ra l\u00e9trehozt\u00e1k Maros-Torda vm. els\u0151 fogyaszt\u00e1si sz\u00f6vetkezet\u00e9t (1898. \u00e1pr. ), amelyet a kat. \u00e9s ref. egyh\u00e1z is t\u00e1mogatott. Boltosa hossz\u00fa \u00e9vekig Gy\u0151rfy L\u00e1szl\u00f3 volt. A sz\u00f6vetkezetnek Erd\u00e9lyszerte j\u00f3l ki\u00e9p\u00edtett h\u00e1l\u00f3zata alakult ki, igen n\u00e9pszer\u0171v\u00e9 v\u00e1lt, mert \u00fczleteiben sok kisember olcs\u00f3n tudott v\u00e1s\u00e1rolni. K\u00e9s\u0151bb felvette a Hangya Sz\u00f6vets\u00e9g nevet (1920). [&hellip;]<\/p>\n","protected":false},"featured_media":0,"comment_status":"open","ping_status":"closed","template":"","meta":[],"product_brand":[],"product_cat":[137],"product_tag":[],"class_list":{"0":"post-21952","1":"product","2":"type-product","3":"status-publish","5":"product_cat-maros-megyei-eletrajzi-lexikon","7":"first","8":"instock","9":"shipping-taxable","10":"product-type-simple"},"_links":{"self":[{"href":"https:\/\/uj.adatbank.ro\/lexikon\/wp-json\/wp\/v2\/product\/21952","targetHints":{"allow":["GET"]}}],"collection":[{"href":"https:\/\/uj.adatbank.ro\/lexikon\/wp-json\/wp\/v2\/product"}],"about":[{"href":"https:\/\/uj.adatbank.ro\/lexikon\/wp-json\/wp\/v2\/types\/product"}],"replies":[{"embeddable":true,"href":"https:\/\/uj.adatbank.ro\/lexikon\/wp-json\/wp\/v2\/comments?post=21952"}],"wp:attachment":[{"href":"https:\/\/uj.adatbank.ro\/lexikon\/wp-json\/wp\/v2\/media?parent=21952"}],"wp:term":[{"taxonomy":"product_brand","embeddable":true,"href":"https:\/\/uj.adatbank.ro\/lexikon\/wp-json\/wp\/v2\/product_brand?post=21952"},{"taxonomy":"product_cat","embeddable":true,"href":"https:\/\/uj.adatbank.ro\/lexikon\/wp-json\/wp\/v2\/product_cat?post=21952"},{"taxonomy":"product_tag","embeddable":true,"href":"https:\/\/uj.adatbank.ro\/lexikon\/wp-json\/wp\/v2\/product_tag?post=21952"}],"curies":[{"name":"wp","href":"https:\/\/api.w.org\/{rel}","templated":true}]}}