{"id":21958,"date":"2025-07-22T19:43:51","date_gmt":"2025-07-22T17:43:51","guid":{"rendered":"https:\/\/uj.adatbank.ro\/lexikon\/termek\/szenner-jozsef-nagyernyei-2\/"},"modified":"2025-07-22T19:43:51","modified_gmt":"2025-07-22T17:43:51","slug":"szenner-jozsef-nagyernyei-2","status":"publish","type":"product","link":"https:\/\/uj.adatbank.ro\/lexikon\/termek\/szenner-jozsef-nagyernyei-2\/","title":{"rendered":"SZENNER J\u00f3zsef, nagyernyei"},"content":{"rendered":"<p>Nagyernye? \u2020?: f\u00f6ldbirtokos. \u2013 Sz. Ferenc \u00e9s Vit\u00e1lis M\u00e1ria fia. K\u00e9t feles\u00e9ge \u00e9s hat gyermek\u00fck volt: Katalin Gy\u00f6rgy Zsigmondn\u00e9; R\u00f3za Nemes Gy\u00f6rgyn\u00e9; S\u00e1muel, feles\u00e9ge Szak\u00e1cs R\u00f3za. <br \/><strong>Irod.:<\/strong> Nemes Gyula: Dr. Szenner J\u00f3zsef politikai munk\u00e1ss\u00e1ga = P\u00e1l-Antal \u2013 Simon 2011.<\/br><\/p>\n","protected":false},"excerpt":{"rendered":"<p>Nagyernye? \u2020?: f\u00f6ldbirtokos. \u2013 Sz. Ferenc \u00e9s Vit\u00e1lis M\u00e1ria fia. K\u00e9t feles\u00e9ge \u00e9s hat gyermek\u00fck volt: Katalin Gy\u00f6rgy Zsigmondn\u00e9; R\u00f3za Nemes Gy\u00f6rgyn\u00e9; S\u00e1muel, feles\u00e9ge Szak\u00e1cs R\u00f3za. Irod.: Nemes Gyula: Dr. Szenner J\u00f3zsef politikai munk\u00e1ss\u00e1ga = P\u00e1l-Antal \u2013 Simon 2011.<\/p>\n","protected":false},"featured_media":0,"comment_status":"open","ping_status":"closed","template":"","meta":[],"product_brand":[],"product_cat":[137],"product_tag":[],"class_list":{"0":"post-21958","1":"product","2":"type-product","3":"status-publish","5":"product_cat-maros-megyei-eletrajzi-lexikon","7":"first","8":"instock","9":"shipping-taxable","10":"product-type-simple"},"_links":{"self":[{"href":"https:\/\/uj.adatbank.ro\/lexikon\/wp-json\/wp\/v2\/product\/21958","targetHints":{"allow":["GET"]}}],"collection":[{"href":"https:\/\/uj.adatbank.ro\/lexikon\/wp-json\/wp\/v2\/product"}],"about":[{"href":"https:\/\/uj.adatbank.ro\/lexikon\/wp-json\/wp\/v2\/types\/product"}],"replies":[{"embeddable":true,"href":"https:\/\/uj.adatbank.ro\/lexikon\/wp-json\/wp\/v2\/comments?post=21958"}],"wp:attachment":[{"href":"https:\/\/uj.adatbank.ro\/lexikon\/wp-json\/wp\/v2\/media?parent=21958"}],"wp:term":[{"taxonomy":"product_brand","embeddable":true,"href":"https:\/\/uj.adatbank.ro\/lexikon\/wp-json\/wp\/v2\/product_brand?post=21958"},{"taxonomy":"product_cat","embeddable":true,"href":"https:\/\/uj.adatbank.ro\/lexikon\/wp-json\/wp\/v2\/product_cat?post=21958"},{"taxonomy":"product_tag","embeddable":true,"href":"https:\/\/uj.adatbank.ro\/lexikon\/wp-json\/wp\/v2\/product_tag?post=21958"}],"curies":[{"name":"wp","href":"https:\/\/api.w.org\/{rel}","templated":true}]}}