{"id":21959,"date":"2025-07-22T19:43:53","date_gmt":"2025-07-22T17:43:53","guid":{"rendered":"https:\/\/uj.adatbank.ro\/lexikon\/termek\/szenner-jozsef-nagyernyei-3\/"},"modified":"2025-07-22T19:43:53","modified_gmt":"2025-07-22T17:43:53","slug":"szenner-jozsef-nagyernyei-3","status":"publish","type":"product","link":"https:\/\/uj.adatbank.ro\/lexikon\/termek\/szenner-jozsef-nagyernyei-3\/","title":{"rendered":"SZENNER J\u00f3zsef, nagyernyei"},"content":{"rendered":"<p>Nagyernye, 1881. j\u00fal. 7., \u2020 Bp., 1948. szept. 15.: \u00fcgyv\u00e9d, f\u0151isp\u00e1n, lapszerkeszt\u0151, politikus. \u2013 Sz. J\u00f3zsef \u00e9s Bak\u00f3 \u00c1gnes fia. A sz\u00fclet\u00e9si adatainak feljegyz\u00e9s\u00e9n\u00e9l, a nagyernyei rom. kat. lelk\u00e9szi hivatalban maradt ki a t-bet\u0171 a nev\u00e9b\u0151l (Szentner). Feles\u00e9ge Kardos S\u00e1ra. \u2013 Mv.-en \u00e9retts\u00e9gizett. Kv.-on a FJTE \u2013n jogot v\u00e9gzett, jogi \u00e9s \u00e1llamtudom\u00e1nyi doktori diplom\u00e1t kapott, b\u00edr\u00f3i \u00e9s \u00fcgyv\u00e9di vizsg\u00e1t tett, K\u00f6zigazgat\u00e1si p\u00e1ly\u00e1ra l\u00e9pett: j\u00e1r\u00e1sb\u00edr\u00f3, I. o. aljegyz\u0151 (1908. jan. 1. \u2013 1917. dec. 31-ig), M\u00e1sodik v\u00e1rmegyei jegyz\u0151 volt, akit Er\u0151sdy f\u0151isp\u00e1n felf\u00fcggesztett (1910), megtagadta hivatal\u00e1nak \u00e1tad\u00e1s\u00e1t. Maros-Torda vm. m\u00e1sodf\u0151jegyz\u0151je (1918.). A mv.\u2013i Sz\u00e9kelys\u00e9g c. politikai napilap szerkeszt\u0151je, f\u0151munkat\u00e1rsa (1903\u2013), felel\u0151s szer. (1904\u2013). A Maros-Torda v\u00e1rmegyei hivatalos lap felel\u0151s szerkeszt\u0151je megszak\u00edt\u00e1sokkal (1908\u201344). R\u00e9szt vett az I. vh.-ban, hossz\u00fa ideig az orosz fronton harcolt mint f\u0151hadnagy, megsebes\u00fclt, <strong>Kit\u00fcntet\u00e9sei:<\/strong> Signum Laudis, vit\u00e9zs\u00e9gi \u00e9s sebes\u00fcl\u00e9si \u00e9rem, K\u00e1roly \u2013 csapatkereszt \u00e9s h\u00e1bor\u00fas eml\u00e9k\u00e9rem. Leszerel\u00e9se ut\u00e1n j\u00e1r\u00e1si szolgab\u00edr\u00f3 Maros-Torda megy\u00e9ben, K\u00e1rolyi Mih\u00e1ly megyei f\u0151isp\u00e1nnak nevezte ki (1918 v\u00e9g\u00e9n). Bekapcsol\u00f3dott a Sz\u00e9kely nemzeti Tan\u00e1cs munk\u00e1lataiba, a Sz\u00e9kely Hadoszt\u00e1ly szervez\u00e9s\u00e9be. Megyei korm\u00e1nybiztos (1919), \u00dcgyv\u00e9d Bp.-en (1920\u2013), az Irredenta Sz\u00f6vets\u00e9g f\u0151titk\u00e1ra volt. Nemzetgy\u0171l\u00e9si k\u00e9pvisel\u0151 a F\u00fcggetlen Kisgazda P\u00e1rt (1945\u2013), majd a M. F\u00fcggetlens\u00e9gi P\u00e1rt sz\u00edneiben (1947\u2013). T\u00f6bb k\u00e9pvisel\u0151t\u00e1rs\u00e1val egy\u00fctt kiz\u00e1rt\u00e1k az ogy.-b\u0151l (1947. nov. 20.). Fiatalon elbesz\u00e9l\u00e9seke \u00edrt t. \u2013 <strong>F. m.<\/strong>: Vadvir\u00e1gok: Elbesz\u00e9l\u00e9sek (Mv., 1902); Leg\u00fajabb v\u00e1laszt\u00e1si joszab\u00e1ly (Bp., 1922). <br \/><strong>Irod.:<\/strong> Filep; Id\u0151t\u00e1r 2; Id\u0151t\u00e1r 3; Nagy Lajos: Nagyernye&#8230;= Eml\u00e9kk. Szab\u00f3 Mikl\u00f3s; Nagyernye; Nemes Gyula: Dr. Sz. J. politikai munk\u00e1ss\u00e1ga = P\u00e1l-Antal \u2013 Simon 2011; \u00d6kr\u00f6s; P\u00e1lmay; Popt\u0103ma\u015f\u2013M\u00f3zes; Szinnyei.<\/br><\/p>\n","protected":false},"excerpt":{"rendered":"<p>Nagyernye, 1881. j\u00fal. 7., \u2020 Bp., 1948. szept. 15.: \u00fcgyv\u00e9d, f\u0151isp\u00e1n, lapszerkeszt\u0151, politikus. \u2013 Sz. J\u00f3zsef \u00e9s Bak\u00f3 \u00c1gnes fia. A sz\u00fclet\u00e9si adatainak feljegyz\u00e9s\u00e9n\u00e9l, a nagyernyei rom. kat. lelk\u00e9szi hivatalban maradt ki a t-bet\u0171 a nev\u00e9b\u0151l (Szentner). Feles\u00e9ge Kardos S\u00e1ra. \u2013 Mv.-en \u00e9retts\u00e9gizett. Kv.-on a FJTE \u2013n jogot v\u00e9gzett, jogi \u00e9s \u00e1llamtudom\u00e1nyi doktori diplom\u00e1t kapott, [&hellip;]<\/p>\n","protected":false},"featured_media":0,"comment_status":"open","ping_status":"closed","template":"","meta":[],"product_brand":[],"product_cat":[137],"product_tag":[],"class_list":{"0":"post-21959","1":"product","2":"type-product","3":"status-publish","5":"product_cat-maros-megyei-eletrajzi-lexikon","7":"first","8":"instock","9":"shipping-taxable","10":"product-type-simple"},"_links":{"self":[{"href":"https:\/\/uj.adatbank.ro\/lexikon\/wp-json\/wp\/v2\/product\/21959","targetHints":{"allow":["GET"]}}],"collection":[{"href":"https:\/\/uj.adatbank.ro\/lexikon\/wp-json\/wp\/v2\/product"}],"about":[{"href":"https:\/\/uj.adatbank.ro\/lexikon\/wp-json\/wp\/v2\/types\/product"}],"replies":[{"embeddable":true,"href":"https:\/\/uj.adatbank.ro\/lexikon\/wp-json\/wp\/v2\/comments?post=21959"}],"wp:attachment":[{"href":"https:\/\/uj.adatbank.ro\/lexikon\/wp-json\/wp\/v2\/media?parent=21959"}],"wp:term":[{"taxonomy":"product_brand","embeddable":true,"href":"https:\/\/uj.adatbank.ro\/lexikon\/wp-json\/wp\/v2\/product_brand?post=21959"},{"taxonomy":"product_cat","embeddable":true,"href":"https:\/\/uj.adatbank.ro\/lexikon\/wp-json\/wp\/v2\/product_cat?post=21959"},{"taxonomy":"product_tag","embeddable":true,"href":"https:\/\/uj.adatbank.ro\/lexikon\/wp-json\/wp\/v2\/product_tag?post=21959"}],"curies":[{"name":"wp","href":"https:\/\/api.w.org\/{rel}","templated":true}]}}

SZENNER József, nagyernyei

<p>Nagyernye, 1881. júl. 7., † Bp., 1948. szept. 15.: ügyvéd, főispán, lapszerkesztő, politikus. – Sz. József és Bakó Ágnes fia. A születési adatainak feljegyzésénél, a nagyernyei rom. kat. lelkészi hivatalban maradt ki a t-betű a nevéből (Szentner). Felesége Kardos Sára. – Mv.-en érettségizett. Kv.-on a FJTE –n jogot végzett, jogi és államtudományi doktori diplomát kapott, bírói és ügyvédi vizsgát tett, Közigazgatási pályára lépett: járásbíró, I. o. aljegyző (1908. jan. 1. – 1917. dec. 31-ig), Második vármegyei jegyző volt, akit Erősdy főispán felfüggesztett (1910), megtagadta hivatalának átadását. Maros-Torda vm. másodfőjegyzője (1918.). A mv.–i Székelység c. politikai napilap szerkesztője, főmunkatársa (1903–), felelős szer. (1904–). A Maros-Torda vármegyei hivatalos lap felelős szerkesztője megszakításokkal (1908–44). Részt vett az I. vh.-ban, hosszú ideig az orosz fronton harcolt mint főhadnagy, megsebesült, <strong>Kitüntetései:</strong> Signum Laudis, vitézségi és sebesülési érem, Károly – csapatkereszt és háborús emlékérem. Leszerelése után járási szolgabíró Maros-Torda megyében, Károlyi Mihály megyei főispánnak nevezte ki (1918 végén). Bekapcsolódott a Székely nemzeti Tanács munkálataiba, a Székely Hadosztály szervezésébe. Megyei kormánybiztos (1919), Ügyvéd Bp.-en (1920–), az Irredenta Szövetség főtitkára volt. Nemzetgyűlési képviselő a Független Kisgazda Párt (1945–), majd a M. Függetlenségi Párt színeiben (1947–). Több képviselőtársával együtt kizárták az ogy.-ből (1947. nov. 20.). Fiatalon elbeszéléseke írt t. – <strong>F. m.</strong>: Vadvirágok: Elbeszélések (Mv., 1902); Legújabb választási joszabály (Bp., 1922). <br /><strong>Irod.:</strong> Filep; Időtár 2; Időtár 3; Nagy Lajos: Nagyernye&#8230;= Emlékk. Szabó Miklós; Nagyernye; Nemes Gyula: Dr. Sz. J. politikai munkássága = Pál-Antal – Simon 2011; Ökrös; Pálmay; Poptămaş–Mózes; Szinnyei.</br></p>

<p>Nagyernye, 1881. júl. 7., † Bp., 1948. szept. 15.: ügyvéd, főispán, lapszerkesztő, politikus. – Sz. József és Bakó Ágnes fia. A születési adatainak feljegyzésénél, a nagyernyei rom. kat. lelkészi hivatalban maradt ki a t-betű a nevéből (Szentner). Felesége Kardos Sára. – Mv.-en érettségizett. Kv.-on a FJTE –n jogot végzett, jogi és államtudományi doktori diplomát kapott, [&hellip;]</p>
