{"id":21967,"date":"2025-07-22T19:44:09","date_gmt":"2025-07-22T17:44:09","guid":{"rendered":"https:\/\/uj.adatbank.ro\/lexikon\/termek\/szentannai-mozes\/"},"modified":"2025-07-22T19:44:09","modified_gmt":"2025-07-22T17:44:09","slug":"szentannai-mozes","status":"publish","type":"product","link":"https:\/\/uj.adatbank.ro\/lexikon\/termek\/szentannai-mozes\/","title":{"rendered":"SZENTANNAI M\u00f3zes"},"content":{"rendered":"<p>Sz\u00e9kelyszentmikl\u00f3s, 1929. j\u00fan. 13., \u2020?: tan\u00e1r, n\u00e9prajz \u00e9s nyelvj\u00e1r\u00e1skutat\u00f3. \u2013 Kv.-on v\u00e9gzett a BTE-en (1954). Segesv\u00e1ri iskol\u00e1kban biol\u00f3gia-k\u00e9mia tan\u00e1r (1954\u201389). Dolgozataival az EME (1993-as \u00e9s 95-\u00f6s) p\u00e1ly\u00e1zatain, valamint a bp.-i Orsz\u00e1gos N\u00e9prajzi \u00e9s Nyelvj\u00e1r\u00e1si Gy\u0171jt\u0151p\u00e1ly\u00e1zatokon (1996 \u00e9s 1998) d\u00edjat nyert. Segesv\u00e1ron 15 \u00e9vig ir\u00e1ny\u00edt\u00e1s\u00e1val a v\u00e1rosi m\u0171vel\u0151d\u00e9si otthon keret\u00e9ben m\u0171k\u00f6d\u0151 N\u00e9psz\u00ednh\u00e1z magyar tagozatak\u00e9nt tartott\u00e1k el\u0151ad\u00e1saikat, nemcsak a v\u00e1ros, hanem a k\u00f6rny\u00e9kbeli \u00e9s sz\u00e9kelyf\u00f6ldi falvak sz\u00ednpadain is. <br \/><strong>Irod.:<\/strong> RMIL Segesv\u00e1r; RMKK.<\/br><\/p>\n","protected":false},"excerpt":{"rendered":"<p>Sz\u00e9kelyszentmikl\u00f3s, 1929. j\u00fan. 13., \u2020?: tan\u00e1r, n\u00e9prajz \u00e9s nyelvj\u00e1r\u00e1skutat\u00f3. \u2013 Kv.-on v\u00e9gzett a BTE-en (1954). Segesv\u00e1ri iskol\u00e1kban biol\u00f3gia-k\u00e9mia tan\u00e1r (1954\u201389). Dolgozataival az EME (1993-as \u00e9s 95-\u00f6s) p\u00e1ly\u00e1zatain, valamint a bp.-i Orsz\u00e1gos N\u00e9prajzi \u00e9s Nyelvj\u00e1r\u00e1si Gy\u0171jt\u0151p\u00e1ly\u00e1zatokon (1996 \u00e9s 1998) d\u00edjat nyert. Segesv\u00e1ron 15 \u00e9vig ir\u00e1ny\u00edt\u00e1s\u00e1val a v\u00e1rosi m\u0171vel\u0151d\u00e9si otthon keret\u00e9ben m\u0171k\u00f6d\u0151 N\u00e9psz\u00ednh\u00e1z magyar tagozatak\u00e9nt tartott\u00e1k el\u0151ad\u00e1saikat, [&hellip;]<\/p>\n","protected":false},"featured_media":0,"comment_status":"open","ping_status":"closed","template":"","meta":[],"product_brand":[],"product_cat":[137],"product_tag":[],"class_list":{"0":"post-21967","1":"product","2":"type-product","3":"status-publish","5":"product_cat-maros-megyei-eletrajzi-lexikon","7":"first","8":"instock","9":"shipping-taxable","10":"product-type-simple"},"_links":{"self":[{"href":"https:\/\/uj.adatbank.ro\/lexikon\/wp-json\/wp\/v2\/product\/21967","targetHints":{"allow":["GET"]}}],"collection":[{"href":"https:\/\/uj.adatbank.ro\/lexikon\/wp-json\/wp\/v2\/product"}],"about":[{"href":"https:\/\/uj.adatbank.ro\/lexikon\/wp-json\/wp\/v2\/types\/product"}],"replies":[{"embeddable":true,"href":"https:\/\/uj.adatbank.ro\/lexikon\/wp-json\/wp\/v2\/comments?post=21967"}],"wp:attachment":[{"href":"https:\/\/uj.adatbank.ro\/lexikon\/wp-json\/wp\/v2\/media?parent=21967"}],"wp:term":[{"taxonomy":"product_brand","embeddable":true,"href":"https:\/\/uj.adatbank.ro\/lexikon\/wp-json\/wp\/v2\/product_brand?post=21967"},{"taxonomy":"product_cat","embeddable":true,"href":"https:\/\/uj.adatbank.ro\/lexikon\/wp-json\/wp\/v2\/product_cat?post=21967"},{"taxonomy":"product_tag","embeddable":true,"href":"https:\/\/uj.adatbank.ro\/lexikon\/wp-json\/wp\/v2\/product_tag?post=21967"}],"curies":[{"name":"wp","href":"https:\/\/api.w.org\/{rel}","templated":true}]}}

SZENTANNAI Mózes

<p>Székelyszentmiklós, 1929. jún. 13., †?: tanár, néprajz és nyelvjáráskutató. – Kv.-on végzett a BTE-en (1954). Segesvári iskolákban biológia-kémia tanár (1954–89). Dolgozataival az EME (1993-as és 95-ös) pályázatain, valamint a bp.-i Országos Néprajzi és Nyelvjárási Gyűjtőpályázatokon (1996 és 1998) díjat nyert. Segesváron 15 évig irányításával a városi művelődési otthon keretében működő Népszínház magyar tagozataként tartották előadásaikat, nemcsak a város, hanem a környékbeli és székelyföldi falvak színpadain is. <br /><strong>Irod.:</strong> RMIL Segesvár; RMKK.</br></p>

<p>Székelyszentmiklós, 1929. jún. 13., †?: tanár, néprajz és nyelvjáráskutató. – Kv.-on végzett a BTE-en (1954). Segesvári iskolákban biológia-kémia tanár (1954–89). Dolgozataival az EME (1993-as és 95-ös) pályázatain, valamint a bp.-i Országos Néprajzi és Nyelvjárási Gyűjtőpályázatokon (1996 és 1998) díjat nyert. Segesváron 15 évig irányításával a városi művelődési otthon keretében működő Népszínház magyar tagozataként tartották előadásaikat, [&hellip;]</p>
