{"id":21969,"date":"2025-07-22T19:44:16","date_gmt":"2025-07-22T17:44:16","guid":{"rendered":"https:\/\/uj.adatbank.ro\/lexikon\/termek\/szentbenedeki-janos-marton-es-peter\/"},"modified":"2025-07-22T19:44:16","modified_gmt":"2025-07-22T17:44:16","slug":"szentbenedeki-janos-marton-es-peter","status":"publish","type":"product","link":"https:\/\/uj.adatbank.ro\/lexikon\/termek\/szentbenedeki-janos-marton-es-peter\/","title":{"rendered":"SZENTBENEDEKI J\u00e1nos, M\u00e1rton \u00e9s P\u00e9ter"},"content":{"rendered":"<p>? \u2020?: nemes birtokosok. \u2013 A Szent Mikl\u00f3s templom L\u0151rinc nev\u0171 pl\u00e9b\u00e1nos\u00e1nak meggyilkol\u00e1s\u00e1\u00e9rt a templom \u00e9s a temet\u0151 megs\u00e9rt\u00e9se miatt \u00e1t kellett engedni\u00fck b\u00fcntet\u00e9sk\u00e9ppen marossz\u00e9ki birtokaikat (kissz\u0151l\u0151si, uralyi, petelei \u00e9s m\u00e9hesi) valamint szentbenedeki, vajai l\u0151f\u0151s\u00e9geiket \u00e9s szentmikl\u00f3si sz\u00e9kely \u00f6r\u00f6ks\u00e9geiket a gyulafeh\u00e9rv\u00e1ri p\u00fcsp\u00f6knek Ving\u00e1rti Ger\u00e9b L\u00e1szl\u00f3nak (1497). <br \/><strong>Irod.:<\/strong> Id\u0151t\u00e1r 1.<\/br><\/p>\n","protected":false},"excerpt":{"rendered":"<p>? \u2020?: nemes birtokosok. \u2013 A Szent Mikl\u00f3s templom L\u0151rinc nev\u0171 pl\u00e9b\u00e1nos\u00e1nak meggyilkol\u00e1s\u00e1\u00e9rt a templom \u00e9s a temet\u0151 megs\u00e9rt\u00e9se miatt \u00e1t kellett engedni\u00fck b\u00fcntet\u00e9sk\u00e9ppen marossz\u00e9ki birtokaikat (kissz\u0151l\u0151si, uralyi, petelei \u00e9s m\u00e9hesi) valamint szentbenedeki, vajai l\u0151f\u0151s\u00e9geiket \u00e9s szentmikl\u00f3si sz\u00e9kely \u00f6r\u00f6ks\u00e9geiket a gyulafeh\u00e9rv\u00e1ri p\u00fcsp\u00f6knek Ving\u00e1rti Ger\u00e9b L\u00e1szl\u00f3nak (1497). Irod.: Id\u0151t\u00e1r 1.<\/p>\n","protected":false},"featured_media":0,"comment_status":"open","ping_status":"closed","template":"","meta":[],"product_brand":[],"product_cat":[137],"product_tag":[],"class_list":{"0":"post-21969","1":"product","2":"type-product","3":"status-publish","5":"product_cat-maros-megyei-eletrajzi-lexikon","7":"first","8":"instock","9":"shipping-taxable","10":"product-type-simple"},"_links":{"self":[{"href":"https:\/\/uj.adatbank.ro\/lexikon\/wp-json\/wp\/v2\/product\/21969","targetHints":{"allow":["GET"]}}],"collection":[{"href":"https:\/\/uj.adatbank.ro\/lexikon\/wp-json\/wp\/v2\/product"}],"about":[{"href":"https:\/\/uj.adatbank.ro\/lexikon\/wp-json\/wp\/v2\/types\/product"}],"replies":[{"embeddable":true,"href":"https:\/\/uj.adatbank.ro\/lexikon\/wp-json\/wp\/v2\/comments?post=21969"}],"wp:attachment":[{"href":"https:\/\/uj.adatbank.ro\/lexikon\/wp-json\/wp\/v2\/media?parent=21969"}],"wp:term":[{"taxonomy":"product_brand","embeddable":true,"href":"https:\/\/uj.adatbank.ro\/lexikon\/wp-json\/wp\/v2\/product_brand?post=21969"},{"taxonomy":"product_cat","embeddable":true,"href":"https:\/\/uj.adatbank.ro\/lexikon\/wp-json\/wp\/v2\/product_cat?post=21969"},{"taxonomy":"product_tag","embeddable":true,"href":"https:\/\/uj.adatbank.ro\/lexikon\/wp-json\/wp\/v2\/product_tag?post=21969"}],"curies":[{"name":"wp","href":"https:\/\/api.w.org\/{rel}","templated":true}]}}

SZENTBENEDEKI János, Márton és Péter

<p>? †?: nemes birtokosok. – A Szent Miklós templom Lőrinc nevű plébánosának meggyilkolásáért a templom és a temető megsértése miatt át kellett engedniük büntetésképpen marosszéki birtokaikat (kisszőlősi, uralyi, petelei és méhesi) valamint szentbenedeki, vajai lőfőségeiket és szentmiklósi székely örökségeiket a gyulafehérvári püspöknek Vingárti Geréb Lászlónak (1497). <br /><strong>Irod.:</strong> Időtár 1.</br></p>

<p>? †?: nemes birtokosok. – A Szent Miklós templom Lőrinc nevű plébánosának meggyilkolásáért a templom és a temető megsértése miatt át kellett engedniük büntetésképpen marosszéki birtokaikat (kisszőlősi, uralyi, petelei és méhesi) valamint szentbenedeki, vajai lőfőségeiket és szentmiklósi székely örökségeiket a gyulafehérvári püspöknek Vingárti Geréb Lászlónak (1497). Irod.: Időtár 1.</p>
