{"id":21974,"date":"2025-07-22T19:44:26","date_gmt":"2025-07-22T17:44:26","guid":{"rendered":"https:\/\/uj.adatbank.ro\/lexikon\/termek\/szente-lajos\/"},"modified":"2025-07-22T19:44:26","modified_gmt":"2025-07-22T17:44:26","slug":"szente-lajos","status":"publish","type":"product","link":"https:\/\/uj.adatbank.ro\/lexikon\/termek\/szente-lajos\/","title":{"rendered":"SZENTE Lajos"},"content":{"rendered":"<p>Sz\u00e9kelyszentistv\u00e1n, 1893.,\u00a0\u2020?: ig.-tan\u00edt\u00f3. \u2013 Tanulm\u00e1nyait Mv.-en \u00e9s Sz\u00e9kelykereszt\u00faron v\u00e9gezte, majd Hagym\u00e1sbodonban mint ref. k\u00e1ntortan\u00edt\u00f3 kezdte p\u00e1lyafut\u00e1s\u00e1t (1913). Az els\u0151 vh.-ban a 22. gy. e.-ben az orosz fronton harcolt, megsebes\u00fclt, majd orosz fogs\u00e1gba ker\u00fclt \u00e9s mint z\u00e1szl\u00f3s szerelt le (1920), az I. o. ez\u00fcst, vit. \u00e9rem kit\u00fcntet\u00e9ssel. Magyar\u00f3n tan\u00edtott (1922\u2013). A katonai parancsnoks\u00e1g tan\u00fcgyi el\u0151ad\u00f3ja volt, majd ig. tan\u00edt\u00f3nak nevezt\u00e9k ki. A MP \u00e9s a Hitelsz\u00f6vetkezet eln\u00f6ke, kezdem\u00e9nyez\u00e9s\u00e9re \u00e9p\u00edtett\u00e9k a magyar\u00f3i kult\u00farh\u00e1zat, a Gazdak\u00f6r eln\u00f6ke volt. G\u00f6rg\u00e9nyszentimr\u00e9n is tan\u00edtott. <br \/><strong>Irod.:<\/strong> Sz\u00e9kelyf\u00f6ld \u00ed. k.<\/br><\/p>\n","protected":false},"excerpt":{"rendered":"<p>Sz\u00e9kelyszentistv\u00e1n, 1893.,\u00a0\u2020?: ig.-tan\u00edt\u00f3. \u2013 Tanulm\u00e1nyait Mv.-en \u00e9s Sz\u00e9kelykereszt\u00faron v\u00e9gezte, majd Hagym\u00e1sbodonban mint ref. k\u00e1ntortan\u00edt\u00f3 kezdte p\u00e1lyafut\u00e1s\u00e1t (1913). Az els\u0151 vh.-ban a 22. gy. e.-ben az orosz fronton harcolt, megsebes\u00fclt, majd orosz fogs\u00e1gba ker\u00fclt \u00e9s mint z\u00e1szl\u00f3s szerelt le (1920), az I. o. ez\u00fcst, vit. \u00e9rem kit\u00fcntet\u00e9ssel. Magyar\u00f3n tan\u00edtott (1922\u2013). A katonai parancsnoks\u00e1g tan\u00fcgyi el\u0151ad\u00f3ja volt, [&hellip;]<\/p>\n","protected":false},"featured_media":0,"comment_status":"open","ping_status":"closed","template":"","meta":[],"product_brand":[],"product_cat":[137],"product_tag":[],"class_list":{"0":"post-21974","1":"product","2":"type-product","3":"status-publish","5":"product_cat-maros-megyei-eletrajzi-lexikon","7":"first","8":"instock","9":"shipping-taxable","10":"product-type-simple"},"_links":{"self":[{"href":"https:\/\/uj.adatbank.ro\/lexikon\/wp-json\/wp\/v2\/product\/21974","targetHints":{"allow":["GET"]}}],"collection":[{"href":"https:\/\/uj.adatbank.ro\/lexikon\/wp-json\/wp\/v2\/product"}],"about":[{"href":"https:\/\/uj.adatbank.ro\/lexikon\/wp-json\/wp\/v2\/types\/product"}],"replies":[{"embeddable":true,"href":"https:\/\/uj.adatbank.ro\/lexikon\/wp-json\/wp\/v2\/comments?post=21974"}],"wp:attachment":[{"href":"https:\/\/uj.adatbank.ro\/lexikon\/wp-json\/wp\/v2\/media?parent=21974"}],"wp:term":[{"taxonomy":"product_brand","embeddable":true,"href":"https:\/\/uj.adatbank.ro\/lexikon\/wp-json\/wp\/v2\/product_brand?post=21974"},{"taxonomy":"product_cat","embeddable":true,"href":"https:\/\/uj.adatbank.ro\/lexikon\/wp-json\/wp\/v2\/product_cat?post=21974"},{"taxonomy":"product_tag","embeddable":true,"href":"https:\/\/uj.adatbank.ro\/lexikon\/wp-json\/wp\/v2\/product_tag?post=21974"}],"curies":[{"name":"wp","href":"https:\/\/api.w.org\/{rel}","templated":true}]}}

<p>Székelyszentistván, 1893., †?: ig.-tanító. – Tanulmányait Mv.-en és Székelykeresztúron végezte, majd Hagymásbodonban mint ref. kántortanító kezdte pályafutását (1913). Az első vh.-ban a 22. gy. e.-ben az orosz fronton harcolt, megsebesült, majd orosz fogságba került és mint zászlós szerelt le (1920), az I. o. ezüst, vit. érem kitüntetéssel. Magyarón tanított (1922–). A katonai parancsnokság tanügyi előadója volt, majd ig. tanítónak nevezték ki. A MP és a Hitelszövetkezet elnöke, kezdeményezésére építették a magyarói kultúrházat, a Gazdakör elnöke volt. Görgényszentimrén is tanított. <br /><strong>Irod.:</strong> Székelyföld í. k.</br></p>

<p>Székelyszentistván, 1893., †?: ig.-tanító. – Tanulmányait Mv.-en és Székelykeresztúron végezte, majd Hagymásbodonban mint ref. kántortanító kezdte pályafutását (1913). Az első vh.-ban a 22. gy. e.-ben az orosz fronton harcolt, megsebesült, majd orosz fogságba került és mint zászlós szerelt le (1920), az I. o. ezüst, vit. érem kitüntetéssel. Magyarón tanított (1922–). A katonai parancsnokság tanügyi előadója volt, [&hellip;]</p>
