{"id":21975,"date":"2025-07-22T19:44:27","date_gmt":"2025-07-22T17:44:27","guid":{"rendered":"https:\/\/uj.adatbank.ro\/lexikon\/termek\/szente-lianopolos-laszlo-bela-szente-laszlo-bela\/"},"modified":"2025-07-22T19:44:27","modified_gmt":"2025-07-22T17:44:27","slug":"szente-lianopolos-laszlo-bela-szente-laszlo-bela","status":"publish","type":"product","link":"https:\/\/uj.adatbank.ro\/lexikon\/termek\/szente-lianopolos-laszlo-bela-szente-laszlo-bela\/","title":{"rendered":"SZENTE LI\u00c1NOPOLOS L\u00e1szl\u00f3 B\u00e9la, Szente L\u00e1szl\u00f3 B\u00e9la"},"content":{"rendered":"<p>Mv., 1952., \u2020 Boto\u015fani, 2009. \u00e1pr.17., eltemetve Mv. \u2013 Orvosi Egyetemi tanulm\u00e1nyait a MOGYI orvosi kar\u00e1n v\u00e9gezte (1977). Moldv\u00e1ban k\u00f6rorvos, n\u0151gy\u00f3gy\u00e1szatra vizsg\u00e1zott (1984). Mv.-en alorvos, Boto\u0219ani-ban szakorvos, f\u0151orvos a sz\u00fcl\u00e9szet vezet\u0151je hal\u00e1l\u00e1ig (1988\u20132009). <br \/><strong>Irod.:<\/strong> Kiss\u2013P\u00e9terffy\u2013P\u00e9terffy.<\/br><\/p>\n","protected":false},"excerpt":{"rendered":"<p>Mv., 1952., \u2020 Boto\u015fani, 2009. \u00e1pr.17., eltemetve Mv. \u2013 Orvosi Egyetemi tanulm\u00e1nyait a MOGYI orvosi kar\u00e1n v\u00e9gezte (1977). Moldv\u00e1ban k\u00f6rorvos, n\u0151gy\u00f3gy\u00e1szatra vizsg\u00e1zott (1984). Mv.-en alorvos, Boto\u0219ani-ban szakorvos, f\u0151orvos a sz\u00fcl\u00e9szet vezet\u0151je hal\u00e1l\u00e1ig (1988\u20132009). Irod.: Kiss\u2013P\u00e9terffy\u2013P\u00e9terffy.<\/p>\n","protected":false},"featured_media":0,"comment_status":"open","ping_status":"closed","template":"","meta":[],"product_brand":[],"product_cat":[137],"product_tag":[],"class_list":{"0":"post-21975","1":"product","2":"type-product","3":"status-publish","5":"product_cat-maros-megyei-eletrajzi-lexikon","7":"first","8":"instock","9":"shipping-taxable","10":"product-type-simple"},"_links":{"self":[{"href":"https:\/\/uj.adatbank.ro\/lexikon\/wp-json\/wp\/v2\/product\/21975","targetHints":{"allow":["GET"]}}],"collection":[{"href":"https:\/\/uj.adatbank.ro\/lexikon\/wp-json\/wp\/v2\/product"}],"about":[{"href":"https:\/\/uj.adatbank.ro\/lexikon\/wp-json\/wp\/v2\/types\/product"}],"replies":[{"embeddable":true,"href":"https:\/\/uj.adatbank.ro\/lexikon\/wp-json\/wp\/v2\/comments?post=21975"}],"wp:attachment":[{"href":"https:\/\/uj.adatbank.ro\/lexikon\/wp-json\/wp\/v2\/media?parent=21975"}],"wp:term":[{"taxonomy":"product_brand","embeddable":true,"href":"https:\/\/uj.adatbank.ro\/lexikon\/wp-json\/wp\/v2\/product_brand?post=21975"},{"taxonomy":"product_cat","embeddable":true,"href":"https:\/\/uj.adatbank.ro\/lexikon\/wp-json\/wp\/v2\/product_cat?post=21975"},{"taxonomy":"product_tag","embeddable":true,"href":"https:\/\/uj.adatbank.ro\/lexikon\/wp-json\/wp\/v2\/product_tag?post=21975"}],"curies":[{"name":"wp","href":"https:\/\/api.w.org\/{rel}","templated":true}]}}