{"id":21976,"date":"2025-07-22T19:44:29","date_gmt":"2025-07-22T17:44:29","guid":{"rendered":"https:\/\/uj.adatbank.ro\/lexikon\/termek\/szente-marton\/"},"modified":"2025-07-22T19:44:29","modified_gmt":"2025-07-22T17:44:29","slug":"szente-marton","status":"publish","type":"product","link":"https:\/\/uj.adatbank.ro\/lexikon\/termek\/szente-marton\/","title":{"rendered":"SZENTE M\u00e1rton"},"content":{"rendered":"<p>? \u2020\u00a0Cs\u00edkfalva?: ref. lelk\u00e9sz. \u2013 Cs\u00edkfalv\u00e1n (1840\u201343), Sz\u00e9kelycs\u00f3k\u00e1ban szolg\u00e1lt (1845\u201347). <br \/><strong>Irod.:<\/strong> Cs\u00edkfalva; Sz\u00e9kelycs\u00f3ka.<\/br><\/p>\n","protected":false},"excerpt":{"rendered":"<p>? \u2020\u00a0Cs\u00edkfalva?: ref. lelk\u00e9sz. \u2013 Cs\u00edkfalv\u00e1n (1840\u201343), Sz\u00e9kelycs\u00f3k\u00e1ban szolg\u00e1lt (1845\u201347). Irod.: Cs\u00edkfalva; Sz\u00e9kelycs\u00f3ka.<\/p>\n","protected":false},"featured_media":0,"comment_status":"open","ping_status":"closed","template":"","meta":[],"product_brand":[],"product_cat":[137],"product_tag":[],"class_list":{"0":"post-21976","1":"product","2":"type-product","3":"status-publish","5":"product_cat-maros-megyei-eletrajzi-lexikon","7":"first","8":"instock","9":"shipping-taxable","10":"product-type-simple"},"_links":{"self":[{"href":"https:\/\/uj.adatbank.ro\/lexikon\/wp-json\/wp\/v2\/product\/21976","targetHints":{"allow":["GET"]}}],"collection":[{"href":"https:\/\/uj.adatbank.ro\/lexikon\/wp-json\/wp\/v2\/product"}],"about":[{"href":"https:\/\/uj.adatbank.ro\/lexikon\/wp-json\/wp\/v2\/types\/product"}],"replies":[{"embeddable":true,"href":"https:\/\/uj.adatbank.ro\/lexikon\/wp-json\/wp\/v2\/comments?post=21976"}],"wp:attachment":[{"href":"https:\/\/uj.adatbank.ro\/lexikon\/wp-json\/wp\/v2\/media?parent=21976"}],"wp:term":[{"taxonomy":"product_brand","embeddable":true,"href":"https:\/\/uj.adatbank.ro\/lexikon\/wp-json\/wp\/v2\/product_brand?post=21976"},{"taxonomy":"product_cat","embeddable":true,"href":"https:\/\/uj.adatbank.ro\/lexikon\/wp-json\/wp\/v2\/product_cat?post=21976"},{"taxonomy":"product_tag","embeddable":true,"href":"https:\/\/uj.adatbank.ro\/lexikon\/wp-json\/wp\/v2\/product_tag?post=21976"}],"curies":[{"name":"wp","href":"https:\/\/api.w.org\/{rel}","templated":true}]}}