{"id":21984,"date":"2025-07-22T19:44:48","date_gmt":"2025-07-22T17:44:48","guid":{"rendered":"https:\/\/uj.adatbank.ro\/lexikon\/termek\/szentgyorgyi-beke-gyorgy\/"},"modified":"2025-07-22T19:44:48","modified_gmt":"2025-07-22T17:44:48","slug":"szentgyorgyi-beke-gyorgy","status":"publish","type":"product","link":"https:\/\/uj.adatbank.ro\/lexikon\/termek\/szentgyorgyi-beke-gyorgy\/","title":{"rendered":"SZENTGY\u00d6RGYI BEKE Gy\u00f6rgy"},"content":{"rendered":"<p>1640., \u2020\u00a0Mv., 1691 v. 1692: ref. lelk\u00e9sz, tan\u00e1r. \u2013 Tanult Kv.-on, ahol k\u00f6ztan\u00edt\u00f3 is volt (1659). A Leideni egyetemen tanult (1666\u2013) \u00e9s ott teol. doktor\u00e1tust szerzett (1669. j\u00fan. 18). A mv.-i Ref. Koll. professzora, rektora (1670\u201371); lelk\u00e9sz Mv.-en a V\u00e1rtemplomban (1668\u201372). K\u00e1poszt\u00e1sszentmikl\u00f3sra t\u00e1vozott papnak (1672\u2013), visszat\u00e9rt Mv.-re az egyik papi \u00e1ll\u00e1sba (1679\u2013). Respondens volt a \u201eDe principiis\u201d (1667.) vit\u00e1k egyik\u00e9n (1667). \u2013 <strong>F. m.<\/strong>: De necessitate satisfactionis Christi. (Leiden, 1668.); De thesibus ex universa pene theologia depromptis. (Leiden, 1669.). <br \/><strong>Irod.:<\/strong> Er\u0151s v\u00e1runk; Id\u0151t\u00e1r 1; Koncz; Kozma; K\u00fck\u00fcll\u0151i Ref. Egyh\u00e1zm.1.; Marossz\u00e9ki kr\u00f3nik\u00e1k 1.; A mv.-i ref. egyh\u00e1z (1727\u2013) anyak\u00f6nyve [k\u00e9zirat]; P\u00e1l-Antal 2009; SzOkl, 3; A ref. V\u00e1rtemplom lelk\u00e9szei (dr. Pusk\u00e1s Katalin k\u00e9zirata); V\u00e1rtemplomi lelk\u00e9szek n\u00e9vsora, 1571\u20132000 (\u00daj Kezdet, 2. sz., 2000); Zov\u00e1nyi.<\/br><\/p>\n","protected":false},"excerpt":{"rendered":"<p>1640., \u2020\u00a0Mv., 1691 v. 1692: ref. lelk\u00e9sz, tan\u00e1r. \u2013 Tanult Kv.-on, ahol k\u00f6ztan\u00edt\u00f3 is volt (1659). A Leideni egyetemen tanult (1666\u2013) \u00e9s ott teol. doktor\u00e1tust szerzett (1669. j\u00fan. 18). A mv.-i Ref. Koll. professzora, rektora (1670\u201371); lelk\u00e9sz Mv.-en a V\u00e1rtemplomban (1668\u201372). K\u00e1poszt\u00e1sszentmikl\u00f3sra t\u00e1vozott papnak (1672\u2013), visszat\u00e9rt Mv.-re az egyik papi \u00e1ll\u00e1sba (1679\u2013). Respondens volt a [&hellip;]<\/p>\n","protected":false},"featured_media":0,"comment_status":"open","ping_status":"closed","template":"","meta":[],"product_brand":[],"product_cat":[137],"product_tag":[],"class_list":{"0":"post-21984","1":"product","2":"type-product","3":"status-publish","5":"product_cat-maros-megyei-eletrajzi-lexikon","7":"first","8":"instock","9":"shipping-taxable","10":"product-type-simple"},"_links":{"self":[{"href":"https:\/\/uj.adatbank.ro\/lexikon\/wp-json\/wp\/v2\/product\/21984","targetHints":{"allow":["GET"]}}],"collection":[{"href":"https:\/\/uj.adatbank.ro\/lexikon\/wp-json\/wp\/v2\/product"}],"about":[{"href":"https:\/\/uj.adatbank.ro\/lexikon\/wp-json\/wp\/v2\/types\/product"}],"replies":[{"embeddable":true,"href":"https:\/\/uj.adatbank.ro\/lexikon\/wp-json\/wp\/v2\/comments?post=21984"}],"wp:attachment":[{"href":"https:\/\/uj.adatbank.ro\/lexikon\/wp-json\/wp\/v2\/media?parent=21984"}],"wp:term":[{"taxonomy":"product_brand","embeddable":true,"href":"https:\/\/uj.adatbank.ro\/lexikon\/wp-json\/wp\/v2\/product_brand?post=21984"},{"taxonomy":"product_cat","embeddable":true,"href":"https:\/\/uj.adatbank.ro\/lexikon\/wp-json\/wp\/v2\/product_cat?post=21984"},{"taxonomy":"product_tag","embeddable":true,"href":"https:\/\/uj.adatbank.ro\/lexikon\/wp-json\/wp\/v2\/product_tag?post=21984"}],"curies":[{"name":"wp","href":"https:\/\/api.w.org\/{rel}","templated":true}]}}