{"id":21985,"date":"2025-07-22T19:44:49","date_gmt":"2025-07-22T17:44:49","guid":{"rendered":"https:\/\/uj.adatbank.ro\/lexikon\/termek\/szentgyorgyi-benjamin\/"},"modified":"2025-07-22T19:44:49","modified_gmt":"2025-07-22T17:44:49","slug":"szentgyorgyi-benjamin","status":"publish","type":"product","link":"https:\/\/uj.adatbank.ro\/lexikon\/termek\/szentgyorgyi-benjamin\/","title":{"rendered":"SZENTGY\u00d6RGYI Benj\u00e1min"},"content":{"rendered":"<p>? \u2020?: tan\u00edt\u00f3, ref. lelk\u00e9sz. \u2013 Nagyenyeden subscrib\u00e1lt (1721). Erd\u0151szentgy\u00f6rgy\u00f6n (1725\u201328), Ny\u00e1r\u00e1dszentann\u00e1n (1728\u20131730, 1734) \u00e9s Harasztker\u00e9ken (1731\u201334) volt mester. Marosj\u00e1r\u00e1ban (1735\u20131740), S\u00e1romberk\u00e9n (1741\u20131748) \u00e9s L\u00fadv\u00e9gen (1751\u20131766) volt lelk\u00e9sz. <br \/><strong>Irod.:<\/strong> Imreh Barna; \u0150sz.<\/br><\/p>\n","protected":false},"excerpt":{"rendered":"<p>? \u2020?: tan\u00edt\u00f3, ref. lelk\u00e9sz. \u2013 Nagyenyeden subscrib\u00e1lt (1721). Erd\u0151szentgy\u00f6rgy\u00f6n (1725\u201328), Ny\u00e1r\u00e1dszentann\u00e1n (1728\u20131730, 1734) \u00e9s Harasztker\u00e9ken (1731\u201334) volt mester. Marosj\u00e1r\u00e1ban (1735\u20131740), S\u00e1romberk\u00e9n (1741\u20131748) \u00e9s L\u00fadv\u00e9gen (1751\u20131766) volt lelk\u00e9sz. Irod.: Imreh Barna; \u0150sz.<\/p>\n","protected":false},"featured_media":0,"comment_status":"open","ping_status":"closed","template":"","meta":[],"product_brand":[],"product_cat":[137],"product_tag":[],"class_list":{"0":"post-21985","1":"product","2":"type-product","3":"status-publish","5":"product_cat-maros-megyei-eletrajzi-lexikon","7":"first","8":"instock","9":"shipping-taxable","10":"product-type-simple"},"_links":{"self":[{"href":"https:\/\/uj.adatbank.ro\/lexikon\/wp-json\/wp\/v2\/product\/21985","targetHints":{"allow":["GET"]}}],"collection":[{"href":"https:\/\/uj.adatbank.ro\/lexikon\/wp-json\/wp\/v2\/product"}],"about":[{"href":"https:\/\/uj.adatbank.ro\/lexikon\/wp-json\/wp\/v2\/types\/product"}],"replies":[{"embeddable":true,"href":"https:\/\/uj.adatbank.ro\/lexikon\/wp-json\/wp\/v2\/comments?post=21985"}],"wp:attachment":[{"href":"https:\/\/uj.adatbank.ro\/lexikon\/wp-json\/wp\/v2\/media?parent=21985"}],"wp:term":[{"taxonomy":"product_brand","embeddable":true,"href":"https:\/\/uj.adatbank.ro\/lexikon\/wp-json\/wp\/v2\/product_brand?post=21985"},{"taxonomy":"product_cat","embeddable":true,"href":"https:\/\/uj.adatbank.ro\/lexikon\/wp-json\/wp\/v2\/product_cat?post=21985"},{"taxonomy":"product_tag","embeddable":true,"href":"https:\/\/uj.adatbank.ro\/lexikon\/wp-json\/wp\/v2\/product_tag?post=21985"}],"curies":[{"name":"wp","href":"https:\/\/api.w.org\/{rel}","templated":true}]}}