{"id":21987,"date":"2025-07-22T19:44:55","date_gmt":"2025-07-22T17:44:55","guid":{"rendered":"https:\/\/uj.adatbank.ro\/lexikon\/termek\/szentgyorgyi-denes-%c2%a7\/"},"modified":"2025-07-22T19:44:55","modified_gmt":"2025-07-22T17:44:55","slug":"szentgyorgyi-denes-%c2%a7","status":"publish","type":"product","link":"https:\/\/uj.adatbank.ro\/lexikon\/termek\/szentgyorgyi-denes-%c2%a7\/","title":{"rendered":"SZENTGY\u00d6RGYI D\u00e9nes, \u00a7"},"content":{"rendered":"<p>1867., \u2020\u00a0Mv, 1920. j\u00fan. 29.: igazgat\u00f3-tan\u00edt\u00f3, k\u00f6z\u00edr\u00f3, v\u00e1rospolitikus. \u2013 Csal\u00e1dja Sz\u00e9kelykereszt\u00far k\u00f6rny\u00e9k\u00e9r\u0151l j\u00f6tt ide, apja Sz. Istv\u00e1n, a Szentgy\u00f6rgy utcai ref. le\u00e1nyiskola igazgat\u00f3ja, szoros rokoni kapcsolatot tartott Sz Istv\u00e1nnal a neves sz\u00edn\u00e9sszel. Tan\u00edt\u00f3 volt mindh\u00e1rom n\u0151v\u00e9re is. Tan\u00edtott apj\u00e1n\u00e1l, majd a volt S\u00e1ndor J\u00e1nos ma D\u00f3zsa Gy\u00f6rgy utcai elemi iskola igazgat\u00f3ja \u00e9s v\u00e9g\u00fcl tanfel\u00fcgyel\u0151 lett (1912 \u201319), amikor megtagadta az esk\u00fc let\u00e9tel\u00e9t az \u00faj hatalomnak. Az iskola \u00e1tad\u00e1s\u00e1t is megtagadta \u00e9s csak az er\u0151szaknak engedelmeskedve mondott le az int\u00e9zm\u00e9nyr\u0151l (1919). A tud\u00f3s Sz D\u00e9nes v\u00e1rosunk k\u00f6z- \u00e9s szellemi \u00e9let\u00e9nek f\u00e1radhatatlan harcosa volt hal\u00e1l\u00e1ig az els\u0151 vh. v\u00e9g\u00e9ig. Bern\u00e1dy lelkes h\u00edve v\u00e1rosunk fejleszt\u00e9s\u00e9ben, a ref. egyh\u00e1z gondnoka, az \u00d6nk\u00e9ntes T\u0171zolt\u00f3 Egyes\u00fclet parancsnoka volt. A Kossuth-szobor Bizotts\u00e1g titk\u00e1ra \u0151 \u00e9s L\u00e1szl\u00f3 Gyula. (1894\u2013), leleplezt\u00e9k (1899. j\u00fan. 11.). Toll\u00e1val szolg\u00e1lta n\u00e9p\u00fcnk m\u0171velts\u00e9g\u00e9t \u00e9s anyagi fejleszt\u00e9s\u00e9t. Foly\u00f3iratot szerkesztett: Az Ifj\u00fa Iparos c. (1911\u20131912), a fiatalok nevel\u00e9s\u00e9re; felel\u0151s szerkeszt\u0151je \u00e9s kiad\u00f3ja volt a Sz\u00e9kely Vil\u00e1gnak (1905\u20131908). a Sz\u00e9kely T\u00e1rsas\u00e1gok Sz\u00f6vets\u00e9ge hivatalos lapj\u00e1nak. Szerkesztette \u00e9s kiadta (1912) a Mv.-i Lexikont \u00f6sszefoglalva benne a v\u00e1ros m\u00faltj\u00e1t, ismertette nevezetess\u00e9geit; valamint az Iskolai \u00fcnnepeink c. tan\u00fcgyi foly\u00f3iratot (1909\u20131918). A mv.-i Sz\u00e9kely T\u00e1rsas\u00e1g alap\u00edt\u00f3tagja, titk\u00e1ra (1901. \u00e1pr. 9.), a M. Gazdas\u00e1gi Egyes\u00fclet titk\u00e1ra; A Mo.-i Munk\u00e1sok Rokkant \u00e9s Nyugd\u00edjegylete mv.-i fi\u00f3kj\u00e1nak alap\u00edt\u00f3 tagja, eln\u00f6ke. Az \u00d6nk\u00e9ntes T\u0171zolt\u00f3-Egyes\u00fclet parancsnoka (1913), 25 \u00e9ves szolg\u00e1lat\u00e1\u00e9rt a kir\u00e1ly d\u00edsz\u00e9rm\u00e9t adta \u00e1t Bern\u00e1dy Gy\u00f6rgy f\u0151isp\u00e1n. Az I. vh. idej\u00e9n j\u00f3t\u00e9konys\u00e1gi c\u00e9l\u00fa el\u0151ad\u00e1sokon adt\u00e1k el\u0151 az Itthonmaradottak c. sz\u00ednj\u00e1t\u00e9k\u00e1t. \u2013 <strong>F. m.<\/strong>: A marosv\u00e1s\u00e1rhelyi Szeg\u00e9ny Tanul\u00f3kat Seg\u00e9lyez\u0151 Egyes\u00fclet \u00c9vk\u00f6nyve 1887\u20131892. (Mv., 1893.); <strong>t\u00e1rssz.:<\/strong> \u00c9vk\u00f6nyv a marosv\u00e1s\u00e1rhelyi Sz\u00e9kely-T\u00e1rsas\u00e1g sz\u00e1zadik \u00f6sszej\u00f6vetele alkalm\u00e1b\u00f3l. (M\u00e1th\u00e9 J\u00f3zseffel. Mv., 1904, Gazdag sz\u00e9kely-irodalmi k\u00f6nyv\u00e9szettel \u00e9s repert\u00f3riummal); T\u00e1rsas kir\u00e1ndul\u00e1sok a Sz\u00e9kelyf\u00f6ldre (Mv., 1905); Maros-V\u00e1s\u00e1rhelyi lexikon (Mv., 1912); <strong>szerk.:<\/strong> \u00c9vk\u00f6nyv a Mv.-i Sz\u00e9kely T\u00e1rsas\u00e1g 100. \u00f6sszej\u00f6vetele alkalm\u00e1b\u00f3l. Szerk M\u00e1th\u00e9 J\u00f3zseffel (Mv., 1904); \u00c9vk\u00f6nyv a Marosv\u00e1s\u00e1rhelyi Sz\u00e9kely-T\u00e1rsas\u00e1g 1909. okt\u00f3ber 30-\u00e1n tartott jubil\u00e1ris (10 \u00e9ves) \u00f6sszej\u00f6vetele alkalm\u00e1b\u00f3l (Mv., 1910); Erzs\u00e9bet: Eml\u00e9kf\u00fczet az ifj\u00fas\u00e1g sz\u00e1m\u00e1ra (Mv., \u00e9 \u2013 n., 1912); Marosv\u00e1s\u00e1rhelyi lexikon (Mv., 1912); Maros-V\u00e1s\u00e1rhely \u00e9s a h\u00e1bor\u00fa, 1914\u20131915 \/ szerk. Oroszl\u00e1ny G\u00e1bor, [a 2. k\u00f6t. Szerk: Sz. D.] (Mv., 1915). <br \/><strong>Irod.:<\/strong> Balaton Petra: A sz\u00e9kely t\u00e1rsadalom \u00f6nszervez\u0151d\u00e9se: A Sz\u00e9kely T\u00e1rsas\u00e1gok (I.-II.): T\u00f6rekv\u00e9sek Sz\u00e9kelyf\u00f6ld felz\u00e1rk\u00f3ztat\u00e1s\u00e1ra a 20. sz\u00e1zad elej\u00e9n (Korunk, 1. sz., 2010. jan.; 2. sz., 2010. febr.); F\u00fcl\u00f6p\u2013Ferencz; Hipper S\u00e1ndor: A Mo.-i Munk\u00e1sok Rokkant- \u00e9s Nyugd\u00edjegylet\u00e9nek huszon\u00f6t\u00e9ves t\u00f6rt\u00e9nete (Bp., 1918); Id\u0151t\u00e1r 2; Id\u0151t\u00e1r 3; Mv. \u00e9s a h\u00e1bor\u00fa 1.; \u00d6kr\u00f6s; Roncsik Jen\u0151: A M. Orsz\u00e1gos T\u0171zolt\u00f3 Sz\u00f6vets\u00e9g hatvan\u00e9ves t\u00f6rt\u00e9nete (Debrecen, 1935); Rugonfalvi Kiss; Sipos; Szentgy\u00f6rgyi; Szinnyei; Tall\u00f3z\u00e1s a t\u0171zolt\u00f3s\u00e1g m\u00faltj\u00e1b\u00f3l (N\u00fa., 1992. szept. 12.).<\/br><\/p>\n","protected":false},"excerpt":{"rendered":"<p>1867., \u2020\u00a0Mv, 1920. j\u00fan. 29.: igazgat\u00f3-tan\u00edt\u00f3, k\u00f6z\u00edr\u00f3, v\u00e1rospolitikus. \u2013 Csal\u00e1dja Sz\u00e9kelykereszt\u00far k\u00f6rny\u00e9k\u00e9r\u0151l j\u00f6tt ide, apja Sz. Istv\u00e1n, a Szentgy\u00f6rgy utcai ref. le\u00e1nyiskola igazgat\u00f3ja, szoros rokoni kapcsolatot tartott Sz Istv\u00e1nnal a neves sz\u00edn\u00e9sszel. Tan\u00edt\u00f3 volt mindh\u00e1rom n\u0151v\u00e9re is. Tan\u00edtott apj\u00e1n\u00e1l, majd a volt S\u00e1ndor J\u00e1nos ma D\u00f3zsa Gy\u00f6rgy utcai elemi iskola igazgat\u00f3ja \u00e9s v\u00e9g\u00fcl tanfel\u00fcgyel\u0151 lett [&hellip;]<\/p>\n","protected":false},"featured_media":0,"comment_status":"open","ping_status":"closed","template":"","meta":[],"product_brand":[],"product_cat":[137],"product_tag":[],"class_list":{"0":"post-21987","1":"product","2":"type-product","3":"status-publish","5":"product_cat-maros-megyei-eletrajzi-lexikon","7":"first","8":"instock","9":"shipping-taxable","10":"product-type-simple"},"_links":{"self":[{"href":"https:\/\/uj.adatbank.ro\/lexikon\/wp-json\/wp\/v2\/product\/21987","targetHints":{"allow":["GET"]}}],"collection":[{"href":"https:\/\/uj.adatbank.ro\/lexikon\/wp-json\/wp\/v2\/product"}],"about":[{"href":"https:\/\/uj.adatbank.ro\/lexikon\/wp-json\/wp\/v2\/types\/product"}],"replies":[{"embeddable":true,"href":"https:\/\/uj.adatbank.ro\/lexikon\/wp-json\/wp\/v2\/comments?post=21987"}],"wp:attachment":[{"href":"https:\/\/uj.adatbank.ro\/lexikon\/wp-json\/wp\/v2\/media?parent=21987"}],"wp:term":[{"taxonomy":"product_brand","embeddable":true,"href":"https:\/\/uj.adatbank.ro\/lexikon\/wp-json\/wp\/v2\/product_brand?post=21987"},{"taxonomy":"product_cat","embeddable":true,"href":"https:\/\/uj.adatbank.ro\/lexikon\/wp-json\/wp\/v2\/product_cat?post=21987"},{"taxonomy":"product_tag","embeddable":true,"href":"https:\/\/uj.adatbank.ro\/lexikon\/wp-json\/wp\/v2\/product_tag?post=21987"}],"curies":[{"name":"wp","href":"https:\/\/api.w.org\/{rel}","templated":true}]}}