{"id":21994,"date":"2025-07-22T19:45:10","date_gmt":"2025-07-22T17:45:10","guid":{"rendered":"https:\/\/uj.adatbank.ro\/lexikon\/termek\/szentgyorgyi-istvan-4\/"},"modified":"2025-07-22T19:45:10","modified_gmt":"2025-07-22T17:45:10","slug":"szentgyorgyi-istvan-4","status":"publish","type":"product","link":"https:\/\/uj.adatbank.ro\/lexikon\/termek\/szentgyorgyi-istvan-4\/","title":{"rendered":"SZENTGY\u00d6RGYI Istv\u00e1n"},"content":{"rendered":"<p>? \u2020?: tan\u00edt\u00f3, tan\u00e1r. \u2013 Ref. n\u00e9piskolai igazgat\u00f3-tan\u00e1r Mv.-en. Felh\u00edv\u00e1st int\u00e9zett tan\u00edt\u00f3t\u00e1rsaihoz, hogy s\u00fcrgess\u00e9k meg a Synodus el\u0151tt, hogy tan\u00edt\u00f3test\u00fclet\u00fck egylett\u00e9 alakulhasson (1866). A tan\u00edt\u00f3k megalak\u00edtott\u00e1k a tan\u00edt\u00f3 egyletet a Marossz\u00e9ki ev. Ref. N\u00e9ptan\u00edt\u00f3k Egylet\u00e9t, ahol eln\u00f6kk\u00e9 v\u00e1lasztott\u00e1k. Ez volt a MT megyei \u00c1ltal\u00e1nos Tan\u00edt\u00f3test\u00fclet el\u0151dje, amelybe beleolvadt megalakul\u00e1sakor (1878). Mv.-en Megb\u00edzt\u00e1k a k\u00f6zs\u00e9gi polg\u00e1ri fi\u00faiskola tanul\u00f3inak tornatan\u00edt\u00e1s\u00e1val is. \u2013 <strong>F. m.<\/strong>: Egy falusi v\u00e1rlak t\u00f6rt\u00e9nete. Elbesz\u00e9l\u00e9s. (Mv., 1875.); szerk: Eml\u00e9kf\u00fczet Magyarorsz\u00e1g ezred\u00e9ves \u00e9vfordul\u00f3j\u00e1nak 1896. m\u00e1j. 17. a k\u00f6zs\u00e9gi iparos iskola \u00e1ltal rendezett \u00fcnnep\u00e9ly\u00e9r\u0151l. (Mv., 1896.); A \u2019V\u00e9ns\u00e9g\u201d. = \u00dcnnepi k\u00f6nyv <br \/><strong>Irod.:<\/strong> Nemes; Rugonfalvi Kiss; Sipos; Szinnyei.<\/br><\/p>\n","protected":false},"excerpt":{"rendered":"<p>? \u2020?: tan\u00edt\u00f3, tan\u00e1r. \u2013 Ref. n\u00e9piskolai igazgat\u00f3-tan\u00e1r Mv.-en. Felh\u00edv\u00e1st int\u00e9zett tan\u00edt\u00f3t\u00e1rsaihoz, hogy s\u00fcrgess\u00e9k meg a Synodus el\u0151tt, hogy tan\u00edt\u00f3test\u00fclet\u00fck egylett\u00e9 alakulhasson (1866). A tan\u00edt\u00f3k megalak\u00edtott\u00e1k a tan\u00edt\u00f3 egyletet a Marossz\u00e9ki ev. Ref. N\u00e9ptan\u00edt\u00f3k Egylet\u00e9t, ahol eln\u00f6kk\u00e9 v\u00e1lasztott\u00e1k. Ez volt a MT megyei \u00c1ltal\u00e1nos Tan\u00edt\u00f3test\u00fclet el\u0151dje, amelybe beleolvadt megalakul\u00e1sakor (1878). Mv.-en Megb\u00edzt\u00e1k a k\u00f6zs\u00e9gi polg\u00e1ri [&hellip;]<\/p>\n","protected":false},"featured_media":0,"comment_status":"open","ping_status":"closed","template":"","meta":[],"product_brand":[],"product_cat":[137],"product_tag":[],"class_list":{"0":"post-21994","1":"product","2":"type-product","3":"status-publish","5":"product_cat-maros-megyei-eletrajzi-lexikon","7":"first","8":"instock","9":"shipping-taxable","10":"product-type-simple"},"_links":{"self":[{"href":"https:\/\/uj.adatbank.ro\/lexikon\/wp-json\/wp\/v2\/product\/21994","targetHints":{"allow":["GET"]}}],"collection":[{"href":"https:\/\/uj.adatbank.ro\/lexikon\/wp-json\/wp\/v2\/product"}],"about":[{"href":"https:\/\/uj.adatbank.ro\/lexikon\/wp-json\/wp\/v2\/types\/product"}],"replies":[{"embeddable":true,"href":"https:\/\/uj.adatbank.ro\/lexikon\/wp-json\/wp\/v2\/comments?post=21994"}],"wp:attachment":[{"href":"https:\/\/uj.adatbank.ro\/lexikon\/wp-json\/wp\/v2\/media?parent=21994"}],"wp:term":[{"taxonomy":"product_brand","embeddable":true,"href":"https:\/\/uj.adatbank.ro\/lexikon\/wp-json\/wp\/v2\/product_brand?post=21994"},{"taxonomy":"product_cat","embeddable":true,"href":"https:\/\/uj.adatbank.ro\/lexikon\/wp-json\/wp\/v2\/product_cat?post=21994"},{"taxonomy":"product_tag","embeddable":true,"href":"https:\/\/uj.adatbank.ro\/lexikon\/wp-json\/wp\/v2\/product_tag?post=21994"}],"curies":[{"name":"wp","href":"https:\/\/api.w.org\/{rel}","templated":true}]}}

SZENTGYÖRGYI István

<p>? †?: tanító, tanár. – Ref. népiskolai igazgató-tanár Mv.-en. Felhívást intézett tanítótársaihoz, hogy sürgessék meg a Synodus előtt, hogy tanítótestületük egyletté alakulhasson (1866). A tanítók megalakították a tanító egyletet a Marosszéki ev. Ref. Néptanítók Egyletét, ahol elnökké választották. Ez volt a MT megyei Általános Tanítótestület elődje, amelybe beleolvadt megalakulásakor (1878). Mv.-en Megbízták a községi polgári fiúiskola tanulóinak tornatanításával is. – <strong>F. m.</strong>: Egy falusi várlak története. Elbeszélés. (Mv., 1875.); szerk: Emlékfüzet Magyarország ezredéves évfordulójának 1896. máj. 17. a községi iparos iskola által rendezett ünnepélyéről. (Mv., 1896.); A ’Vénség”. = Ünnepi könyv <br /><strong>Irod.:</strong> Nemes; Rugonfalvi Kiss; Sipos; Szinnyei.</br></p>

<p>? †?: tanító, tanár. – Ref. népiskolai igazgató-tanár Mv.-en. Felhívást intézett tanítótársaihoz, hogy sürgessék meg a Synodus előtt, hogy tanítótestületük egyletté alakulhasson (1866). A tanítók megalakították a tanító egyletet a Marosszéki ev. Ref. Néptanítók Egyletét, ahol elnökké választották. Ez volt a MT megyei Általános Tanítótestület elődje, amelybe beleolvadt megalakulásakor (1878). Mv.-en Megbízták a községi polgári [&hellip;]</p>
