{"id":22005,"date":"2025-07-22T19:45:33","date_gmt":"2025-07-22T17:45:33","guid":{"rendered":"https:\/\/uj.adatbank.ro\/lexikon\/termek\/szentgyorgyi-maria-zajzon-gyorgyne\/"},"modified":"2025-07-22T19:45:33","modified_gmt":"2025-07-22T17:45:33","slug":"szentgyorgyi-maria-zajzon-gyorgyne","status":"publish","type":"product","link":"https:\/\/uj.adatbank.ro\/lexikon\/termek\/szentgyorgyi-maria-zajzon-gyorgyne\/","title":{"rendered":"SZENTGY\u00d6RGYI M\u00e1ria, Zajzon Gy\u00f6rgyn\u00e9"},"content":{"rendered":"<p>? \u2020?: sz\u00ednm\u0171v\u00e9szn\u0151. \u2013 A KZST tagja (1932. nov. 6. \u2013). Szavalatokkal szerepelt a t\u00e1rsas\u00e1g \u00f6sszej\u00f6vetelein. <br \/><strong>Irod.:<\/strong> Marosi-KZST.<\/br><\/p>\n","protected":false},"excerpt":{"rendered":"<p>? \u2020?: sz\u00ednm\u0171v\u00e9szn\u0151. \u2013 A KZST tagja (1932. nov. 6. \u2013). Szavalatokkal szerepelt a t\u00e1rsas\u00e1g \u00f6sszej\u00f6vetelein. Irod.: Marosi-KZST.<\/p>\n","protected":false},"featured_media":0,"comment_status":"open","ping_status":"closed","template":"","meta":[],"product_brand":[],"product_cat":[137],"product_tag":[],"class_list":{"0":"post-22005","1":"product","2":"type-product","3":"status-publish","5":"product_cat-maros-megyei-eletrajzi-lexikon","7":"first","8":"instock","9":"shipping-taxable","10":"product-type-simple"},"_links":{"self":[{"href":"https:\/\/uj.adatbank.ro\/lexikon\/wp-json\/wp\/v2\/product\/22005","targetHints":{"allow":["GET"]}}],"collection":[{"href":"https:\/\/uj.adatbank.ro\/lexikon\/wp-json\/wp\/v2\/product"}],"about":[{"href":"https:\/\/uj.adatbank.ro\/lexikon\/wp-json\/wp\/v2\/types\/product"}],"replies":[{"embeddable":true,"href":"https:\/\/uj.adatbank.ro\/lexikon\/wp-json\/wp\/v2\/comments?post=22005"}],"wp:attachment":[{"href":"https:\/\/uj.adatbank.ro\/lexikon\/wp-json\/wp\/v2\/media?parent=22005"}],"wp:term":[{"taxonomy":"product_brand","embeddable":true,"href":"https:\/\/uj.adatbank.ro\/lexikon\/wp-json\/wp\/v2\/product_brand?post=22005"},{"taxonomy":"product_cat","embeddable":true,"href":"https:\/\/uj.adatbank.ro\/lexikon\/wp-json\/wp\/v2\/product_cat?post=22005"},{"taxonomy":"product_tag","embeddable":true,"href":"https:\/\/uj.adatbank.ro\/lexikon\/wp-json\/wp\/v2\/product_tag?post=22005"}],"curies":[{"name":"wp","href":"https:\/\/api.w.org\/{rel}","templated":true}]}}