{"id":22014,"date":"2025-07-22T19:45:55","date_gmt":"2025-07-22T17:45:55","guid":{"rendered":"https:\/\/uj.adatbank.ro\/lexikon\/termek\/szentgyorgyi-toth-miklos-szentgyorgyi-toth-miklos\/"},"modified":"2025-07-22T19:45:55","modified_gmt":"2025-07-22T17:45:55","slug":"szentgyorgyi-toth-miklos-szentgyorgyi-toth-miklos","status":"publish","type":"product","link":"https:\/\/uj.adatbank.ro\/lexikon\/termek\/szentgyorgyi-toth-miklos-szentgyorgyi-toth-miklos\/","title":{"rendered":"SZENTGY\u00d6RGYI T\u00d3TH Mikl\u00f3s, szentgy\u00f6rgyi, T\u00f3th Mikl\u00f3s"},"content":{"rendered":"<p>? \u2020?: nemes f\u00f6ldbirtokos. \u2013 A v\u00e1ros hat\u00e1r\u00e1ban, Benefalv\u00e1n egy malmot birtokolt, ezt elcser\u00e9lte testv\u00e9r\u00e9vel de megegyeztek hogy szabadon \u00e9p\u00edthet \u00fajat a Maroson Cheke nev\u0171 f\u00f6ld\u00f6n (1495). Marossz\u00e9ki f\u0151hadnagy (1497). Az agyagfalvi gy\u0171l\u00e9sen mint Marossz\u00e9k k\u00f6vete vett r\u00e9szt (1506). Benefalva \u00e9s Kisfalud helys\u00e9gekben voltak birtokai, amelyeket a sz\u00e9kely nemzeti gy\u0171l\u00e9s az\u00e9rt, mert az id\u00e9z\u0151re nem jelent meg, s mert fia J\u00e1nos a gy\u0171l\u00e9s tilalma ellen\u00e9re a vajda szolg\u00e1lat\u00e1ba \u00e1llt, lefoglalta \u00e9s a Sz\u00e9kelyf\u00f6ldr\u0151l sz\u00e1m\u0171zte. Ezt az \u00edt\u00e9letet Ul\u00e1szl\u00f3 kir\u00e1ly megsemmis\u00edtette \u00e9s megparancsolta, hogy adj\u00e1k vissza az elvett Benefalva \u00e9s Kisfalud helys\u00e9geket n\u00e9gy malm\u00e1val egy\u00fctt (1508); Szapolyai J\u00e1nos, vajda fi\u00e1nak J\u00e1nosnak sz\u00e9kely jobb\u00e1gyaiv\u00e1 vissza\u00edt\u00e9lte a helys\u00e9gek szabad sz\u00e9kelyekk\u00e9 tett lakosait (1519). <br \/><strong>Irod.:<\/strong> Aranka; Id\u0151t\u00e1r 1; Nagy Iv\u00e1n; P\u00e1lmay; SzOkl, 1.<\/br><\/p>\n","protected":false},"excerpt":{"rendered":"<p>? \u2020?: nemes f\u00f6ldbirtokos. \u2013 A v\u00e1ros hat\u00e1r\u00e1ban, Benefalv\u00e1n egy malmot birtokolt, ezt elcser\u00e9lte testv\u00e9r\u00e9vel de megegyeztek hogy szabadon \u00e9p\u00edthet \u00fajat a Maroson Cheke nev\u0171 f\u00f6ld\u00f6n (1495). Marossz\u00e9ki f\u0151hadnagy (1497). Az agyagfalvi gy\u0171l\u00e9sen mint Marossz\u00e9k k\u00f6vete vett r\u00e9szt (1506). Benefalva \u00e9s Kisfalud helys\u00e9gekben voltak birtokai, amelyeket a sz\u00e9kely nemzeti gy\u0171l\u00e9s az\u00e9rt, mert az id\u00e9z\u0151re nem [&hellip;]<\/p>\n","protected":false},"featured_media":0,"comment_status":"open","ping_status":"closed","template":"","meta":[],"product_brand":[],"product_cat":[137],"product_tag":[],"class_list":{"0":"post-22014","1":"product","2":"type-product","3":"status-publish","5":"product_cat-maros-megyei-eletrajzi-lexikon","7":"first","8":"instock","9":"shipping-taxable","10":"product-type-simple"},"_links":{"self":[{"href":"https:\/\/uj.adatbank.ro\/lexikon\/wp-json\/wp\/v2\/product\/22014","targetHints":{"allow":["GET"]}}],"collection":[{"href":"https:\/\/uj.adatbank.ro\/lexikon\/wp-json\/wp\/v2\/product"}],"about":[{"href":"https:\/\/uj.adatbank.ro\/lexikon\/wp-json\/wp\/v2\/types\/product"}],"replies":[{"embeddable":true,"href":"https:\/\/uj.adatbank.ro\/lexikon\/wp-json\/wp\/v2\/comments?post=22014"}],"wp:attachment":[{"href":"https:\/\/uj.adatbank.ro\/lexikon\/wp-json\/wp\/v2\/media?parent=22014"}],"wp:term":[{"taxonomy":"product_brand","embeddable":true,"href":"https:\/\/uj.adatbank.ro\/lexikon\/wp-json\/wp\/v2\/product_brand?post=22014"},{"taxonomy":"product_cat","embeddable":true,"href":"https:\/\/uj.adatbank.ro\/lexikon\/wp-json\/wp\/v2\/product_cat?post=22014"},{"taxonomy":"product_tag","embeddable":true,"href":"https:\/\/uj.adatbank.ro\/lexikon\/wp-json\/wp\/v2\/product_tag?post=22014"}],"curies":[{"name":"wp","href":"https:\/\/api.w.org\/{rel}","templated":true}]}}

SZENTGYÖRGYI TÓTH Miklós, szentgyörgyi, Tóth Miklós

<p>? †?: nemes földbirtokos. – A város határában, Benefalván egy malmot birtokolt, ezt elcserélte testvérével de megegyeztek hogy szabadon építhet újat a Maroson Cheke nevű földön (1495). Marosszéki főhadnagy (1497). Az agyagfalvi gyűlésen mint Marosszék követe vett részt (1506). Benefalva és Kisfalud helységekben voltak birtokai, amelyeket a székely nemzeti gyűlés azért, mert az idézőre nem jelent meg, s mert fia János a gyűlés tilalma ellenére a vajda szolgálatába állt, lefoglalta és a Székelyföldről száműzte. Ezt az ítéletet Ulászló király megsemmisítette és megparancsolta, hogy adják vissza az elvett Benefalva és Kisfalud helységeket négy malmával együtt (1508); Szapolyai János, vajda fiának Jánosnak székely jobbágyaivá visszaítélte a helységek szabad székelyekké tett lakosait (1519). <br /><strong>Irod.:</strong> Aranka; Időtár 1; Nagy Iván; Pálmay; SzOkl, 1.</br></p>

<p>? †?: nemes földbirtokos. – A város határában, Benefalván egy malmot birtokolt, ezt elcserélte testvérével de megegyeztek hogy szabadon építhet újat a Maroson Cheke nevű földön (1495). Marosszéki főhadnagy (1497). Az agyagfalvi gyűlésen mint Marosszék követe vett részt (1506). Benefalva és Kisfalud helységekben voltak birtokai, amelyeket a székely nemzeti gyűlés azért, mert az idézőre nem [&hellip;]</p>
