{"id":2202,"date":"2025-06-28T12:06:50","date_gmt":"2025-06-28T10:06:50","guid":{"rendered":"https:\/\/uj.adatbank.ro\/lexikon\/termek\/banffy-laszlo-losonczi-br-2\/"},"modified":"2025-06-28T12:06:50","modified_gmt":"2025-06-28T10:06:50","slug":"banffy-laszlo-losonczi-br-2","status":"publish","type":"product","link":"https:\/\/uj.adatbank.ro\/lexikon\/termek\/banffy-laszlo-losonczi-br-2\/","title":{"rendered":"B\u00c1NFFY L\u00e1szl\u00f3, losonczi br."},"content":{"rendered":"<p>? \u2020\u00a0? : f\u00f6ldbirtokos. \u2013 B. Mikl\u00f3s (1500\u20131546) d\u00e9dunok\u00e1ja. \u2013 Leveleiben besz\u00e1mol a Fels\u0151-Maros menti tat\u00e1rbet\u00f6r\u00e9sek puszt\u00edt\u00e1sair\u00f3l, borzalmair\u00f3l (1690, 1717). <br \/><strong>Irod.:<\/strong> Bicsok\u2013Orb\u00e1n; Rh\u00e9deyek \u00e9s Fr\u00e1terek<\/br><\/p>\n","protected":false},"excerpt":{"rendered":"<p>? \u2020\u00a0? : f\u00f6ldbirtokos. \u2013 B. Mikl\u00f3s (1500\u20131546) d\u00e9dunok\u00e1ja. \u2013 Leveleiben besz\u00e1mol a Fels\u0151-Maros menti tat\u00e1rbet\u00f6r\u00e9sek puszt\u00edt\u00e1sair\u00f3l, borzalmair\u00f3l (1690, 1717). Irod.: Bicsok\u2013Orb\u00e1n; Rh\u00e9deyek \u00e9s Fr\u00e1terek<\/p>\n","protected":false},"featured_media":0,"comment_status":"open","ping_status":"closed","template":"","meta":[],"product_brand":[],"product_cat":[137],"product_tag":[],"class_list":{"0":"post-2202","1":"product","2":"type-product","3":"status-publish","5":"product_cat-maros-megyei-eletrajzi-lexikon","7":"first","8":"instock","9":"shipping-taxable","10":"product-type-simple"},"_links":{"self":[{"href":"https:\/\/uj.adatbank.ro\/lexikon\/wp-json\/wp\/v2\/product\/2202","targetHints":{"allow":["GET"]}}],"collection":[{"href":"https:\/\/uj.adatbank.ro\/lexikon\/wp-json\/wp\/v2\/product"}],"about":[{"href":"https:\/\/uj.adatbank.ro\/lexikon\/wp-json\/wp\/v2\/types\/product"}],"replies":[{"embeddable":true,"href":"https:\/\/uj.adatbank.ro\/lexikon\/wp-json\/wp\/v2\/comments?post=2202"}],"wp:attachment":[{"href":"https:\/\/uj.adatbank.ro\/lexikon\/wp-json\/wp\/v2\/media?parent=2202"}],"wp:term":[{"taxonomy":"product_brand","embeddable":true,"href":"https:\/\/uj.adatbank.ro\/lexikon\/wp-json\/wp\/v2\/product_brand?post=2202"},{"taxonomy":"product_cat","embeddable":true,"href":"https:\/\/uj.adatbank.ro\/lexikon\/wp-json\/wp\/v2\/product_cat?post=2202"},{"taxonomy":"product_tag","embeddable":true,"href":"https:\/\/uj.adatbank.ro\/lexikon\/wp-json\/wp\/v2\/product_tag?post=2202"}],"curies":[{"name":"wp","href":"https:\/\/api.w.org\/{rel}","templated":true}]}}