{"id":22023,"date":"2025-07-22T19:46:17","date_gmt":"2025-07-22T17:46:17","guid":{"rendered":"https:\/\/uj.adatbank.ro\/lexikon\/termek\/szentivani-daniel-szentivanyi-daniel\/"},"modified":"2025-07-22T19:46:17","modified_gmt":"2025-07-22T17:46:17","slug":"szentivani-daniel-szentivanyi-daniel","status":"publish","type":"product","link":"https:\/\/uj.adatbank.ro\/lexikon\/termek\/szentivani-daniel-szentivanyi-daniel\/","title":{"rendered":"SZENTIV\u00c1NI D\u00e1niel, Szentiv\u00e1nyi D\u00e1niel"},"content":{"rendered":"<p>? \u2020?: \u00fcln\u00f6k. \u2013 A mv.-i Kir\u00e1lyi T\u00e1bl\u00e1n\u00e1l \u00fcln\u00f6k (1848), jelent\u00e9st int\u00e9zet a korm\u00e1nyhoz t\u00f6bb rom\u00e1n joggyakornok tev\u00e9kenys\u00e9g\u00e9r\u0151l (1848. m\u00e1rc. 29.), a sz\u00e9kely joggyakornokok mozg\u00e1s\u00e1r\u00f3l (1848. \u00e1pr. 8.). <br \/><strong>Irod.:<\/strong> 1848\u20131849 Marossz\u00e9k; Chereste\u015fiu, Victor: Martie 1848 \u2013 la Rom\u00eenii din Transilvania==Eml\u00e9kk. K.L. 80.<\/br><\/p>\n","protected":false},"excerpt":{"rendered":"<p>? \u2020?: \u00fcln\u00f6k. \u2013 A mv.-i Kir\u00e1lyi T\u00e1bl\u00e1n\u00e1l \u00fcln\u00f6k (1848), jelent\u00e9st int\u00e9zet a korm\u00e1nyhoz t\u00f6bb rom\u00e1n joggyakornok tev\u00e9kenys\u00e9g\u00e9r\u0151l (1848. m\u00e1rc. 29.), a sz\u00e9kely joggyakornokok mozg\u00e1s\u00e1r\u00f3l (1848. \u00e1pr. 8.). Irod.: 1848\u20131849 Marossz\u00e9k; Chereste\u015fiu, Victor: Martie 1848 \u2013 la Rom\u00eenii din Transilvania==Eml\u00e9kk. K.L. 80.<\/p>\n","protected":false},"featured_media":0,"comment_status":"open","ping_status":"closed","template":"","meta":[],"product_brand":[],"product_cat":[137],"product_tag":[],"class_list":{"0":"post-22023","1":"product","2":"type-product","3":"status-publish","5":"product_cat-maros-megyei-eletrajzi-lexikon","7":"first","8":"instock","9":"shipping-taxable","10":"product-type-simple"},"_links":{"self":[{"href":"https:\/\/uj.adatbank.ro\/lexikon\/wp-json\/wp\/v2\/product\/22023","targetHints":{"allow":["GET"]}}],"collection":[{"href":"https:\/\/uj.adatbank.ro\/lexikon\/wp-json\/wp\/v2\/product"}],"about":[{"href":"https:\/\/uj.adatbank.ro\/lexikon\/wp-json\/wp\/v2\/types\/product"}],"replies":[{"embeddable":true,"href":"https:\/\/uj.adatbank.ro\/lexikon\/wp-json\/wp\/v2\/comments?post=22023"}],"wp:attachment":[{"href":"https:\/\/uj.adatbank.ro\/lexikon\/wp-json\/wp\/v2\/media?parent=22023"}],"wp:term":[{"taxonomy":"product_brand","embeddable":true,"href":"https:\/\/uj.adatbank.ro\/lexikon\/wp-json\/wp\/v2\/product_brand?post=22023"},{"taxonomy":"product_cat","embeddable":true,"href":"https:\/\/uj.adatbank.ro\/lexikon\/wp-json\/wp\/v2\/product_cat?post=22023"},{"taxonomy":"product_tag","embeddable":true,"href":"https:\/\/uj.adatbank.ro\/lexikon\/wp-json\/wp\/v2\/product_tag?post=22023"}],"curies":[{"name":"wp","href":"https:\/\/api.w.org\/{rel}","templated":true}]}}