{"id":22024,"date":"2025-07-22T19:46:18","date_gmt":"2025-07-22T17:46:18","guid":{"rendered":"https:\/\/uj.adatbank.ro\/lexikon\/termek\/szent-ivani-gabor-iklodi\/"},"modified":"2025-07-22T19:46:18","modified_gmt":"2025-07-22T17:46:18","slug":"szent-ivani-gabor-iklodi","status":"publish","type":"product","link":"https:\/\/uj.adatbank.ro\/lexikon\/termek\/szent-ivani-gabor-iklodi\/","title":{"rendered":"SZENT-IV\u00c1NI G\u00e1bor, ikl\u00f3di"},"content":{"rendered":"<p>G\u00e1lfalva, 1865. m\u00e1j. 2. \u2020 G\u00e1lfalva, 1910. j\u00fal. 29.: f\u00f6ldbirtokos. \u2013 Feles\u00e9ge: Zolyomi Wagner Hortense. Gyermekeik: Ella (1891. j\u00fal. 6. \u2013? \u2013 eladta az udvarh\u00e1zat Fekete Albertnek \u00e9s Cs\u00edki jegyz\u0151nek, 1924-ben); Marianne (1892. dec. 11. \u2013 1909. m\u00e1j. 21.); \u00c1d\u00e1m 1897. \u2020 Bp.? \u2013 z\u00e1szl\u00f3sk\u00e9nt r\u00e9szt vett az I. vh.-ban; a k\u00e9t vh. k\u00f6z\u00f6tt gazd\u00e1lkodott a birtokon, majd mindent eladott G\u00e1lfalv\u00e1n \u00e9s Bp.-re k\u00f6lt\u00f6z\u00f6tt); Domokos (1898 \u2013 Bp.? \u2013 a k\u00e9t vh. k\u00f6z\u00f6tt a M. Kir. K\u00fcl\u00fcgyminiszt\u00e9riumban m\u0171vel\u0151d\u00e9si \u00fcgyekkel foglalkoz\u00f3 \u00e1llamtitk\u00e1r volt.). Az \u00faj ref. templom \u00e9p\u00edt\u00e9s\u00e9hez faanyagot aj\u00e1nd\u00e9kozott \u00e9s b\u00e9rmentve elk\u00e9sz\u00edttette a templom tervrajzait (1897). A templom k\u00f6zadakoz\u00e1sb\u00f3l, el\u0151ad\u00e1sok bev\u00e9tel\u00e9b\u0151l, k\u00f6zmunk\u00e1val \u00e9p\u00fclt fel (1902\u201303). \u2013 Irod: Ny\u00e1r\u00e1dg\u00e1lfalva.<\/br><\/p>\n","protected":false},"excerpt":{"rendered":"<p>G\u00e1lfalva, 1865. m\u00e1j. 2. \u2020 G\u00e1lfalva, 1910. j\u00fal. 29.: f\u00f6ldbirtokos. \u2013 Feles\u00e9ge: Zolyomi Wagner Hortense. Gyermekeik: Ella (1891. j\u00fal. 6. \u2013? \u2013 eladta az udvarh\u00e1zat Fekete Albertnek \u00e9s Cs\u00edki jegyz\u0151nek, 1924-ben); Marianne (1892. dec. 11. \u2013 1909. m\u00e1j. 21.); \u00c1d\u00e1m 1897. \u2020 Bp.? \u2013 z\u00e1szl\u00f3sk\u00e9nt r\u00e9szt vett az I. vh.-ban; a k\u00e9t vh. k\u00f6z\u00f6tt gazd\u00e1lkodott [&hellip;]<\/p>\n","protected":false},"featured_media":0,"comment_status":"open","ping_status":"closed","template":"","meta":[],"product_brand":[],"product_cat":[137],"product_tag":[],"class_list":{"0":"post-22024","1":"product","2":"type-product","3":"status-publish","5":"product_cat-maros-megyei-eletrajzi-lexikon","7":"first","8":"instock","9":"shipping-taxable","10":"product-type-simple"},"_links":{"self":[{"href":"https:\/\/uj.adatbank.ro\/lexikon\/wp-json\/wp\/v2\/product\/22024","targetHints":{"allow":["GET"]}}],"collection":[{"href":"https:\/\/uj.adatbank.ro\/lexikon\/wp-json\/wp\/v2\/product"}],"about":[{"href":"https:\/\/uj.adatbank.ro\/lexikon\/wp-json\/wp\/v2\/types\/product"}],"replies":[{"embeddable":true,"href":"https:\/\/uj.adatbank.ro\/lexikon\/wp-json\/wp\/v2\/comments?post=22024"}],"wp:attachment":[{"href":"https:\/\/uj.adatbank.ro\/lexikon\/wp-json\/wp\/v2\/media?parent=22024"}],"wp:term":[{"taxonomy":"product_brand","embeddable":true,"href":"https:\/\/uj.adatbank.ro\/lexikon\/wp-json\/wp\/v2\/product_brand?post=22024"},{"taxonomy":"product_cat","embeddable":true,"href":"https:\/\/uj.adatbank.ro\/lexikon\/wp-json\/wp\/v2\/product_cat?post=22024"},{"taxonomy":"product_tag","embeddable":true,"href":"https:\/\/uj.adatbank.ro\/lexikon\/wp-json\/wp\/v2\/product_tag?post=22024"}],"curies":[{"name":"wp","href":"https:\/\/api.w.org\/{rel}","templated":true}]}}