{"id":22025,"date":"2025-07-22T19:46:22","date_gmt":"2025-07-22T17:46:22","guid":{"rendered":"https:\/\/uj.adatbank.ro\/lexikon\/termek\/szentivani-gyorgy\/"},"modified":"2025-07-22T19:46:22","modified_gmt":"2025-07-22T17:46:22","slug":"szentivani-gyorgy","status":"publish","type":"product","link":"https:\/\/uj.adatbank.ro\/lexikon\/termek\/szentivani-gyorgy\/","title":{"rendered":"SZENTIV\u00c1NI Gy\u00f6rgy"},"content":{"rendered":"<p>? \u2020?: alvajda. \u2013 Erd\u00e9ly alvajd\u00e1ja M\u00e1ty\u00e1s kir\u00e1ly idej\u00e9ben (1461\u201362). Fia: Zsigmond. \u2013 Irod: Ny\u00e1r\u00e1dg\u00e1lfalva.<\/br><\/p>\n","protected":false},"excerpt":{"rendered":"<p>? \u2020?: alvajda. \u2013 Erd\u00e9ly alvajd\u00e1ja M\u00e1ty\u00e1s kir\u00e1ly idej\u00e9ben (1461\u201362). Fia: Zsigmond. \u2013 Irod: Ny\u00e1r\u00e1dg\u00e1lfalva.<\/p>\n","protected":false},"featured_media":0,"comment_status":"open","ping_status":"closed","template":"","meta":[],"product_brand":[],"product_cat":[137],"product_tag":[],"class_list":{"0":"post-22025","1":"product","2":"type-product","3":"status-publish","5":"product_cat-maros-megyei-eletrajzi-lexikon","7":"first","8":"instock","9":"shipping-taxable","10":"product-type-simple"},"_links":{"self":[{"href":"https:\/\/uj.adatbank.ro\/lexikon\/wp-json\/wp\/v2\/product\/22025","targetHints":{"allow":["GET"]}}],"collection":[{"href":"https:\/\/uj.adatbank.ro\/lexikon\/wp-json\/wp\/v2\/product"}],"about":[{"href":"https:\/\/uj.adatbank.ro\/lexikon\/wp-json\/wp\/v2\/types\/product"}],"replies":[{"embeddable":true,"href":"https:\/\/uj.adatbank.ro\/lexikon\/wp-json\/wp\/v2\/comments?post=22025"}],"wp:attachment":[{"href":"https:\/\/uj.adatbank.ro\/lexikon\/wp-json\/wp\/v2\/media?parent=22025"}],"wp:term":[{"taxonomy":"product_brand","embeddable":true,"href":"https:\/\/uj.adatbank.ro\/lexikon\/wp-json\/wp\/v2\/product_brand?post=22025"},{"taxonomy":"product_cat","embeddable":true,"href":"https:\/\/uj.adatbank.ro\/lexikon\/wp-json\/wp\/v2\/product_cat?post=22025"},{"taxonomy":"product_tag","embeddable":true,"href":"https:\/\/uj.adatbank.ro\/lexikon\/wp-json\/wp\/v2\/product_tag?post=22025"}],"curies":[{"name":"wp","href":"https:\/\/api.w.org\/{rel}","templated":true}]}}