{"id":22048,"date":"2025-07-22T19:47:10","date_gmt":"2025-07-22T17:47:10","guid":{"rendered":"https:\/\/uj.adatbank.ro\/lexikon\/termek\/szentivanyi-ferenc\/"},"modified":"2025-07-22T19:47:10","modified_gmt":"2025-07-22T17:47:10","slug":"szentivanyi-ferenc","status":"publish","type":"product","link":"https:\/\/uj.adatbank.ro\/lexikon\/termek\/szentivanyi-ferenc\/","title":{"rendered":"SZENTIV\u00c1NYI Ferenc"},"content":{"rendered":"<p>? \u2020?: birtokos. \u2013 Egy\u00fctt Sz. J\u00e1nos \u00e9s L\u00e1szl\u00f3val megv\u00e1s\u00e1rolta J\u00e1rai Gergely vajdaszentiv\u00e1nyi birtokait (1468). A csal\u00e1d r\u00e9szt vett az erd\u00e9lyi f\u0151urak M\u00e1ty\u00e1s kir\u00e1ly elleni l\u00e1zad\u00e1sban, fels\u00e9g\u00e1rul\u00e1s miatt a csal\u00e1d kegyvesztett lett (1467). A csal\u00e1d birtokait Monoszl\u00f3i Csupor Mikl\u00f3s, erd\u00e9lyi vajda kapta a kir\u00e1lyt\u00f3l, Sz. Ferencet \u00e9s L\u00e1szl\u00f3t lefejezt\u00e9k. M\u00e1ty\u00e1s visszaadta azoknak a Sz.-aknak a birtok\u00e1t, akiknek megkegyelmezett. <br \/><strong>Irod.:<\/strong> Vajdaszentiv\u00e1ny.<\/br><\/p>\n","protected":false},"excerpt":{"rendered":"<p>? \u2020?: birtokos. \u2013 Egy\u00fctt Sz. J\u00e1nos \u00e9s L\u00e1szl\u00f3val megv\u00e1s\u00e1rolta J\u00e1rai Gergely vajdaszentiv\u00e1nyi birtokait (1468). A csal\u00e1d r\u00e9szt vett az erd\u00e9lyi f\u0151urak M\u00e1ty\u00e1s kir\u00e1ly elleni l\u00e1zad\u00e1sban, fels\u00e9g\u00e1rul\u00e1s miatt a csal\u00e1d kegyvesztett lett (1467). A csal\u00e1d birtokait Monoszl\u00f3i Csupor Mikl\u00f3s, erd\u00e9lyi vajda kapta a kir\u00e1lyt\u00f3l, Sz. Ferencet \u00e9s L\u00e1szl\u00f3t lefejezt\u00e9k. M\u00e1ty\u00e1s visszaadta azoknak a Sz.-aknak a [&hellip;]<\/p>\n","protected":false},"featured_media":0,"comment_status":"open","ping_status":"closed","template":"","meta":[],"product_brand":[],"product_cat":[137],"product_tag":[],"class_list":{"0":"post-22048","1":"product","2":"type-product","3":"status-publish","5":"product_cat-maros-megyei-eletrajzi-lexikon","7":"first","8":"instock","9":"shipping-taxable","10":"product-type-simple"},"_links":{"self":[{"href":"https:\/\/uj.adatbank.ro\/lexikon\/wp-json\/wp\/v2\/product\/22048","targetHints":{"allow":["GET"]}}],"collection":[{"href":"https:\/\/uj.adatbank.ro\/lexikon\/wp-json\/wp\/v2\/product"}],"about":[{"href":"https:\/\/uj.adatbank.ro\/lexikon\/wp-json\/wp\/v2\/types\/product"}],"replies":[{"embeddable":true,"href":"https:\/\/uj.adatbank.ro\/lexikon\/wp-json\/wp\/v2\/comments?post=22048"}],"wp:attachment":[{"href":"https:\/\/uj.adatbank.ro\/lexikon\/wp-json\/wp\/v2\/media?parent=22048"}],"wp:term":[{"taxonomy":"product_brand","embeddable":true,"href":"https:\/\/uj.adatbank.ro\/lexikon\/wp-json\/wp\/v2\/product_brand?post=22048"},{"taxonomy":"product_cat","embeddable":true,"href":"https:\/\/uj.adatbank.ro\/lexikon\/wp-json\/wp\/v2\/product_cat?post=22048"},{"taxonomy":"product_tag","embeddable":true,"href":"https:\/\/uj.adatbank.ro\/lexikon\/wp-json\/wp\/v2\/product_tag?post=22048"}],"curies":[{"name":"wp","href":"https:\/\/api.w.org\/{rel}","templated":true}]}}

SZENTIVÁNYI Ferenc

<p>? †?: birtokos. – Együtt Sz. János és Lászlóval megvásárolta Járai Gergely vajdaszentiványi birtokait (1468). A család részt vett az erdélyi főurak Mátyás király elleni lázadásban, felségárulás miatt a család kegyvesztett lett (1467). A család birtokait Monoszlói Csupor Miklós, erdélyi vajda kapta a királytól, Sz. Ferencet és Lászlót lefejezték. Mátyás visszaadta azoknak a Sz.-aknak a birtokát, akiknek megkegyelmezett. <br /><strong>Irod.:</strong> Vajdaszentivány.</br></p>

<p>? †?: birtokos. – Együtt Sz. János és Lászlóval megvásárolta Járai Gergely vajdaszentiványi birtokait (1468). A család részt vett az erdélyi főurak Mátyás király elleni lázadásban, felségárulás miatt a család kegyvesztett lett (1467). A család birtokait Monoszlói Csupor Miklós, erdélyi vajda kapta a királytól, Sz. Ferencet és Lászlót lefejezték. Mátyás visszaadta azoknak a Sz.-aknak a [&hellip;]</p>
