{"id":2206,"date":"2025-06-28T12:06:56","date_gmt":"2025-06-28T10:06:56","guid":{"rendered":"https:\/\/uj.adatbank.ro\/lexikon\/termek\/banffy-marianne-bethlen-balintne\/"},"modified":"2025-06-28T12:06:56","modified_gmt":"2025-06-28T10:06:56","slug":"banffy-marianne-bethlen-balintne","status":"publish","type":"product","link":"https:\/\/uj.adatbank.ro\/lexikon\/termek\/banffy-marianne-bethlen-balintne\/","title":{"rendered":"B\u00c1NFFY Marianne, Bethlen B\u00e1lintn\u00e9"},"content":{"rendered":"<p>Fugad, 1891, \u2020\u00a0Bp., 1966.: f\u00f6ldbirtokos. \u2013 B\u00e1nffy Kazim\u00edr \u00e9s P\u00e1lffy M\u00e1ria (1868\u20131941) le\u00e1nya. F\u00e9rje: 1. Bethlen B\u00e1lint. H\u00e1zass\u00e1gukb\u00f3l gyermekeik: B\u00e1lint, G\u00e1bor, D\u00e1niel, 2. B\u00edr\u00f3 J\u00f3zsef. Fiv\u00e9re B\u00e1nffy D\u00e1niel, aki a m. korm\u00e1ny f\u00f6ldm\u0171vel\u0151d\u00e9s\u00fcgyi minisztere volt (1940\u201344). \u2013 Saj\u00e1t \u00e9s D\u00e1niel b\u00e1tyja vagyon\u00e1t CASBI al\u00e1 helyezt\u00e9k, vagyonukat \u201emeg\u0151rz\u00e9sre\u201d elvett\u00e9k. Elment D\u00e1niel fi\u00e1hoz Mo.-ra, egy pesti \u00f6regotthonban halt meg. <br \/><strong>Irod.:<\/strong> Gyermekkori \u00e9letk\u00e9pek \u2013 t\u00f6rt\u00e9nelmi h\u00e1tt\u00e9rrel: Ol\u00e1h-G\u00e1l Elvra besz\u00e9lget\u00e9se bethleni gr. Bethlen Anik\u00f3val (Sz\u00e9kelyf\u00f6ld, 9. sz., 2011. szept.); Nagy \u00d6d\u00f6n<\/br><\/p>\n","protected":false},"excerpt":{"rendered":"<p>Fugad, 1891, \u2020\u00a0Bp., 1966.: f\u00f6ldbirtokos. \u2013 B\u00e1nffy Kazim\u00edr \u00e9s P\u00e1lffy M\u00e1ria (1868\u20131941) le\u00e1nya. F\u00e9rje: 1. Bethlen B\u00e1lint. H\u00e1zass\u00e1gukb\u00f3l gyermekeik: B\u00e1lint, G\u00e1bor, D\u00e1niel, 2. B\u00edr\u00f3 J\u00f3zsef. Fiv\u00e9re B\u00e1nffy D\u00e1niel, aki a m. korm\u00e1ny f\u00f6ldm\u0171vel\u0151d\u00e9s\u00fcgyi minisztere volt (1940\u201344). \u2013 Saj\u00e1t \u00e9s D\u00e1niel b\u00e1tyja vagyon\u00e1t CASBI al\u00e1 helyezt\u00e9k, vagyonukat \u201emeg\u0151rz\u00e9sre\u201d elvett\u00e9k. Elment D\u00e1niel fi\u00e1hoz Mo.-ra, egy pesti \u00f6regotthonban [&hellip;]<\/p>\n","protected":false},"featured_media":0,"comment_status":"open","ping_status":"closed","template":"","meta":[],"product_brand":[],"product_cat":[137],"product_tag":[],"class_list":{"0":"post-2206","1":"product","2":"type-product","3":"status-publish","5":"product_cat-maros-megyei-eletrajzi-lexikon","7":"first","8":"instock","9":"shipping-taxable","10":"product-type-simple"},"_links":{"self":[{"href":"https:\/\/uj.adatbank.ro\/lexikon\/wp-json\/wp\/v2\/product\/2206","targetHints":{"allow":["GET"]}}],"collection":[{"href":"https:\/\/uj.adatbank.ro\/lexikon\/wp-json\/wp\/v2\/product"}],"about":[{"href":"https:\/\/uj.adatbank.ro\/lexikon\/wp-json\/wp\/v2\/types\/product"}],"replies":[{"embeddable":true,"href":"https:\/\/uj.adatbank.ro\/lexikon\/wp-json\/wp\/v2\/comments?post=2206"}],"wp:attachment":[{"href":"https:\/\/uj.adatbank.ro\/lexikon\/wp-json\/wp\/v2\/media?parent=2206"}],"wp:term":[{"taxonomy":"product_brand","embeddable":true,"href":"https:\/\/uj.adatbank.ro\/lexikon\/wp-json\/wp\/v2\/product_brand?post=2206"},{"taxonomy":"product_cat","embeddable":true,"href":"https:\/\/uj.adatbank.ro\/lexikon\/wp-json\/wp\/v2\/product_cat?post=2206"},{"taxonomy":"product_tag","embeddable":true,"href":"https:\/\/uj.adatbank.ro\/lexikon\/wp-json\/wp\/v2\/product_tag?post=2206"}],"curies":[{"name":"wp","href":"https:\/\/api.w.org\/{rel}","templated":true}]}}