{"id":22064,"date":"2025-07-22T19:47:45","date_gmt":"2025-07-22T17:47:45","guid":{"rendered":"https:\/\/uj.adatbank.ro\/lexikon\/termek\/szentkereszti-andras-zagoni-br\/"},"modified":"2025-07-22T19:47:45","modified_gmt":"2025-07-22T17:47:45","slug":"szentkereszti-andras-zagoni-br","status":"publish","type":"product","link":"https:\/\/uj.adatbank.ro\/lexikon\/termek\/szentkereszti-andras-zagoni-br\/","title":{"rendered":"SZENTKERESZTI Andr\u00e1s, z\u00e1goni br."},"content":{"rendered":"<p>? \u2020 1745. dec. 19. temet\u00e9s napja: \u00fcln\u00f6k. \u2013 Sz. Andr\u00e1s fia. \u2013 A kir. t\u00e1bla \u00fcln\u00f6ke (1727\u2013). <br \/><strong>Irod.:<\/strong> Bartha Andr\u00e1s: Halotti besz\u00e9d z\u00e1goni br. Sz. A. felett, 1745. dec. 19. (Kv., 1746) =Halotti besz\u00e9dek; Tr\u00f3cs\u00e1nyi 1988.<\/br><\/p>\n","protected":false},"excerpt":{"rendered":"<p>? \u2020 1745. dec. 19. temet\u00e9s napja: \u00fcln\u00f6k. \u2013 Sz. Andr\u00e1s fia. \u2013 A kir. t\u00e1bla \u00fcln\u00f6ke (1727\u2013). Irod.: Bartha Andr\u00e1s: Halotti besz\u00e9d z\u00e1goni br. Sz. A. felett, 1745. dec. 19. (Kv., 1746) =Halotti besz\u00e9dek; Tr\u00f3cs\u00e1nyi 1988.<\/p>\n","protected":false},"featured_media":0,"comment_status":"open","ping_status":"closed","template":"","meta":[],"product_brand":[],"product_cat":[137],"product_tag":[],"class_list":{"0":"post-22064","1":"product","2":"type-product","3":"status-publish","5":"product_cat-maros-megyei-eletrajzi-lexikon","7":"first","8":"instock","9":"shipping-taxable","10":"product-type-simple"},"_links":{"self":[{"href":"https:\/\/uj.adatbank.ro\/lexikon\/wp-json\/wp\/v2\/product\/22064","targetHints":{"allow":["GET"]}}],"collection":[{"href":"https:\/\/uj.adatbank.ro\/lexikon\/wp-json\/wp\/v2\/product"}],"about":[{"href":"https:\/\/uj.adatbank.ro\/lexikon\/wp-json\/wp\/v2\/types\/product"}],"replies":[{"embeddable":true,"href":"https:\/\/uj.adatbank.ro\/lexikon\/wp-json\/wp\/v2\/comments?post=22064"}],"wp:attachment":[{"href":"https:\/\/uj.adatbank.ro\/lexikon\/wp-json\/wp\/v2\/media?parent=22064"}],"wp:term":[{"taxonomy":"product_brand","embeddable":true,"href":"https:\/\/uj.adatbank.ro\/lexikon\/wp-json\/wp\/v2\/product_brand?post=22064"},{"taxonomy":"product_cat","embeddable":true,"href":"https:\/\/uj.adatbank.ro\/lexikon\/wp-json\/wp\/v2\/product_cat?post=22064"},{"taxonomy":"product_tag","embeddable":true,"href":"https:\/\/uj.adatbank.ro\/lexikon\/wp-json\/wp\/v2\/product_tag?post=22064"}],"curies":[{"name":"wp","href":"https:\/\/api.w.org\/{rel}","templated":true}]}}