{"id":22066,"date":"2025-07-22T19:47:51","date_gmt":"2025-07-22T17:47:51","guid":{"rendered":"https:\/\/uj.adatbank.ro\/lexikon\/termek\/szentkereszty-anna-zagoni-br-josika-gaborne\/"},"modified":"2025-07-22T19:47:51","modified_gmt":"2025-07-22T17:47:51","slug":"szentkereszty-anna-zagoni-br-josika-gaborne","status":"publish","type":"product","link":"https:\/\/uj.adatbank.ro\/lexikon\/termek\/szentkereszty-anna-zagoni-br-josika-gaborne\/","title":{"rendered":"SZENTKERESZTY Anna, z\u00e1goni br. Josika G\u00e1born\u00e9"},"content":{"rendered":"<p>1874, \u2020\u00a01943: mez\u0151paniti f\u00f6ldbirtokos. \u2013 Gy\u00f6rgy \u00e9s Koenis Klementina l\u00e1nya. F\u00e9rje br. J\u00f3sika G\u00e1bor. Gyermekei: Emma, Istv\u00e1n, Anna R\u00f3za. \u00d6r\u00f6k\u00f6lte a mez\u0151paniti birtokot k\u00e9t testv\u00e9r\u00e9vel Emm\u00e1val \u00e9s Istv\u00e1nnal egy\u00fctt (1896), f\u00f6ldtulajdona volt Mez\u0151paniton 196 hold (1912), ebb\u0151l t\u00f6bb mint 172 holdat osztottak ki (1921). A f\u00f6ldreform ut\u00e1n megmaradt tulajdon az \u00f6r\u00f6k\u00f6s\u00f6k k\u00f6z\u00f6tti visz\u00e1ly k\u00f6vetkezt\u00e9ben Telegdi Istv\u00e1n \u00fcgyv\u00e9d tulajdon\u00e1ba ker\u00fclt, amit eladott a panitiaknak (1921 \u00e9s 1924). <br \/><strong>Irod.:<\/strong> Bicsok\u2013Orb\u00e1n; Gudenus; Lukinich; Mez\u0151panit; Nagy \u00d6d\u00f6n; Veress Endre.<\/br><\/p>\n","protected":false},"excerpt":{"rendered":"<p>1874, \u2020\u00a01943: mez\u0151paniti f\u00f6ldbirtokos. \u2013 Gy\u00f6rgy \u00e9s Koenis Klementina l\u00e1nya. F\u00e9rje br. J\u00f3sika G\u00e1bor. Gyermekei: Emma, Istv\u00e1n, Anna R\u00f3za. \u00d6r\u00f6k\u00f6lte a mez\u0151paniti birtokot k\u00e9t testv\u00e9r\u00e9vel Emm\u00e1val \u00e9s Istv\u00e1nnal egy\u00fctt (1896), f\u00f6ldtulajdona volt Mez\u0151paniton 196 hold (1912), ebb\u0151l t\u00f6bb mint 172 holdat osztottak ki (1921). A f\u00f6ldreform ut\u00e1n megmaradt tulajdon az \u00f6r\u00f6k\u00f6s\u00f6k k\u00f6z\u00f6tti visz\u00e1ly k\u00f6vetkezt\u00e9ben Telegdi [&hellip;]<\/p>\n","protected":false},"featured_media":0,"comment_status":"open","ping_status":"closed","template":"","meta":[],"product_brand":[],"product_cat":[137],"product_tag":[],"class_list":{"0":"post-22066","1":"product","2":"type-product","3":"status-publish","5":"product_cat-maros-megyei-eletrajzi-lexikon","7":"first","8":"instock","9":"shipping-taxable","10":"product-type-simple"},"_links":{"self":[{"href":"https:\/\/uj.adatbank.ro\/lexikon\/wp-json\/wp\/v2\/product\/22066","targetHints":{"allow":["GET"]}}],"collection":[{"href":"https:\/\/uj.adatbank.ro\/lexikon\/wp-json\/wp\/v2\/product"}],"about":[{"href":"https:\/\/uj.adatbank.ro\/lexikon\/wp-json\/wp\/v2\/types\/product"}],"replies":[{"embeddable":true,"href":"https:\/\/uj.adatbank.ro\/lexikon\/wp-json\/wp\/v2\/comments?post=22066"}],"wp:attachment":[{"href":"https:\/\/uj.adatbank.ro\/lexikon\/wp-json\/wp\/v2\/media?parent=22066"}],"wp:term":[{"taxonomy":"product_brand","embeddable":true,"href":"https:\/\/uj.adatbank.ro\/lexikon\/wp-json\/wp\/v2\/product_brand?post=22066"},{"taxonomy":"product_cat","embeddable":true,"href":"https:\/\/uj.adatbank.ro\/lexikon\/wp-json\/wp\/v2\/product_cat?post=22066"},{"taxonomy":"product_tag","embeddable":true,"href":"https:\/\/uj.adatbank.ro\/lexikon\/wp-json\/wp\/v2\/product_tag?post=22066"}],"curies":[{"name":"wp","href":"https:\/\/api.w.org\/{rel}","templated":true}]}}