{"id":22069,"date":"2025-07-22T19:47:57","date_gmt":"2025-07-22T17:47:57","guid":{"rendered":"https:\/\/uj.adatbank.ro\/lexikon\/termek\/szentkereszty-andras-zagoni-br-2\/"},"modified":"2025-07-22T19:47:57","modified_gmt":"2025-07-22T17:47:57","slug":"szentkereszty-andras-zagoni-br-2","status":"publish","type":"product","link":"https:\/\/uj.adatbank.ro\/lexikon\/termek\/szentkereszty-andras-zagoni-br-2\/","title":{"rendered":"SZENTKERESZTY Andr\u00e1s, z\u00e1goni br."},"content":{"rendered":"<p>? \u2020 Hossz\u00faasz\u00f3, 1822 k.: t\u00e1bornok. \u2013 A Toszk\u00e1na magyar husz\u00e1rezred kapit\u00e1nya, r\u00e9szt vett a francia forradalom elleni 1794 \u00e1pr. 24-i wlliersi \u00fctk\u00f6zetben mint az egyes\u00fclt magyar husz\u00e1rezred \u00e9s angol dragonyosezred egyik vez\u00e9re, f\u00e9nyes gy\u0151zelmet aratva. A gy\u0151zelem eml\u00e9k\u00e9re angol tisztt\u00e1rsai d\u00edszkarddal aj\u00e1nd\u00e9kozt\u00e1k meg (1796. \u00e1pr. 24). K\u00e9s\u0151bb t\u00e1bornoki rangot kapott \u00e9s az Erzs\u00e9bet Vit\u00e9zi Rend Lovagja lett. A kardot a mv.-i Ref. Koll.-nak aj\u00e1nd\u00e9kozta (1804) mell\u00e9 m\u00e9g ezer forintos \u00f6szt\u00f6nd\u00edj alap\u00edtv\u00e1nyt is tett, hogy ennek kamat\u00e1b\u00f3l \u00e9venk\u00e9nt egy papi p\u00e1ly\u00e1ra k\u00e9sz\u00fcl\u0151 di\u00e1kot t\u00e1mogassanak. <br \/><strong>Irod.:<\/strong> Benk\u0151 K\u00e1roly; Id\u0151t\u00e1r 1; P\u00e1lmay 2.<\/br><\/p>\n","protected":false},"excerpt":{"rendered":"<p>? \u2020 Hossz\u00faasz\u00f3, 1822 k.: t\u00e1bornok. \u2013 A Toszk\u00e1na magyar husz\u00e1rezred kapit\u00e1nya, r\u00e9szt vett a francia forradalom elleni 1794 \u00e1pr. 24-i wlliersi \u00fctk\u00f6zetben mint az egyes\u00fclt magyar husz\u00e1rezred \u00e9s angol dragonyosezred egyik vez\u00e9re, f\u00e9nyes gy\u0151zelmet aratva. A gy\u0151zelem eml\u00e9k\u00e9re angol tisztt\u00e1rsai d\u00edszkarddal aj\u00e1nd\u00e9kozt\u00e1k meg (1796. \u00e1pr. 24). K\u00e9s\u0151bb t\u00e1bornoki rangot kapott \u00e9s az Erzs\u00e9bet Vit\u00e9zi [&hellip;]<\/p>\n","protected":false},"featured_media":0,"comment_status":"open","ping_status":"closed","template":"","meta":[],"product_brand":[],"product_cat":[137],"product_tag":[],"class_list":{"0":"post-22069","1":"product","2":"type-product","3":"status-publish","5":"product_cat-maros-megyei-eletrajzi-lexikon","7":"first","8":"instock","9":"shipping-taxable","10":"product-type-simple"},"_links":{"self":[{"href":"https:\/\/uj.adatbank.ro\/lexikon\/wp-json\/wp\/v2\/product\/22069","targetHints":{"allow":["GET"]}}],"collection":[{"href":"https:\/\/uj.adatbank.ro\/lexikon\/wp-json\/wp\/v2\/product"}],"about":[{"href":"https:\/\/uj.adatbank.ro\/lexikon\/wp-json\/wp\/v2\/types\/product"}],"replies":[{"embeddable":true,"href":"https:\/\/uj.adatbank.ro\/lexikon\/wp-json\/wp\/v2\/comments?post=22069"}],"wp:attachment":[{"href":"https:\/\/uj.adatbank.ro\/lexikon\/wp-json\/wp\/v2\/media?parent=22069"}],"wp:term":[{"taxonomy":"product_brand","embeddable":true,"href":"https:\/\/uj.adatbank.ro\/lexikon\/wp-json\/wp\/v2\/product_brand?post=22069"},{"taxonomy":"product_cat","embeddable":true,"href":"https:\/\/uj.adatbank.ro\/lexikon\/wp-json\/wp\/v2\/product_cat?post=22069"},{"taxonomy":"product_tag","embeddable":true,"href":"https:\/\/uj.adatbank.ro\/lexikon\/wp-json\/wp\/v2\/product_tag?post=22069"}],"curies":[{"name":"wp","href":"https:\/\/api.w.org\/{rel}","templated":true}]}}