{"id":22072,"date":"2025-07-22T19:48:02","date_gmt":"2025-07-22T17:48:02","guid":{"rendered":"https:\/\/uj.adatbank.ro\/lexikon\/termek\/szentkereszty-gyorgy-zagoni-br-szentkereszti-szentkereszthy\/"},"modified":"2025-07-22T19:48:02","modified_gmt":"2025-07-22T17:48:02","slug":"szentkereszty-gyorgy-zagoni-br-szentkereszti-szentkereszthy","status":"publish","type":"product","link":"https:\/\/uj.adatbank.ro\/lexikon\/termek\/szentkereszty-gyorgy-zagoni-br-szentkereszti-szentkereszthy\/","title":{"rendered":"SZENTKERESZTY Gy\u00f6rgy, z\u00e1goni br., Szentkereszti, Szentkereszthy"},"content":{"rendered":"<p>1840, \u2020\u00a01932, temetve Hossz\u00faasz\u00f3n: f\u00f6ldbirtokos. \u2013 Istv\u00e1n (1816\u20131879) \u00e9s vargyasi Daniel Anna (1814\u20131862) fia. Fels\u00e9ge g\u00f6ncruszkai br. Kornos Klementina (1849\u20131916). Gyermekei: Emma, (\u20201932) Anna-J\u00f3sika G\u00e1born\u00e9, Istv\u00e1n (.1874\u20131943) Mez\u0151panitban \u00e9s Kiskenden f\u00f6ldbirtokos. Trianon ut\u00e1n a rom\u00e1n f\u00f6ldreform el\u0151tt eladta a birtok\u00e1t 61 helyb\u00e9li f\u00f6ldm\u0171vesnek, akik egyenk\u00e9nt 400 n\u00e9gysz\u00f6g\u00f6l f\u00f6ldh\u00f6z jutottak (1920. j\u00fal. 3.). A birtokot ez\u00e9rt, k\u00f6zmegel\u00e9ged\u00e9sre, nem osztott\u00e1k \u00fajra, de t\u00f6rv\u00e9nyes\u00edtett\u00e9k az elad\u00e1s\u00e1t (1921). <br \/><strong>Irod.:<\/strong> Bicsok\u2013Orb\u00e1n; Gudenus; Lukinich; Prozan, Veress Endre; Valori muresene.<\/br><\/p>\n","protected":false},"excerpt":{"rendered":"<p>1840, \u2020\u00a01932, temetve Hossz\u00faasz\u00f3n: f\u00f6ldbirtokos. \u2013 Istv\u00e1n (1816\u20131879) \u00e9s vargyasi Daniel Anna (1814\u20131862) fia. Fels\u00e9ge g\u00f6ncruszkai br. Kornos Klementina (1849\u20131916). Gyermekei: Emma, (\u20201932) Anna-J\u00f3sika G\u00e1born\u00e9, Istv\u00e1n (.1874\u20131943) Mez\u0151panitban \u00e9s Kiskenden f\u00f6ldbirtokos. Trianon ut\u00e1n a rom\u00e1n f\u00f6ldreform el\u0151tt eladta a birtok\u00e1t 61 helyb\u00e9li f\u00f6ldm\u0171vesnek, akik egyenk\u00e9nt 400 n\u00e9gysz\u00f6g\u00f6l f\u00f6ldh\u00f6z jutottak (1920. j\u00fal. 3.). A birtokot ez\u00e9rt, [&hellip;]<\/p>\n","protected":false},"featured_media":0,"comment_status":"open","ping_status":"closed","template":"","meta":[],"product_brand":[],"product_cat":[137],"product_tag":[],"class_list":{"0":"post-22072","1":"product","2":"type-product","3":"status-publish","5":"product_cat-maros-megyei-eletrajzi-lexikon","7":"first","8":"instock","9":"shipping-taxable","10":"product-type-simple"},"_links":{"self":[{"href":"https:\/\/uj.adatbank.ro\/lexikon\/wp-json\/wp\/v2\/product\/22072","targetHints":{"allow":["GET"]}}],"collection":[{"href":"https:\/\/uj.adatbank.ro\/lexikon\/wp-json\/wp\/v2\/product"}],"about":[{"href":"https:\/\/uj.adatbank.ro\/lexikon\/wp-json\/wp\/v2\/types\/product"}],"replies":[{"embeddable":true,"href":"https:\/\/uj.adatbank.ro\/lexikon\/wp-json\/wp\/v2\/comments?post=22072"}],"wp:attachment":[{"href":"https:\/\/uj.adatbank.ro\/lexikon\/wp-json\/wp\/v2\/media?parent=22072"}],"wp:term":[{"taxonomy":"product_brand","embeddable":true,"href":"https:\/\/uj.adatbank.ro\/lexikon\/wp-json\/wp\/v2\/product_brand?post=22072"},{"taxonomy":"product_cat","embeddable":true,"href":"https:\/\/uj.adatbank.ro\/lexikon\/wp-json\/wp\/v2\/product_cat?post=22072"},{"taxonomy":"product_tag","embeddable":true,"href":"https:\/\/uj.adatbank.ro\/lexikon\/wp-json\/wp\/v2\/product_tag?post=22072"}],"curies":[{"name":"wp","href":"https:\/\/api.w.org\/{rel}","templated":true}]}}