{"id":22077,"date":"2025-07-22T19:48:12","date_gmt":"2025-07-22T17:48:12","guid":{"rendered":"https:\/\/uj.adatbank.ro\/lexikon\/termek\/szentkereszty-zsigmond-zagoni-br-szentkereszti-zsigmond\/"},"modified":"2025-07-22T19:48:12","modified_gmt":"2025-07-22T17:48:12","slug":"szentkereszty-zsigmond-zagoni-br-szentkereszti-zsigmond","status":"publish","type":"product","link":"https:\/\/uj.adatbank.ro\/lexikon\/termek\/szentkereszty-zsigmond-zagoni-br-szentkereszti-zsigmond\/","title":{"rendered":"SZENTKERESZTY Zsigmond, z\u00e1goni, br., Szentkereszti Zsigmond"},"content":{"rendered":"<p>Z\u00e1gon, 1745. dec. 1., \u2020 Mv, 1823. dec. 23.: cs. k. kamar\u00e1s, test\u0151r, alt\u00e1bornagy. \u2013 II. Andr\u00e1s fogarasi kapit\u00e1ny \u00e9s borosjen\u0151i gr. Korda M\u00e1ria fia. Feles\u00e9ge zabolai Mikes Zsuzsa. (esk. 1785). L\u00e1nya M\u00e1ria-Haller L\u00e1szl\u00f3n\u00e9. \u2013 A test\u0151rs\u00e9gben szolg\u00e1lt (1763\u20131767), 30 \u00e9vig volt katona, \u00e9rdemeket szerzett a francia h\u00e1bor\u00fakban (1792\u2013), ezredes a w\u00fcrzburgi csat\u00e1ban (1796), a hadseregben alt\u00e1bornagy, illetve lovass\u00e1gi t\u00e1bornok nyugalomba vonul\u00e1sakor (1814). A M\u00e1ria Ter\u00e9zia lovagrenddel t\u00fcntett\u00e9k ki. A csal\u00e1dnak \u00c1d\u00e1moson, Bonyh\u00e1n K\u00fck\u00fcll\u0151alm\u00e1son, Maroscsap\u00f3n, Marosbog\u00e1ton, Mez\u0151bodonban, Sz\u0151kefalv\u00e1n, K\u00fck\u00fcll\u0151sz\u00e9plakon voltak birtokai. A sz\u0151kefalvi ref. egyh\u00e1zk\u00f6zs\u00e9g\u00e9nek ez\u00fcst keresztel\u0151 kancs\u00f3t aj\u00e1nd\u00e9kozott (1819). <br \/><strong>Irod.:<\/strong> Farag\u00f3 Andr\u00e1s: Halotti besz\u00e9d b\u00e1r\u00f3 Sz.Zs. felett Sz\u0151kefalv\u00e1n 1823. dec. 29. (Mv., 1824); Gudenus; Halotti besz\u00e9dek; K\u00fck\u00fcll\u0151i Ref. Egyh\u00e1zm. 4.; MTN.<\/br><\/p>\n","protected":false},"excerpt":{"rendered":"<p>Z\u00e1gon, 1745. dec. 1., \u2020 Mv, 1823. dec. 23.: cs. k. kamar\u00e1s, test\u0151r, alt\u00e1bornagy. \u2013 II. Andr\u00e1s fogarasi kapit\u00e1ny \u00e9s borosjen\u0151i gr. Korda M\u00e1ria fia. Feles\u00e9ge zabolai Mikes Zsuzsa. (esk. 1785). L\u00e1nya M\u00e1ria-Haller L\u00e1szl\u00f3n\u00e9. \u2013 A test\u0151rs\u00e9gben szolg\u00e1lt (1763\u20131767), 30 \u00e9vig volt katona, \u00e9rdemeket szerzett a francia h\u00e1bor\u00fakban (1792\u2013), ezredes a w\u00fcrzburgi csat\u00e1ban (1796), a [&hellip;]<\/p>\n","protected":false},"featured_media":0,"comment_status":"open","ping_status":"closed","template":"","meta":[],"product_brand":[],"product_cat":[137],"product_tag":[],"class_list":{"0":"post-22077","1":"product","2":"type-product","3":"status-publish","5":"product_cat-maros-megyei-eletrajzi-lexikon","7":"first","8":"instock","9":"shipping-taxable","10":"product-type-simple"},"_links":{"self":[{"href":"https:\/\/uj.adatbank.ro\/lexikon\/wp-json\/wp\/v2\/product\/22077","targetHints":{"allow":["GET"]}}],"collection":[{"href":"https:\/\/uj.adatbank.ro\/lexikon\/wp-json\/wp\/v2\/product"}],"about":[{"href":"https:\/\/uj.adatbank.ro\/lexikon\/wp-json\/wp\/v2\/types\/product"}],"replies":[{"embeddable":true,"href":"https:\/\/uj.adatbank.ro\/lexikon\/wp-json\/wp\/v2\/comments?post=22077"}],"wp:attachment":[{"href":"https:\/\/uj.adatbank.ro\/lexikon\/wp-json\/wp\/v2\/media?parent=22077"}],"wp:term":[{"taxonomy":"product_brand","embeddable":true,"href":"https:\/\/uj.adatbank.ro\/lexikon\/wp-json\/wp\/v2\/product_brand?post=22077"},{"taxonomy":"product_cat","embeddable":true,"href":"https:\/\/uj.adatbank.ro\/lexikon\/wp-json\/wp\/v2\/product_cat?post=22077"},{"taxonomy":"product_tag","embeddable":true,"href":"https:\/\/uj.adatbank.ro\/lexikon\/wp-json\/wp\/v2\/product_tag?post=22077"}],"curies":[{"name":"wp","href":"https:\/\/api.w.org\/{rel}","templated":true}]}}