{"id":22078,"date":"2025-07-22T19:48:14","date_gmt":"2025-07-22T17:48:14","guid":{"rendered":"https:\/\/uj.adatbank.ro\/lexikon\/termek\/szentkereszty-zsigmond-zagoni-br\/"},"modified":"2025-07-22T19:48:14","modified_gmt":"2025-07-22T17:48:14","slug":"szentkereszty-zsigmond-zagoni-br","status":"publish","type":"product","link":"https:\/\/uj.adatbank.ro\/lexikon\/termek\/szentkereszty-zsigmond-zagoni-br\/","title":{"rendered":"SZENTKERESZTY Zsigmond, z\u00e1goni, br."},"content":{"rendered":"<p>Kide, 1817. j\u00fan. 29. \u2020 Kisb\u00fan, 1891. j\u00fan. 1. tem. Z\u00e1gonban: f\u00f6ldbirtokos, \u0151rnagy., ogy.-i k\u00e9pv. \u2013 Istv\u00e1n \u00e9s hidv\u00e9gi gr. Nemes Druzsina fia. Testv\u00e9rei: Sz. Istv\u00e1n; Sz. K\u00e1rolina (1811? \u2013 Mv., 1884. okt. 4.). Feles\u00e9ge: gr. Haller Anna (sz. Mv., 1816. \u00e1pr.. 31. \u2013 Nagyb\u00fan, 1878. okt. 20.), hallerk\u0151i gr. Haller L\u00e1szl\u00f3 (sz. Ugra, 1776. \u2013 1836. N.-Szeben), cs. k. kamar\u00e1s \u00e9s v. b. t. t., K\u00fck\u00fcll\u0151m. f\u0151isp\u00e1nja \u00e9s marosn\u00e9meti s n\u00e1daskai gr. Gyulai Joz\u00e9fa, cs. kir. csillagk. h\u00f6lgy le\u00e1nya, gr. K\u00e1lnoky Gy\u00f6rgy \u00f6zvegye. (Esk\u00fcv\u0151: Kv., 1847.) Lak\u00e1s: Kis-B\u00fan. Gyermekeik: M\u00e1ria gr. R\u00e1day L\u00e1szl\u00f3n\u00e9; B\u00e9la feles\u00e9ge Florescu M\u00e1ria; Anna \u2013 kily\u00e9ni \u00e9s liszny\u00f3i Sz\u00e9kely J\u00e1nosn\u00e9; P\u00e1l-feles\u00e9ge Ugron Ilona. \u2013 1848\/49-es honv\u00e9d \u0151rgy., azel\u0151tt a sz\u00e9kely husz\u00e1rezredben sz\u00e1zados; ogy.-i k\u00e9pv. Udvarhelysz\u00e9k k\u00e9pvisel\u0151je volt. \u00dajj\u00e1\u00e9p\u00edttette a kast\u00e9lyt \u00c1rkoson, k\u00f6r\u00fcl\u00f6tte parkot, lovasiskol\u00e1t \u00e9s tekep\u00e1ly\u00e1t l\u00e9tes\u00edtett. Bethlen S\u00e1ndor \u00f6r\u00f6k\u00f6seit\u0151l megvette a kisb\u00fani kast\u00e9lyt \u00e9s birtokot. Feles\u00e9g\u00e9v\u00e9l oda is k\u00f6lt\u00f6z\u00f6tt \u00c1rkosr\u00f3l. Hal\u00e1la ut\u00e1n kisebb gyermeke P\u00e1l \u00f6r\u00f6k\u00f6lte. Ugyancsak \u0151 vette meg az almaker\u00e9ki Bethlen birtokot is. <br \/><strong>Irod.:<\/strong> Bicsok\u2013Orb\u00e1n; Gudenus; Gy\u00e1szjelent\u0151; Id\u0151t\u00e1r 2; MNZS; P\u00e1lmay 2; P\u00e1l-Antal S\u00e1ndor: A gymn\u00e1zium catholicumt\u00f3l a f\u0151gimn\u00e1ziumig = Eml\u00e9kk. Szab\u00f3 Mikl\u00f3s.<\/br><\/p>\n","protected":false},"excerpt":{"rendered":"<p>Kide, 1817. j\u00fan. 29. \u2020 Kisb\u00fan, 1891. j\u00fan. 1. tem. Z\u00e1gonban: f\u00f6ldbirtokos, \u0151rnagy., ogy.-i k\u00e9pv. \u2013 Istv\u00e1n \u00e9s hidv\u00e9gi gr. Nemes Druzsina fia. Testv\u00e9rei: Sz. Istv\u00e1n; Sz. K\u00e1rolina (1811? \u2013 Mv., 1884. okt. 4.). Feles\u00e9ge: gr. Haller Anna (sz. Mv., 1816. \u00e1pr.. 31. \u2013 Nagyb\u00fan, 1878. okt. 20.), hallerk\u0151i gr. Haller L\u00e1szl\u00f3 (sz. Ugra, 1776. [&hellip;]<\/p>\n","protected":false},"featured_media":0,"comment_status":"open","ping_status":"closed","template":"","meta":[],"product_brand":[],"product_cat":[137],"product_tag":[],"class_list":{"0":"post-22078","1":"product","2":"type-product","3":"status-publish","5":"product_cat-maros-megyei-eletrajzi-lexikon","7":"first","8":"instock","9":"shipping-taxable","10":"product-type-simple"},"_links":{"self":[{"href":"https:\/\/uj.adatbank.ro\/lexikon\/wp-json\/wp\/v2\/product\/22078","targetHints":{"allow":["GET"]}}],"collection":[{"href":"https:\/\/uj.adatbank.ro\/lexikon\/wp-json\/wp\/v2\/product"}],"about":[{"href":"https:\/\/uj.adatbank.ro\/lexikon\/wp-json\/wp\/v2\/types\/product"}],"replies":[{"embeddable":true,"href":"https:\/\/uj.adatbank.ro\/lexikon\/wp-json\/wp\/v2\/comments?post=22078"}],"wp:attachment":[{"href":"https:\/\/uj.adatbank.ro\/lexikon\/wp-json\/wp\/v2\/media?parent=22078"}],"wp:term":[{"taxonomy":"product_brand","embeddable":true,"href":"https:\/\/uj.adatbank.ro\/lexikon\/wp-json\/wp\/v2\/product_brand?post=22078"},{"taxonomy":"product_cat","embeddable":true,"href":"https:\/\/uj.adatbank.ro\/lexikon\/wp-json\/wp\/v2\/product_cat?post=22078"},{"taxonomy":"product_tag","embeddable":true,"href":"https:\/\/uj.adatbank.ro\/lexikon\/wp-json\/wp\/v2\/product_tag?post=22078"}],"curies":[{"name":"wp","href":"https:\/\/api.w.org\/{rel}","templated":true}]}}