{"id":2209,"date":"2025-06-28T12:07:05","date_gmt":"2025-06-28T10:07:05","guid":{"rendered":"https:\/\/uj.adatbank.ro\/lexikon\/termek\/banffy-pal-br\/"},"modified":"2025-06-28T12:07:05","modified_gmt":"2025-06-28T10:07:05","slug":"banffy-pal-br","status":"publish","type":"product","link":"https:\/\/uj.adatbank.ro\/lexikon\/termek\/banffy-pal-br\/","title":{"rendered":"B\u00c1NFFY P\u00e1l, br."},"content":{"rendered":"<p>? \u2020\u00a0? : f\u0151kapit\u00e1ny, udvarmester. \u2013 B. L\u00e1szl\u00f3 \u00e9s Dobokai Anna fia. Feles\u00e9ge: 1. harinai Farkas Anna, fi\u00fak B. Mikl\u00f3s (1500\u20131546), 2. B\u00e1thori Bora. \u2013 Udvarhely\u2013Maros f\u0151kapit\u00e1nya, udvarmester. A sz\u00e9kely sz\u00e9kek \u00e9s a Sz\u00e9kely T\u00e1madt v\u00e1r kapit\u00e1nya. II. J\u00e1nos kir\u00e1ly parancsa Telegdi Mih\u00e1lyhoz, Udvarhely v\u00e1r tiszttart\u00f3j\u00e1hoz s Maros, Udvarhely- \u00e9s Csik sz\u00e9k kapit\u00e1ny\u00e1hoz, hogy B\u00e1nfi P\u00e1lt a neki adom\u00e1nyozott Marossz\u00e9ki Udvarfalva helys\u00e9g\u00e9be iktassa be (Gyulafej\u00e9rv\u00e1rt 1569. m\u00e1jus 26.). <br \/><strong>Irod.:<\/strong> Nagy Iv\u00e1n; SzOkl, 2<\/br><\/p>\n","protected":false},"excerpt":{"rendered":"<p>? \u2020\u00a0? : f\u0151kapit\u00e1ny, udvarmester. \u2013 B. L\u00e1szl\u00f3 \u00e9s Dobokai Anna fia. Feles\u00e9ge: 1. harinai Farkas Anna, fi\u00fak B. Mikl\u00f3s (1500\u20131546), 2. B\u00e1thori Bora. \u2013 Udvarhely\u2013Maros f\u0151kapit\u00e1nya, udvarmester. A sz\u00e9kely sz\u00e9kek \u00e9s a Sz\u00e9kely T\u00e1madt v\u00e1r kapit\u00e1nya. II. J\u00e1nos kir\u00e1ly parancsa Telegdi Mih\u00e1lyhoz, Udvarhely v\u00e1r tiszttart\u00f3j\u00e1hoz s Maros, Udvarhely- \u00e9s Csik sz\u00e9k kapit\u00e1ny\u00e1hoz, hogy B\u00e1nfi [&hellip;]<\/p>\n","protected":false},"featured_media":0,"comment_status":"open","ping_status":"closed","template":"","meta":[],"product_brand":[],"product_cat":[137],"product_tag":[],"class_list":{"0":"post-2209","1":"product","2":"type-product","3":"status-publish","5":"product_cat-maros-megyei-eletrajzi-lexikon","7":"first","8":"instock","9":"shipping-taxable","10":"product-type-simple"},"_links":{"self":[{"href":"https:\/\/uj.adatbank.ro\/lexikon\/wp-json\/wp\/v2\/product\/2209","targetHints":{"allow":["GET"]}}],"collection":[{"href":"https:\/\/uj.adatbank.ro\/lexikon\/wp-json\/wp\/v2\/product"}],"about":[{"href":"https:\/\/uj.adatbank.ro\/lexikon\/wp-json\/wp\/v2\/types\/product"}],"replies":[{"embeddable":true,"href":"https:\/\/uj.adatbank.ro\/lexikon\/wp-json\/wp\/v2\/comments?post=2209"}],"wp:attachment":[{"href":"https:\/\/uj.adatbank.ro\/lexikon\/wp-json\/wp\/v2\/media?parent=2209"}],"wp:term":[{"taxonomy":"product_brand","embeddable":true,"href":"https:\/\/uj.adatbank.ro\/lexikon\/wp-json\/wp\/v2\/product_brand?post=2209"},{"taxonomy":"product_cat","embeddable":true,"href":"https:\/\/uj.adatbank.ro\/lexikon\/wp-json\/wp\/v2\/product_cat?post=2209"},{"taxonomy":"product_tag","embeddable":true,"href":"https:\/\/uj.adatbank.ro\/lexikon\/wp-json\/wp\/v2\/product_tag?post=2209"}],"curies":[{"name":"wp","href":"https:\/\/api.w.org\/{rel}","templated":true}]}}

BÁNFFY Pál, br.

<p>? † ? : főkapitány, udvarmester. – B. László és Dobokai Anna fia. Felesége: 1. harinai Farkas Anna, fiúk B. Miklós (1500–1546), 2. Báthori Bora. – Udvarhely–Maros főkapitánya, udvarmester. A székely székek és a Székely Támadt vár kapitánya. II. János király parancsa Telegdi Mihályhoz, Udvarhely vár tiszttartójához s Maros, Udvarhely- és Csik szék kapitányához, hogy Bánfi Pált a neki adományozott Marosszéki Udvarfalva helységébe iktassa be (Gyulafejérvárt 1569. május 26.). <br /><strong>Irod.:</strong> Nagy Iván; SzOkl, 2</br></p>

<p>? † ? : főkapitány, udvarmester. – B. László és Dobokai Anna fia. Felesége: 1. harinai Farkas Anna, fiúk B. Miklós (1500–1546), 2. Báthori Bora. – Udvarhely–Maros főkapitánya, udvarmester. A székely székek és a Székely Támadt vár kapitánya. II. János király parancsa Telegdi Mihályhoz, Udvarhely vár tiszttartójához s Maros, Udvarhely- és Csik szék kapitányához, hogy Bánfi [&hellip;]</p>
