{"id":22106,"date":"2025-07-22T19:49:10","date_gmt":"2025-07-22T17:49:10","guid":{"rendered":"https:\/\/uj.adatbank.ro\/lexikon\/termek\/szentkiralyi-samuel\/"},"modified":"2025-07-22T19:49:10","modified_gmt":"2025-07-22T17:49:10","slug":"szentkiralyi-samuel","status":"publish","type":"product","link":"https:\/\/uj.adatbank.ro\/lexikon\/termek\/szentkiralyi-samuel\/","title":{"rendered":"SZENTKIR\u00c1LYI S\u00e1muel"},"content":{"rendered":"<p>? \u2020\u00a0G\u00f3g\u00e1n, 1734.: ref. lelk\u00e9sz. \u2013 Nagyenyeden subscrib\u00e1lt (1700). Oltszemen, majd H\u00e9derf\u00e1j\u00e1n (1714\u201316) szolg\u00e1lt. Az ottani szolg\u00e1lata ellen kifog\u00e1st emeltek a h\u00edvek (1716), Bonyh\u00e1ban sok ismer\u0151se volt, \u00e9s \u00edgy ker\u00fclhetett oda (1720\u201326), a vizit\u00e1ci\u00f3k alkalm\u00e1val ott is kifog\u00e1sok mer\u00fcltek fel ellene (1720, 1722, 1723, 1724, 1725, 1726), t\u00f6bbsz\u00f6r megintett\u00e9k., majd Bethlehenszentmikl\u00f3son (1727\u201331) \u00e9s G\u00f3g\u00e1nban hal\u00e1l\u00e1ig (1732\u201334) szolg\u00e1lt. \u2013 <strong>F. m.<\/strong>: Halotti besz\u00e9d marosn\u00e9meti gr. Gyulai Ferenc felett, 1730. j\u00fal. 23. (Kv., 1743). <br \/><strong>Irod.:<\/strong> Bonyha \u00e9s egyh\u00e1za; K\u00fck\u00fcll\u0151i Ref. Egyh\u00e1zm.1.,2.<\/br><\/p>\n","protected":false},"excerpt":{"rendered":"<p>? \u2020\u00a0G\u00f3g\u00e1n, 1734.: ref. lelk\u00e9sz. \u2013 Nagyenyeden subscrib\u00e1lt (1700). Oltszemen, majd H\u00e9derf\u00e1j\u00e1n (1714\u201316) szolg\u00e1lt. Az ottani szolg\u00e1lata ellen kifog\u00e1st emeltek a h\u00edvek (1716), Bonyh\u00e1ban sok ismer\u0151se volt, \u00e9s \u00edgy ker\u00fclhetett oda (1720\u201326), a vizit\u00e1ci\u00f3k alkalm\u00e1val ott is kifog\u00e1sok mer\u00fcltek fel ellene (1720, 1722, 1723, 1724, 1725, 1726), t\u00f6bbsz\u00f6r megintett\u00e9k., majd Bethlehenszentmikl\u00f3son (1727\u201331) \u00e9s G\u00f3g\u00e1nban hal\u00e1l\u00e1ig [&hellip;]<\/p>\n","protected":false},"featured_media":0,"comment_status":"open","ping_status":"closed","template":"","meta":[],"product_brand":[],"product_cat":[137],"product_tag":[],"class_list":{"0":"post-22106","1":"product","2":"type-product","3":"status-publish","5":"product_cat-maros-megyei-eletrajzi-lexikon","7":"first","8":"instock","9":"shipping-taxable","10":"product-type-simple"},"_links":{"self":[{"href":"https:\/\/uj.adatbank.ro\/lexikon\/wp-json\/wp\/v2\/product\/22106","targetHints":{"allow":["GET"]}}],"collection":[{"href":"https:\/\/uj.adatbank.ro\/lexikon\/wp-json\/wp\/v2\/product"}],"about":[{"href":"https:\/\/uj.adatbank.ro\/lexikon\/wp-json\/wp\/v2\/types\/product"}],"replies":[{"embeddable":true,"href":"https:\/\/uj.adatbank.ro\/lexikon\/wp-json\/wp\/v2\/comments?post=22106"}],"wp:attachment":[{"href":"https:\/\/uj.adatbank.ro\/lexikon\/wp-json\/wp\/v2\/media?parent=22106"}],"wp:term":[{"taxonomy":"product_brand","embeddable":true,"href":"https:\/\/uj.adatbank.ro\/lexikon\/wp-json\/wp\/v2\/product_brand?post=22106"},{"taxonomy":"product_cat","embeddable":true,"href":"https:\/\/uj.adatbank.ro\/lexikon\/wp-json\/wp\/v2\/product_cat?post=22106"},{"taxonomy":"product_tag","embeddable":true,"href":"https:\/\/uj.adatbank.ro\/lexikon\/wp-json\/wp\/v2\/product_tag?post=22106"}],"curies":[{"name":"wp","href":"https:\/\/api.w.org\/{rel}","templated":true}]}}