{"id":22114,"date":"2025-07-22T19:49:27","date_gmt":"2025-07-22T17:49:27","guid":{"rendered":"https:\/\/uj.adatbank.ro\/lexikon\/termek\/szentmartoni-balint-pozsonyi\/"},"modified":"2025-07-22T19:49:27","modified_gmt":"2025-07-22T17:49:27","slug":"szentmartoni-balint-pozsonyi","status":"publish","type":"product","link":"https:\/\/uj.adatbank.ro\/lexikon\/termek\/szentmartoni-balint-pozsonyi\/","title":{"rendered":"SZENTM\u00c1RTONI B\u00e1lint, pozsonyi"},"content":{"rendered":"<p>Ny\u00e1r\u00e1dszentm\u00e1rton, 1875., \u2020\u00a01951.: unit. k\u00e1ntortan\u00edt\u00f3, gazd\u00e1lkod\u00f3. \u2013 Apja: Sz. K\u00e1lm\u00e1n, unit lelk\u00e9sz volt Ny\u00e1r\u00e1dszentm\u00e1rtonban. Testv\u00e9re: K\u00e1lm\u00e1n, a kv.-i Unit. Koll. tan\u00e1ra. Feles\u00e9ge: Nagy Ilona. \u2013 K\u00f6z\u00e9piskol\u00e1i elv\u00e9gz\u00e9se ut\u00e1n tan\u00edt\u00f3i oklevelet szerzett (1896). B\u00fazah\u00e1z\u00e1n (1896?\u20131916), majd Cs\u00edkfalv\u00e1n \u00e9s ism\u00e9t B\u00fazah\u00e1z\u00e1n (1920\u201336) tan\u00edtott, nyugd\u00edjazt\u00e1k, majd ism\u00e9t tan\u00edtott (1940\u2013). A gazdak\u00f6r munk\u00e1j\u00e1ban tev\u00e9kenyen vett r\u00e9szt. Sz\u00e9pirodalmi \u00e9s pedag\u00f3giai m\u0171vei, valamint szakcikkei jelentek meg nyomtat\u00e1sban. A Kereszt\u00e9ny Magvet\u0151 munkat\u00e1rsa (1899). Nagy Lajossal k\u00f6z\u00f6sen kis k\u00f6nyvet \u00edrt B\u00fazah\u00e1za t\u00f6rt\u00e9net\u00e9r\u0151l (1897), amely a helybeli Dilemont Gyula fanyomd\u00e1j\u00e1ban jelent meg (1902). \u2013 <strong>F. m.<\/strong>: Szociol\u00f3gia a tan\u00edt\u00f3i egyes\u00fcletekben (Mv., 1906); <strong>t\u00e1rssz.:<\/strong> \u00dcrm\u00f6si K\u00e1lm\u00e1n: Eml\u00e9kez\u00e9s dr. Brassai S\u00e1muelr\u0151l: a Marosk\u00f6ri D\u00e1vid Ferenc Fi\u00f3kegyletnek Ka\u00e1lban 1898. aug. 8-\u00e1n tartott \u00fcl\u00e9s\u00e9ben; Brassai eml\u00e9kezete \u2013 \u00edrta \u00e9s elszavalta P. Sz. B. b\u00fazah\u00e1zi tan\u00edt\u00f3 (Mv., 1898); Nagy Lajossal: B\u00fazah\u00e1za kisk\u00f6zs\u00e9g a legr\u00e9gibb id\u0151kt\u0151l m\u00e1ig (B\u00fazah\u00e1za, 1902). <br \/><strong>Irod.:<\/strong> Cs\u00edkfalva; F\u00fcl\u00f6p\u2013Ferencz; Sepsisz\u00e9ki; Szinnye; Sz\u00e9kelyf\u00f6ld \u00ed. k.<\/br><\/p>\n","protected":false},"excerpt":{"rendered":"<p>Ny\u00e1r\u00e1dszentm\u00e1rton, 1875., \u2020\u00a01951.: unit. k\u00e1ntortan\u00edt\u00f3, gazd\u00e1lkod\u00f3. \u2013 Apja: Sz. K\u00e1lm\u00e1n, unit lelk\u00e9sz volt Ny\u00e1r\u00e1dszentm\u00e1rtonban. Testv\u00e9re: K\u00e1lm\u00e1n, a kv.-i Unit. Koll. tan\u00e1ra. Feles\u00e9ge: Nagy Ilona. \u2013 K\u00f6z\u00e9piskol\u00e1i elv\u00e9gz\u00e9se ut\u00e1n tan\u00edt\u00f3i oklevelet szerzett (1896). B\u00fazah\u00e1z\u00e1n (1896?\u20131916), majd Cs\u00edkfalv\u00e1n \u00e9s ism\u00e9t B\u00fazah\u00e1z\u00e1n (1920\u201336) tan\u00edtott, nyugd\u00edjazt\u00e1k, majd ism\u00e9t tan\u00edtott (1940\u2013). A gazdak\u00f6r munk\u00e1j\u00e1ban tev\u00e9kenyen vett r\u00e9szt. Sz\u00e9pirodalmi \u00e9s pedag\u00f3giai [&hellip;]<\/p>\n","protected":false},"featured_media":0,"comment_status":"open","ping_status":"closed","template":"","meta":[],"product_brand":[],"product_cat":[137],"product_tag":[],"class_list":{"0":"post-22114","1":"product","2":"type-product","3":"status-publish","5":"product_cat-maros-megyei-eletrajzi-lexikon","7":"first","8":"instock","9":"shipping-taxable","10":"product-type-simple"},"_links":{"self":[{"href":"https:\/\/uj.adatbank.ro\/lexikon\/wp-json\/wp\/v2\/product\/22114","targetHints":{"allow":["GET"]}}],"collection":[{"href":"https:\/\/uj.adatbank.ro\/lexikon\/wp-json\/wp\/v2\/product"}],"about":[{"href":"https:\/\/uj.adatbank.ro\/lexikon\/wp-json\/wp\/v2\/types\/product"}],"replies":[{"embeddable":true,"href":"https:\/\/uj.adatbank.ro\/lexikon\/wp-json\/wp\/v2\/comments?post=22114"}],"wp:attachment":[{"href":"https:\/\/uj.adatbank.ro\/lexikon\/wp-json\/wp\/v2\/media?parent=22114"}],"wp:term":[{"taxonomy":"product_brand","embeddable":true,"href":"https:\/\/uj.adatbank.ro\/lexikon\/wp-json\/wp\/v2\/product_brand?post=22114"},{"taxonomy":"product_cat","embeddable":true,"href":"https:\/\/uj.adatbank.ro\/lexikon\/wp-json\/wp\/v2\/product_cat?post=22114"},{"taxonomy":"product_tag","embeddable":true,"href":"https:\/\/uj.adatbank.ro\/lexikon\/wp-json\/wp\/v2\/product_tag?post=22114"}],"curies":[{"name":"wp","href":"https:\/\/api.w.org\/{rel}","templated":true}]}}