{"id":22117,"date":"2025-07-22T19:49:32","date_gmt":"2025-07-22T17:49:32","guid":{"rendered":"https:\/\/uj.adatbank.ro\/lexikon\/termek\/szentmartoni-janos\/"},"modified":"2025-07-22T19:49:32","modified_gmt":"2025-07-22T17:49:32","slug":"szentmartoni-janos","status":"publish","type":"product","link":"https:\/\/uj.adatbank.ro\/lexikon\/termek\/szentmartoni-janos\/","title":{"rendered":"SZENTM\u00c1RTONI J\u00e1nos"},"content":{"rendered":"<p>? \u2020?: unit. lelk\u00e9sz. \u2013 Harangl\u00e1bon (1698), Cs\u00f3kfalv\u00e1n unit. lelk\u00e9sz (1720\u2013 sok \u00e9vig). Jegyz\u0151s\u00e9get is viselt hal\u00e1l\u00e1ig. \u2013 <strong><strong>F. m.<\/strong><\/strong>: Zsinati pr\u00e9dik\u00e1ci\u00f3. Magyars\u00e1ros (1687. j\u00fan. 1.) <br \/><strong>Irod.:<\/strong> K.L. M\u0171v. t\u00f6rt. tan. 2.; K\u00e9nosi\u2013Uzoni 2.<\/br><\/p>\n","protected":false},"excerpt":{"rendered":"<p>? \u2020?: unit. lelk\u00e9sz. \u2013 Harangl\u00e1bon (1698), Cs\u00f3kfalv\u00e1n unit. lelk\u00e9sz (1720\u2013 sok \u00e9vig). Jegyz\u0151s\u00e9get is viselt hal\u00e1l\u00e1ig. \u2013 F. m.: Zsinati pr\u00e9dik\u00e1ci\u00f3. Magyars\u00e1ros (1687. j\u00fan. 1.) Irod.: K.L. M\u0171v. t\u00f6rt. tan. 2.; K\u00e9nosi\u2013Uzoni 2.<\/p>\n","protected":false},"featured_media":0,"comment_status":"open","ping_status":"closed","template":"","meta":[],"product_brand":[],"product_cat":[137],"product_tag":[],"class_list":{"0":"post-22117","1":"product","2":"type-product","3":"status-publish","5":"product_cat-maros-megyei-eletrajzi-lexikon","7":"first","8":"instock","9":"shipping-taxable","10":"product-type-simple"},"_links":{"self":[{"href":"https:\/\/uj.adatbank.ro\/lexikon\/wp-json\/wp\/v2\/product\/22117","targetHints":{"allow":["GET"]}}],"collection":[{"href":"https:\/\/uj.adatbank.ro\/lexikon\/wp-json\/wp\/v2\/product"}],"about":[{"href":"https:\/\/uj.adatbank.ro\/lexikon\/wp-json\/wp\/v2\/types\/product"}],"replies":[{"embeddable":true,"href":"https:\/\/uj.adatbank.ro\/lexikon\/wp-json\/wp\/v2\/comments?post=22117"}],"wp:attachment":[{"href":"https:\/\/uj.adatbank.ro\/lexikon\/wp-json\/wp\/v2\/media?parent=22117"}],"wp:term":[{"taxonomy":"product_brand","embeddable":true,"href":"https:\/\/uj.adatbank.ro\/lexikon\/wp-json\/wp\/v2\/product_brand?post=22117"},{"taxonomy":"product_cat","embeddable":true,"href":"https:\/\/uj.adatbank.ro\/lexikon\/wp-json\/wp\/v2\/product_cat?post=22117"},{"taxonomy":"product_tag","embeddable":true,"href":"https:\/\/uj.adatbank.ro\/lexikon\/wp-json\/wp\/v2\/product_tag?post=22117"}],"curies":[{"name":"wp","href":"https:\/\/api.w.org\/{rel}","templated":true}]}}