{"id":22122,"date":"2025-07-22T19:49:45","date_gmt":"2025-07-22T17:49:45","guid":{"rendered":"https:\/\/uj.adatbank.ro\/lexikon\/termek\/szentmartoni-mihaly\/"},"modified":"2025-07-22T19:49:45","modified_gmt":"2025-07-22T17:49:45","slug":"szentmartoni-mihaly","status":"publish","type":"product","link":"https:\/\/uj.adatbank.ro\/lexikon\/termek\/szentmartoni-mihaly\/","title":{"rendered":"SZENTM\u00c1RTONI Mih\u00e1ly"},"content":{"rendered":"<p>? \u2020?: mester. \u2013 Tan\u00edt\u00f3mester Ny\u00e1r\u00e1dszentbenedeken (1722), Ny\u00e1r\u00e1dszentimr\u00e9n (1723). <br \/><strong>Irod.:<\/strong> Ny\u00e1r\u00e1dszentbenedek.<\/br><\/p>\n","protected":false},"excerpt":{"rendered":"<p>? \u2020?: mester. \u2013 Tan\u00edt\u00f3mester Ny\u00e1r\u00e1dszentbenedeken (1722), Ny\u00e1r\u00e1dszentimr\u00e9n (1723). Irod.: Ny\u00e1r\u00e1dszentbenedek.<\/p>\n","protected":false},"featured_media":0,"comment_status":"open","ping_status":"closed","template":"","meta":[],"product_brand":[],"product_cat":[137],"product_tag":[],"class_list":{"0":"post-22122","1":"product","2":"type-product","3":"status-publish","5":"product_cat-maros-megyei-eletrajzi-lexikon","7":"first","8":"instock","9":"shipping-taxable","10":"product-type-simple"},"_links":{"self":[{"href":"https:\/\/uj.adatbank.ro\/lexikon\/wp-json\/wp\/v2\/product\/22122","targetHints":{"allow":["GET"]}}],"collection":[{"href":"https:\/\/uj.adatbank.ro\/lexikon\/wp-json\/wp\/v2\/product"}],"about":[{"href":"https:\/\/uj.adatbank.ro\/lexikon\/wp-json\/wp\/v2\/types\/product"}],"replies":[{"embeddable":true,"href":"https:\/\/uj.adatbank.ro\/lexikon\/wp-json\/wp\/v2\/comments?post=22122"}],"wp:attachment":[{"href":"https:\/\/uj.adatbank.ro\/lexikon\/wp-json\/wp\/v2\/media?parent=22122"}],"wp:term":[{"taxonomy":"product_brand","embeddable":true,"href":"https:\/\/uj.adatbank.ro\/lexikon\/wp-json\/wp\/v2\/product_brand?post=22122"},{"taxonomy":"product_cat","embeddable":true,"href":"https:\/\/uj.adatbank.ro\/lexikon\/wp-json\/wp\/v2\/product_cat?post=22122"},{"taxonomy":"product_tag","embeddable":true,"href":"https:\/\/uj.adatbank.ro\/lexikon\/wp-json\/wp\/v2\/product_tag?post=22122"}],"curies":[{"name":"wp","href":"https:\/\/api.w.org\/{rel}","templated":true}]}}