{"id":22132,"date":"2025-07-22T19:50:11","date_gmt":"2025-07-22T17:50:11","guid":{"rendered":"https:\/\/uj.adatbank.ro\/lexikon\/termek\/szentmihalyi-janos\/"},"modified":"2025-07-22T19:50:11","modified_gmt":"2025-07-22T17:50:11","slug":"szentmihalyi-janos","status":"publish","type":"product","link":"https:\/\/uj.adatbank.ro\/lexikon\/termek\/szentmihalyi-janos\/","title":{"rendered":"SZENTMIH\u00c1LYI J\u00e1nos"},"content":{"rendered":"<p>? \u2020?: ref. lelk\u00e9sz. \u2013 Kv.-on subscrib\u00e1lt (1690). G\u00f6rg\u00e9nyszentimr\u00e9n volt mester. Vajdaszentiv\u00e1nyon (1706) \u00e9s Maross\u00e1rpatakon (1706) volt lelk\u00e9sz, majd n\u00e9hai g\u00f6rg\u00e9nyi tiszteletesk\u00e9nt eml\u00edtett\u00e9k (1759-ben). <br \/><strong>Irod.:<\/strong> \u0150sz.<\/br><\/p>\n","protected":false},"excerpt":{"rendered":"<p>? \u2020?: ref. lelk\u00e9sz. \u2013 Kv.-on subscrib\u00e1lt (1690). G\u00f6rg\u00e9nyszentimr\u00e9n volt mester. Vajdaszentiv\u00e1nyon (1706) \u00e9s Maross\u00e1rpatakon (1706) volt lelk\u00e9sz, majd n\u00e9hai g\u00f6rg\u00e9nyi tiszteletesk\u00e9nt eml\u00edtett\u00e9k (1759-ben). Irod.: \u0150sz.<\/p>\n","protected":false},"featured_media":0,"comment_status":"open","ping_status":"closed","template":"","meta":[],"product_brand":[],"product_cat":[137],"product_tag":[],"class_list":{"0":"post-22132","1":"product","2":"type-product","3":"status-publish","5":"product_cat-maros-megyei-eletrajzi-lexikon","7":"first","8":"instock","9":"shipping-taxable","10":"product-type-simple"},"_links":{"self":[{"href":"https:\/\/uj.adatbank.ro\/lexikon\/wp-json\/wp\/v2\/product\/22132","targetHints":{"allow":["GET"]}}],"collection":[{"href":"https:\/\/uj.adatbank.ro\/lexikon\/wp-json\/wp\/v2\/product"}],"about":[{"href":"https:\/\/uj.adatbank.ro\/lexikon\/wp-json\/wp\/v2\/types\/product"}],"replies":[{"embeddable":true,"href":"https:\/\/uj.adatbank.ro\/lexikon\/wp-json\/wp\/v2\/comments?post=22132"}],"wp:attachment":[{"href":"https:\/\/uj.adatbank.ro\/lexikon\/wp-json\/wp\/v2\/media?parent=22132"}],"wp:term":[{"taxonomy":"product_brand","embeddable":true,"href":"https:\/\/uj.adatbank.ro\/lexikon\/wp-json\/wp\/v2\/product_brand?post=22132"},{"taxonomy":"product_cat","embeddable":true,"href":"https:\/\/uj.adatbank.ro\/lexikon\/wp-json\/wp\/v2\/product_cat?post=22132"},{"taxonomy":"product_tag","embeddable":true,"href":"https:\/\/uj.adatbank.ro\/lexikon\/wp-json\/wp\/v2\/product_tag?post=22132"}],"curies":[{"name":"wp","href":"https:\/\/api.w.org\/{rel}","templated":true}]}}