{"id":22146,"date":"2025-07-22T19:50:41","date_gmt":"2025-07-22T17:50:41","guid":{"rendered":"https:\/\/uj.adatbank.ro\/lexikon\/termek\/szentmiklossy-laszlo\/"},"modified":"2025-07-22T19:50:41","modified_gmt":"2025-07-22T17:50:41","slug":"szentmiklossy-laszlo","status":"publish","type":"product","link":"https:\/\/uj.adatbank.ro\/lexikon\/termek\/szentmiklossy-laszlo\/","title":{"rendered":"SZENTMIKL\u00d3SSY L\u00e1szl\u00f3"},"content":{"rendered":"<p>? \u2020?: dr. f\u0151isp\u00e1ni titk\u00e1r. \u2013 Az EMKE Kisk\u00fck\u00fcll\u0151megyei fi\u00f3kj\u00e1nak titk\u00e1ra \u00e9s ellen\u0151re (1905\u2013), az EMKE megalap\u00edt\u00e1sa \u00e9s negyedsz\u00e1zados m\u0171k\u00f6d\u00e9se c. k\u00f6tetben a kisk\u00fck\u00fcll\u0151i fi\u00f3kv\u00e1lasztm\u00e1ny adatainak \u00f6ssze\u00e1ll\u00edt\u00f3ja. <br \/><strong>Irod.:<\/strong> S\u00e1ndor.<\/br><\/p>\n","protected":false},"excerpt":{"rendered":"<p>? \u2020?: dr. f\u0151isp\u00e1ni titk\u00e1r. \u2013 Az EMKE Kisk\u00fck\u00fcll\u0151megyei fi\u00f3kj\u00e1nak titk\u00e1ra \u00e9s ellen\u0151re (1905\u2013), az EMKE megalap\u00edt\u00e1sa \u00e9s negyedsz\u00e1zados m\u0171k\u00f6d\u00e9se c. k\u00f6tetben a kisk\u00fck\u00fcll\u0151i fi\u00f3kv\u00e1lasztm\u00e1ny adatainak \u00f6ssze\u00e1ll\u00edt\u00f3ja. Irod.: S\u00e1ndor.<\/p>\n","protected":false},"featured_media":0,"comment_status":"open","ping_status":"closed","template":"","meta":[],"product_brand":[],"product_cat":[137],"product_tag":[],"class_list":{"0":"post-22146","1":"product","2":"type-product","3":"status-publish","5":"product_cat-maros-megyei-eletrajzi-lexikon","7":"first","8":"instock","9":"shipping-taxable","10":"product-type-simple"},"_links":{"self":[{"href":"https:\/\/uj.adatbank.ro\/lexikon\/wp-json\/wp\/v2\/product\/22146","targetHints":{"allow":["GET"]}}],"collection":[{"href":"https:\/\/uj.adatbank.ro\/lexikon\/wp-json\/wp\/v2\/product"}],"about":[{"href":"https:\/\/uj.adatbank.ro\/lexikon\/wp-json\/wp\/v2\/types\/product"}],"replies":[{"embeddable":true,"href":"https:\/\/uj.adatbank.ro\/lexikon\/wp-json\/wp\/v2\/comments?post=22146"}],"wp:attachment":[{"href":"https:\/\/uj.adatbank.ro\/lexikon\/wp-json\/wp\/v2\/media?parent=22146"}],"wp:term":[{"taxonomy":"product_brand","embeddable":true,"href":"https:\/\/uj.adatbank.ro\/lexikon\/wp-json\/wp\/v2\/product_brand?post=22146"},{"taxonomy":"product_cat","embeddable":true,"href":"https:\/\/uj.adatbank.ro\/lexikon\/wp-json\/wp\/v2\/product_cat?post=22146"},{"taxonomy":"product_tag","embeddable":true,"href":"https:\/\/uj.adatbank.ro\/lexikon\/wp-json\/wp\/v2\/product_tag?post=22146"}],"curies":[{"name":"wp","href":"https:\/\/api.w.org\/{rel}","templated":true}]}}