{"id":22148,"date":"2025-07-22T19:50:45","date_gmt":"2025-07-22T17:50:45","guid":{"rendered":"https:\/\/uj.adatbank.ro\/lexikon\/termek\/szent-miklosy-istvan\/"},"modified":"2025-07-22T19:50:45","modified_gmt":"2025-07-22T17:50:45","slug":"szent-miklosy-istvan","status":"publish","type":"product","link":"https:\/\/uj.adatbank.ro\/lexikon\/termek\/szent-miklosy-istvan\/","title":{"rendered":"SZENT-MIKL\u00d3SY Istv\u00e1n"},"content":{"rendered":"<p>Dics\u0151szentm\u00e1rton, 1909. \u00e1pr. 6., \u2020?: katonatiszt, t\u00f6rt\u00e9n\u00e9sz. 1924-ben katonaiskol\u00e1ba ker\u00fclt, majd elv\u00e9gezte a Ludovika Akad\u00e9mi\u00e1t \u00e9s a Hadiakad\u00e9mi\u00e1t. A II. vh.-ban mint vez\u00e9rkari tiszt vett r\u00e9szt. A Legfels\u0151 Honv\u00e9delmi Tan\u00e1csn\u00e1l szolg\u00e1lt (1944). A n\u00e9met megsz\u00e1ll\u00e1s ut\u00e1n csatlakozott a Magyar F\u00fcggetlens\u00e9gi Mozgalomhoz \u00e9s r\u00e9szt vett a katonai ellen\u00e1ll\u00e1sban. A n\u00e9metek letart\u00f3ztatt\u00e1k (1944. okt.16.), Bajororsz\u00e1gban szabad\u00edtott\u00e1k fel az amerikai csapatok (1945. m\u00e1j. 1.). Visszat\u00e9rt Bp.-re. R\u00e9szt vett a hajdani ellen\u00e1ll\u00f3k \u00e9s f\u00fcggetlens\u00e9gi politikusok eszmecser\u00e9in. Letart\u00f3ztatt\u00e1k (1946 v\u00e9g\u00e9n) \u00e9s az \u00fan. \u00f6sszeesk\u00fcv\u00e9si per v\u00e1dlottjak\u00e9nt \u00e9letfogytiglani b\u00f6rt\u00f6nre \u00edt\u00e9lt\u00e9k. Az 56-os forradalom alatt szabadult ki a Gy\u0171jt\u0151fogh\u00e1zb\u00f3l. El\u0151sz\u00f6r B\u00e9csbe menek\u00fclt, majd kiv\u00e1ndorolt az Egyes\u00fclt \u00c1llamokba. New Yorkban a Columbia Egyetemen nemzetk\u00f6zi politik\u00e1b\u00f3l doktor\u00e1lt (1962). A New Yorki V\u00e1rosi Egyetemhez tartoz\u00f3 Queens \u00e9s City College-ban lett tan\u00e1r. Nyugd\u00edjaz\u00e1sa ut\u00e1n a Columbia Egyetemen folytatott kutat\u00f3munk\u00e1t, \u00e9s az amerikai k\u00fclpolitik\u00e1r\u00f3l tartott el\u0151ad\u00e1sokat. Az atlanti uni\u00f3val, az eur\u00f3pai politikai er\u0151viszonyokkal, magyar t\u00f6rt\u00e9nelmi \u00e9s politikai t\u00e9m\u00e1kkal foglalkozott. \u2013 <strong><strong>F. m.<\/strong><\/strong>: Political trends in the Hungarian Army, 1945\u20131956 (Santa Monica 1957); The Atlantic Union Movement, Its Significance in World Politics (New York 1965); The Balance of Power in Europe since the Invasion of Czechoslovakia (New York, 1969); With the Hungarian Independence Movement, 1943\u20131947 (New York, 1988). <br \/><strong>Irod.:<\/strong> Borb\u00e1ndi.<\/br><\/p>\n","protected":false},"excerpt":{"rendered":"<p>Dics\u0151szentm\u00e1rton, 1909. \u00e1pr. 6., \u2020?: katonatiszt, t\u00f6rt\u00e9n\u00e9sz. 1924-ben katonaiskol\u00e1ba ker\u00fclt, majd elv\u00e9gezte a Ludovika Akad\u00e9mi\u00e1t \u00e9s a Hadiakad\u00e9mi\u00e1t. A II. vh.-ban mint vez\u00e9rkari tiszt vett r\u00e9szt. A Legfels\u0151 Honv\u00e9delmi Tan\u00e1csn\u00e1l szolg\u00e1lt (1944). A n\u00e9met megsz\u00e1ll\u00e1s ut\u00e1n csatlakozott a Magyar F\u00fcggetlens\u00e9gi Mozgalomhoz \u00e9s r\u00e9szt vett a katonai ellen\u00e1ll\u00e1sban. A n\u00e9metek letart\u00f3ztatt\u00e1k (1944. okt.16.), Bajororsz\u00e1gban szabad\u00edtott\u00e1k fel [&hellip;]<\/p>\n","protected":false},"featured_media":0,"comment_status":"open","ping_status":"closed","template":"","meta":[],"product_brand":[],"product_cat":[137],"product_tag":[],"class_list":{"0":"post-22148","1":"product","2":"type-product","3":"status-publish","5":"product_cat-maros-megyei-eletrajzi-lexikon","7":"first","8":"instock","9":"shipping-taxable","10":"product-type-simple"},"_links":{"self":[{"href":"https:\/\/uj.adatbank.ro\/lexikon\/wp-json\/wp\/v2\/product\/22148","targetHints":{"allow":["GET"]}}],"collection":[{"href":"https:\/\/uj.adatbank.ro\/lexikon\/wp-json\/wp\/v2\/product"}],"about":[{"href":"https:\/\/uj.adatbank.ro\/lexikon\/wp-json\/wp\/v2\/types\/product"}],"replies":[{"embeddable":true,"href":"https:\/\/uj.adatbank.ro\/lexikon\/wp-json\/wp\/v2\/comments?post=22148"}],"wp:attachment":[{"href":"https:\/\/uj.adatbank.ro\/lexikon\/wp-json\/wp\/v2\/media?parent=22148"}],"wp:term":[{"taxonomy":"product_brand","embeddable":true,"href":"https:\/\/uj.adatbank.ro\/lexikon\/wp-json\/wp\/v2\/product_brand?post=22148"},{"taxonomy":"product_cat","embeddable":true,"href":"https:\/\/uj.adatbank.ro\/lexikon\/wp-json\/wp\/v2\/product_cat?post=22148"},{"taxonomy":"product_tag","embeddable":true,"href":"https:\/\/uj.adatbank.ro\/lexikon\/wp-json\/wp\/v2\/product_tag?post=22148"}],"curies":[{"name":"wp","href":"https:\/\/api.w.org\/{rel}","templated":true}]}}

SZENT-MIKLÓSY István

<p>Dicsőszentmárton, 1909. ápr. 6., †?: katonatiszt, történész. 1924-ben katonaiskolába került, majd elvégezte a Ludovika Akadémiát és a Hadiakadémiát. A II. vh.-ban mint vezérkari tiszt vett részt. A Legfelső Honvédelmi Tanácsnál szolgált (1944). A német megszállás után csatlakozott a Magyar Függetlenségi Mozgalomhoz és részt vett a katonai ellenállásban. A németek letartóztatták (1944. okt.16.), Bajorországban szabadították fel az amerikai csapatok (1945. máj. 1.). Visszatért Bp.-re. Részt vett a hajdani ellenállók és függetlenségi politikusok eszmecseréin. Letartóztatták (1946 végén) és az ún. összeesküvési per vádlottjaként életfogytiglani börtönre ítélték. Az 56-os forradalom alatt szabadult ki a Gyűjtőfogházból. Először Bécsbe menekült, majd kivándorolt az Egyesült Államokba. New Yorkban a Columbia Egyetemen nemzetközi politikából doktorált (1962). A New Yorki Városi Egyetemhez tartozó Queens és City College-ban lett tanár. Nyugdíjazása után a Columbia Egyetemen folytatott kutatómunkát, és az amerikai külpolitikáról tartott előadásokat. Az atlanti unióval, az európai politikai erőviszonyokkal, magyar történelmi és politikai témákkal foglalkozott. – <strong><strong>F. m.</strong></strong>: Political trends in the Hungarian Army, 1945–1956 (Santa Monica 1957); The Atlantic Union Movement, Its Significance in World Politics (New York 1965); The Balance of Power in Europe since the Invasion of Czechoslovakia (New York, 1969); With the Hungarian Independence Movement, 1943–1947 (New York, 1988). <br /><strong>Irod.:</strong> Borbándi.</br></p>

<p>Dicsőszentmárton, 1909. ápr. 6., †?: katonatiszt, történész. 1924-ben katonaiskolába került, majd elvégezte a Ludovika Akadémiát és a Hadiakadémiát. A II. vh.-ban mint vezérkari tiszt vett részt. A Legfelső Honvédelmi Tanácsnál szolgált (1944). A német megszállás után csatlakozott a Magyar Függetlenségi Mozgalomhoz és részt vett a katonai ellenállásban. A németek letartóztatták (1944. okt.16.), Bajorországban szabadították fel [&hellip;]</p>
