{"id":22153,"date":"2025-07-22T19:50:56","date_gmt":"2025-07-22T17:50:56","guid":{"rendered":"https:\/\/uj.adatbank.ro\/lexikon\/termek\/szentpali-csepan\/"},"modified":"2025-07-22T19:50:56","modified_gmt":"2025-07-22T17:50:56","slug":"szentpali-csepan","status":"publish","type":"product","link":"https:\/\/uj.adatbank.ro\/lexikon\/termek\/szentpali-csepan\/","title":{"rendered":"SZENTP\u00c1LI Csep\u00e1n"},"content":{"rendered":"<p>? \u2020?: birtokos. \u2013 Az els\u0151 okl.-b\u0151l n\u00e9v szerint ismert birtokos B\u00faz\u00e1sbeseny\u0151ben (1349). Fiai: J\u00e1nos, Tam\u00e1s \u00e9s Mih\u00e1ly. Beseny\u0151 a kerel\u0151szentp\u00e1li uradalom r\u00e9sze volt, amelyhez Ugra, Kerel\u0151 \u00e9s a t\u00e1volabbi r\u00e9szbirtokok is tartoztak: L\u0151rincfalva, P\u00f3ka, Ercse \u00e9s m\u00e1sok. <br \/><strong>Irod.:<\/strong> B\u00faz\u00e1sbeseny\u0151.<\/br><\/p>\n","protected":false},"excerpt":{"rendered":"<p>? \u2020?: birtokos. \u2013 Az els\u0151 okl.-b\u0151l n\u00e9v szerint ismert birtokos B\u00faz\u00e1sbeseny\u0151ben (1349). Fiai: J\u00e1nos, Tam\u00e1s \u00e9s Mih\u00e1ly. Beseny\u0151 a kerel\u0151szentp\u00e1li uradalom r\u00e9sze volt, amelyhez Ugra, Kerel\u0151 \u00e9s a t\u00e1volabbi r\u00e9szbirtokok is tartoztak: L\u0151rincfalva, P\u00f3ka, Ercse \u00e9s m\u00e1sok. Irod.: B\u00faz\u00e1sbeseny\u0151.<\/p>\n","protected":false},"featured_media":0,"comment_status":"open","ping_status":"closed","template":"","meta":[],"product_brand":[],"product_cat":[137],"product_tag":[],"class_list":{"0":"post-22153","1":"product","2":"type-product","3":"status-publish","5":"product_cat-maros-megyei-eletrajzi-lexikon","7":"first","8":"instock","9":"shipping-taxable","10":"product-type-simple"},"_links":{"self":[{"href":"https:\/\/uj.adatbank.ro\/lexikon\/wp-json\/wp\/v2\/product\/22153","targetHints":{"allow":["GET"]}}],"collection":[{"href":"https:\/\/uj.adatbank.ro\/lexikon\/wp-json\/wp\/v2\/product"}],"about":[{"href":"https:\/\/uj.adatbank.ro\/lexikon\/wp-json\/wp\/v2\/types\/product"}],"replies":[{"embeddable":true,"href":"https:\/\/uj.adatbank.ro\/lexikon\/wp-json\/wp\/v2\/comments?post=22153"}],"wp:attachment":[{"href":"https:\/\/uj.adatbank.ro\/lexikon\/wp-json\/wp\/v2\/media?parent=22153"}],"wp:term":[{"taxonomy":"product_brand","embeddable":true,"href":"https:\/\/uj.adatbank.ro\/lexikon\/wp-json\/wp\/v2\/product_brand?post=22153"},{"taxonomy":"product_cat","embeddable":true,"href":"https:\/\/uj.adatbank.ro\/lexikon\/wp-json\/wp\/v2\/product_cat?post=22153"},{"taxonomy":"product_tag","embeddable":true,"href":"https:\/\/uj.adatbank.ro\/lexikon\/wp-json\/wp\/v2\/product_tag?post=22153"}],"curies":[{"name":"wp","href":"https:\/\/api.w.org\/{rel}","templated":true}]}}