{"id":22157,"date":"2025-07-22T19:51:06","date_gmt":"2025-07-22T17:51:06","guid":{"rendered":"https:\/\/uj.adatbank.ro\/lexikon\/termek\/szentpali-janos\/"},"modified":"2025-07-22T19:51:06","modified_gmt":"2025-07-22T17:51:06","slug":"szentpali-janos","status":"publish","type":"product","link":"https:\/\/uj.adatbank.ro\/lexikon\/termek\/szentpali-janos\/","title":{"rendered":"SZENTP\u00c1LI J\u00e1nos"},"content":{"rendered":"<p>? \u2020 1669: hadvez\u00e9r. \u2013 Kem\u00e9ny J\u00e1nos fejed. mezei hadainak gener\u00e1lisa. A v\u00e1s\u00e1rhelyi polg\u00e1rokat sanyargat\u00f3 katon\u00e1kat megb\u00fcntette, de a v\u00e1rost is megintette, hogy mi\u00e9rt adtak bort a katon\u00e1knak (1662); a g\u00f6rg\u00e9nyi orsz\u00e1ggy\u0171l\u00e9sen el\u00edt\u00e9lt\u00e9k, de kegyelmet kapott. K\u00e9s\u0151bb Apafi h\u00edve \u00e9s cs\u00edki f\u0151kapit\u00e1ny lett (1667\u2013). <br \/><strong>Irod.:<\/strong> Benk\u0151 K.: Mv., Id\u0151t\u00e1r 1.<\/br><\/p>\n","protected":false},"excerpt":{"rendered":"<p>? \u2020 1669: hadvez\u00e9r. \u2013 Kem\u00e9ny J\u00e1nos fejed. mezei hadainak gener\u00e1lisa. A v\u00e1s\u00e1rhelyi polg\u00e1rokat sanyargat\u00f3 katon\u00e1kat megb\u00fcntette, de a v\u00e1rost is megintette, hogy mi\u00e9rt adtak bort a katon\u00e1knak (1662); a g\u00f6rg\u00e9nyi orsz\u00e1ggy\u0171l\u00e9sen el\u00edt\u00e9lt\u00e9k, de kegyelmet kapott. K\u00e9s\u0151bb Apafi h\u00edve \u00e9s cs\u00edki f\u0151kapit\u00e1ny lett (1667\u2013). Irod.: Benk\u0151 K.: Mv., Id\u0151t\u00e1r 1.<\/p>\n","protected":false},"featured_media":0,"comment_status":"open","ping_status":"closed","template":"","meta":[],"product_brand":[],"product_cat":[137],"product_tag":[],"class_list":{"0":"post-22157","1":"product","2":"type-product","3":"status-publish","5":"product_cat-maros-megyei-eletrajzi-lexikon","7":"first","8":"instock","9":"shipping-taxable","10":"product-type-simple"},"_links":{"self":[{"href":"https:\/\/uj.adatbank.ro\/lexikon\/wp-json\/wp\/v2\/product\/22157","targetHints":{"allow":["GET"]}}],"collection":[{"href":"https:\/\/uj.adatbank.ro\/lexikon\/wp-json\/wp\/v2\/product"}],"about":[{"href":"https:\/\/uj.adatbank.ro\/lexikon\/wp-json\/wp\/v2\/types\/product"}],"replies":[{"embeddable":true,"href":"https:\/\/uj.adatbank.ro\/lexikon\/wp-json\/wp\/v2\/comments?post=22157"}],"wp:attachment":[{"href":"https:\/\/uj.adatbank.ro\/lexikon\/wp-json\/wp\/v2\/media?parent=22157"}],"wp:term":[{"taxonomy":"product_brand","embeddable":true,"href":"https:\/\/uj.adatbank.ro\/lexikon\/wp-json\/wp\/v2\/product_brand?post=22157"},{"taxonomy":"product_cat","embeddable":true,"href":"https:\/\/uj.adatbank.ro\/lexikon\/wp-json\/wp\/v2\/product_cat?post=22157"},{"taxonomy":"product_tag","embeddable":true,"href":"https:\/\/uj.adatbank.ro\/lexikon\/wp-json\/wp\/v2\/product_tag?post=22157"}],"curies":[{"name":"wp","href":"https:\/\/api.w.org\/{rel}","templated":true}]}}