{"id":22176,"date":"2025-07-22T19:51:44","date_gmt":"2025-07-22T17:51:44","guid":{"rendered":"https:\/\/uj.adatbank.ro\/lexikon\/termek\/szentsimoni-istvan-stephanus\/"},"modified":"2025-07-22T19:51:44","modified_gmt":"2025-07-22T17:51:44","slug":"szentsimoni-istvan-stephanus","status":"publish","type":"product","link":"https:\/\/uj.adatbank.ro\/lexikon\/termek\/szentsimoni-istvan-stephanus\/","title":{"rendered":"SZENTSIMONI Istv\u00e1n; Stephanus"},"content":{"rendered":"<p>Koronka? \u2020?: ref. pap. \u2013 Tanult Enyeden (1740), Franekerben (1751), Utrechtben (1752). Ref. lelk\u00e9sz Mez\u0151s\u00e1msondon (1758\u201360), Ny\u00e1r\u00e1dkar\u00e1csonyfalv\u00e1n (1761\u20131764), Kib\u00e9den (1764\u201369), Makfalv\u00e1n (1770\u20131776). <br \/><strong>Irod.:<\/strong> Imreh Barna; Mez\u0151s\u00e1msond; Szab\u00f3\u2013Sz\u00f6gi.<\/br><\/p>\n","protected":false},"excerpt":{"rendered":"<p>Koronka? \u2020?: ref. pap. \u2013 Tanult Enyeden (1740), Franekerben (1751), Utrechtben (1752). Ref. lelk\u00e9sz Mez\u0151s\u00e1msondon (1758\u201360), Ny\u00e1r\u00e1dkar\u00e1csonyfalv\u00e1n (1761\u20131764), Kib\u00e9den (1764\u201369), Makfalv\u00e1n (1770\u20131776). Irod.: Imreh Barna; Mez\u0151s\u00e1msond; Szab\u00f3\u2013Sz\u00f6gi.<\/p>\n","protected":false},"featured_media":0,"comment_status":"open","ping_status":"closed","template":"","meta":[],"product_brand":[],"product_cat":[137],"product_tag":[],"class_list":{"0":"post-22176","1":"product","2":"type-product","3":"status-publish","5":"product_cat-maros-megyei-eletrajzi-lexikon","7":"first","8":"instock","9":"shipping-taxable","10":"product-type-simple"},"_links":{"self":[{"href":"https:\/\/uj.adatbank.ro\/lexikon\/wp-json\/wp\/v2\/product\/22176","targetHints":{"allow":["GET"]}}],"collection":[{"href":"https:\/\/uj.adatbank.ro\/lexikon\/wp-json\/wp\/v2\/product"}],"about":[{"href":"https:\/\/uj.adatbank.ro\/lexikon\/wp-json\/wp\/v2\/types\/product"}],"replies":[{"embeddable":true,"href":"https:\/\/uj.adatbank.ro\/lexikon\/wp-json\/wp\/v2\/comments?post=22176"}],"wp:attachment":[{"href":"https:\/\/uj.adatbank.ro\/lexikon\/wp-json\/wp\/v2\/media?parent=22176"}],"wp:term":[{"taxonomy":"product_brand","embeddable":true,"href":"https:\/\/uj.adatbank.ro\/lexikon\/wp-json\/wp\/v2\/product_brand?post=22176"},{"taxonomy":"product_cat","embeddable":true,"href":"https:\/\/uj.adatbank.ro\/lexikon\/wp-json\/wp\/v2\/product_cat?post=22176"},{"taxonomy":"product_tag","embeddable":true,"href":"https:\/\/uj.adatbank.ro\/lexikon\/wp-json\/wp\/v2\/product_tag?post=22176"}],"curies":[{"name":"wp","href":"https:\/\/api.w.org\/{rel}","templated":true}]}}