{"id":2218,"date":"2025-06-28T12:07:21","date_gmt":"2025-06-28T10:07:21","guid":{"rendered":"https:\/\/uj.adatbank.ro\/lexikon\/termek\/banffy-zsigmond\/"},"modified":"2025-06-28T12:07:21","modified_gmt":"2025-06-28T10:07:21","slug":"banffy-zsigmond","status":"publish","type":"product","link":"https:\/\/uj.adatbank.ro\/lexikon\/termek\/banffy-zsigmond\/","title":{"rendered":"B\u00c1NFFY Zsigmond"},"content":{"rendered":"<p>? \u2020\u00a01682.: \u00fcln\u00f6k, f\u0151isp\u00e1n, portai k\u00f6vet. \u2013 B. J\u00e1nos \u00e9s L\u00f3nyai Fruzsina fia, Barcsai \u00c1kos ap\u00f3sa. Unok\u00e1ja, Farkas (1700\u20131761). \u2013 Brandenburgi Katalin alatt f\u0151poh\u00e1rnok (1629\u201330). A fejedelmi t\u00e1bla \u00fcln\u00f6ke (1653\u201354) \u00e9s Bels\u0151-Szolnok vm. f\u0151isp\u00e1nja (1653\u2013). Barcsai alatt f\u0151udvarmester, tan\u00e1cs\u00far \/ consiliarius (1658\u2013). T\u00f6bbsz\u00f6r volt diplom\u00e1ciai k\u00fcldet\u00e9sben a Port\u00e1n is, ahol n\u00e9h\u00e1ny h\u00f3napig t\u00faszk\u00e9nt fogva tartott\u00e1k (1659). Hazaj\u00f6vetele ut\u00e1n Apafi b\u00edzta meg Feh\u00e9r vm. f\u0151isp\u00e1ns\u00e1g\u00e1val (1662\u201374), buni Bethlen J\u00e1nossal volt f\u0151isp\u00e1n. Hal\u00e1l\u00e1ig az ogy. \u00e9s fejedelmi t\u00e1bla eln\u00f6ke (1664\u201382), tan\u00e1cs\u00far (1658\u201382). <br \/><strong>Irod.:<\/strong> Bicsok\u2013Orb\u00e1n; Kraus: Erd\u00e9lyi kr\u00f3nika; Mo. f\u0151isp\u00e1njai; Teleki Mih\u00e1ly levelez\u00e9se (Bp., 1906\u201316); Teleki Mih\u00e1ly udvartart\u00e1si napl\u00f3ja (1673\u20131681) (Kv., 2007); Tr\u00f3cs\u00e1nyi 1988.<\/br><\/p>\n","protected":false},"excerpt":{"rendered":"<p>? \u2020\u00a01682.: \u00fcln\u00f6k, f\u0151isp\u00e1n, portai k\u00f6vet. \u2013 B. J\u00e1nos \u00e9s L\u00f3nyai Fruzsina fia, Barcsai \u00c1kos ap\u00f3sa. Unok\u00e1ja, Farkas (1700\u20131761). \u2013 Brandenburgi Katalin alatt f\u0151poh\u00e1rnok (1629\u201330). A fejedelmi t\u00e1bla \u00fcln\u00f6ke (1653\u201354) \u00e9s Bels\u0151-Szolnok vm. f\u0151isp\u00e1nja (1653\u2013). Barcsai alatt f\u0151udvarmester, tan\u00e1cs\u00far \/ consiliarius (1658\u2013). T\u00f6bbsz\u00f6r volt diplom\u00e1ciai k\u00fcldet\u00e9sben a Port\u00e1n is, ahol n\u00e9h\u00e1ny h\u00f3napig t\u00faszk\u00e9nt fogva tartott\u00e1k [&hellip;]<\/p>\n","protected":false},"featured_media":0,"comment_status":"open","ping_status":"closed","template":"","meta":[],"product_brand":[],"product_cat":[137],"product_tag":[],"class_list":{"0":"post-2218","1":"product","2":"type-product","3":"status-publish","5":"product_cat-maros-megyei-eletrajzi-lexikon","7":"first","8":"instock","9":"shipping-taxable","10":"product-type-simple"},"_links":{"self":[{"href":"https:\/\/uj.adatbank.ro\/lexikon\/wp-json\/wp\/v2\/product\/2218","targetHints":{"allow":["GET"]}}],"collection":[{"href":"https:\/\/uj.adatbank.ro\/lexikon\/wp-json\/wp\/v2\/product"}],"about":[{"href":"https:\/\/uj.adatbank.ro\/lexikon\/wp-json\/wp\/v2\/types\/product"}],"replies":[{"embeddable":true,"href":"https:\/\/uj.adatbank.ro\/lexikon\/wp-json\/wp\/v2\/comments?post=2218"}],"wp:attachment":[{"href":"https:\/\/uj.adatbank.ro\/lexikon\/wp-json\/wp\/v2\/media?parent=2218"}],"wp:term":[{"taxonomy":"product_brand","embeddable":true,"href":"https:\/\/uj.adatbank.ro\/lexikon\/wp-json\/wp\/v2\/product_brand?post=2218"},{"taxonomy":"product_cat","embeddable":true,"href":"https:\/\/uj.adatbank.ro\/lexikon\/wp-json\/wp\/v2\/product_cat?post=2218"},{"taxonomy":"product_tag","embeddable":true,"href":"https:\/\/uj.adatbank.ro\/lexikon\/wp-json\/wp\/v2\/product_tag?post=2218"}],"curies":[{"name":"wp","href":"https:\/\/api.w.org\/{rel}","templated":true}]}}