{"id":22181,"date":"2025-07-22T19:51:56","date_gmt":"2025-07-22T17:51:56","guid":{"rendered":"https:\/\/uj.adatbank.ro\/lexikon\/termek\/szep-akos\/"},"modified":"2025-07-22T19:51:56","modified_gmt":"2025-07-22T17:51:56","slug":"szep-akos","status":"publish","type":"product","link":"https:\/\/uj.adatbank.ro\/lexikon\/termek\/szep-akos\/","title":{"rendered":"SZ\u00c9P \u00c1kos"},"content":{"rendered":"<p>K\u00e9zdialm\u00e1s, 1914.,\u00a0\u2020?: f\u0171szer- \u00e9s csemegekeresked\u0151. K\u00f6z\u00e9piskol\u00e1it Nagyenyeden \u00e9s Mv.-en v\u00e9gezte, majd a keresked\u00e9st tanulta \u00e9s mint tehets\u00e9ges rajzol\u00f3 iparirajz \u2013 tanfolyamot is v\u00e9gzett \u00e9s mint templomfest\u0151 is tev\u00e9kenykedett Herczegh Ferenc fest\u0151m\u0171v\u00e9szn\u00e9l. Mint \u00f6n\u00e1ll\u00f3 iparm\u0171v\u00e9sz \u00e9s fest\u0151 t\u00f6bb ki\u00e1ll\u00edt\u00e1son vett r\u00e9szt, t\u00f6bb \u00e1llami megb\u00edz\u00e1st is nyert. A Sportegyes\u00fcletek \u00e9s a Dal\u00e1rda akt\u00edv tagja, minden kultur\u00e1lis egyes\u00fclet t\u00e1mogat\u00f3ja volt. F\u0171szer\u00fczletet alap\u00edtott Mv.-en (1940\u2013). <br \/><strong>Irod.:<\/strong> Sz\u00e9kelyf\u00f6ld \u00ed. k.<\/br><\/p>\n","protected":false},"excerpt":{"rendered":"<p>K\u00e9zdialm\u00e1s, 1914.,\u00a0\u2020?: f\u0171szer- \u00e9s csemegekeresked\u0151. K\u00f6z\u00e9piskol\u00e1it Nagyenyeden \u00e9s Mv.-en v\u00e9gezte, majd a keresked\u00e9st tanulta \u00e9s mint tehets\u00e9ges rajzol\u00f3 iparirajz \u2013 tanfolyamot is v\u00e9gzett \u00e9s mint templomfest\u0151 is tev\u00e9kenykedett Herczegh Ferenc fest\u0151m\u0171v\u00e9szn\u00e9l. Mint \u00f6n\u00e1ll\u00f3 iparm\u0171v\u00e9sz \u00e9s fest\u0151 t\u00f6bb ki\u00e1ll\u00edt\u00e1son vett r\u00e9szt, t\u00f6bb \u00e1llami megb\u00edz\u00e1st is nyert. A Sportegyes\u00fcletek \u00e9s a Dal\u00e1rda akt\u00edv tagja, minden kultur\u00e1lis egyes\u00fclet [&hellip;]<\/p>\n","protected":false},"featured_media":0,"comment_status":"open","ping_status":"closed","template":"","meta":[],"product_brand":[],"product_cat":[137],"product_tag":[],"class_list":{"0":"post-22181","1":"product","2":"type-product","3":"status-publish","5":"product_cat-maros-megyei-eletrajzi-lexikon","7":"first","8":"instock","9":"shipping-taxable","10":"product-type-simple"},"_links":{"self":[{"href":"https:\/\/uj.adatbank.ro\/lexikon\/wp-json\/wp\/v2\/product\/22181","targetHints":{"allow":["GET"]}}],"collection":[{"href":"https:\/\/uj.adatbank.ro\/lexikon\/wp-json\/wp\/v2\/product"}],"about":[{"href":"https:\/\/uj.adatbank.ro\/lexikon\/wp-json\/wp\/v2\/types\/product"}],"replies":[{"embeddable":true,"href":"https:\/\/uj.adatbank.ro\/lexikon\/wp-json\/wp\/v2\/comments?post=22181"}],"wp:attachment":[{"href":"https:\/\/uj.adatbank.ro\/lexikon\/wp-json\/wp\/v2\/media?parent=22181"}],"wp:term":[{"taxonomy":"product_brand","embeddable":true,"href":"https:\/\/uj.adatbank.ro\/lexikon\/wp-json\/wp\/v2\/product_brand?post=22181"},{"taxonomy":"product_cat","embeddable":true,"href":"https:\/\/uj.adatbank.ro\/lexikon\/wp-json\/wp\/v2\/product_cat?post=22181"},{"taxonomy":"product_tag","embeddable":true,"href":"https:\/\/uj.adatbank.ro\/lexikon\/wp-json\/wp\/v2\/product_tag?post=22181"}],"curies":[{"name":"wp","href":"https:\/\/api.w.org\/{rel}","templated":true}]}}

SZÉP Ákos

<p>Kézdialmás, 1914., †?: fűszer- és csemegekereskedő. Középiskoláit Nagyenyeden és Mv.-en végezte, majd a kereskedést tanulta és mint tehetséges rajzoló iparirajz – tanfolyamot is végzett és mint templomfestő is tevékenykedett Herczegh Ferenc festőművésznél. Mint önálló iparművész és festő több kiállításon vett részt, több állami megbízást is nyert. A Sportegyesületek és a Dalárda aktív tagja, minden kulturális egyesület támogatója volt. Fűszerüzletet alapított Mv.-en (1940–). <br /><strong>Irod.:</strong> Székelyföld í. k.</br></p>

<p>Kézdialmás, 1914., †?: fűszer- és csemegekereskedő. Középiskoláit Nagyenyeden és Mv.-en végezte, majd a kereskedést tanulta és mint tehetséges rajzoló iparirajz – tanfolyamot is végzett és mint templomfestő is tevékenykedett Herczegh Ferenc festőművésznél. Mint önálló iparművész és festő több kiállításon vett részt, több állami megbízást is nyert. A Sportegyesületek és a Dalárda aktív tagja, minden kulturális egyesület [&hellip;]</p>
