{"id":22196,"date":"2025-07-22T19:52:28","date_gmt":"2025-07-22T17:52:28","guid":{"rendered":"https:\/\/uj.adatbank.ro\/lexikon\/termek\/szeredai-andras-szentharomsagi\/"},"modified":"2025-07-22T19:52:28","modified_gmt":"2025-07-22T17:52:28","slug":"szeredai-andras-szentharomsagi","status":"publish","type":"product","link":"https:\/\/uj.adatbank.ro\/lexikon\/termek\/szeredai-andras-szentharomsagi\/","title":{"rendered":"SZEREDAI Andr\u00e1s, szenth\u00e1roms\u00e1gi"},"content":{"rendered":"<p>? \u2020?: jegyz\u0151. \u2013 De\u00e1k, nemes, fejedelmi kancell\u00e1riai jegyz\u0151. Ny\u00e1r\u00e1dszered\u00e1n \u00e9lt, Basta idej\u00e9ben jegyz\u0151, pl. \u0151 \u00edrta Basta ny\u00edlt parancs\u00e1t a marossz\u00e9ki hadak kiv\u00e1lts\u00e1ga \u00e9rdek\u00e9ben (1602. aug. 29). A v\u00e1s\u00e1rhelyi lustra jegyz\u00e9keiben szerepel (1602, 1603). B\u00e1thori Zsigmondt\u00f3l kapta a nemess\u00e9get, birtokait \u00e9s h\u00e1zait mentes\u00edtve minden ad\u00f3 \u00e9s k\u00f6ztehervisel\u00e9s al\u00f3l. Marossz\u00e9k jegyz\u0151je (1609). <br \/><strong>Irod.:<\/strong> Basta; Kelemen Lajos 1982; Ny\u00e1r\u00e1dszereda: Kiskalauz; SzOkl, 6.<\/br><\/p>\n","protected":false},"excerpt":{"rendered":"<p>? \u2020?: jegyz\u0151. \u2013 De\u00e1k, nemes, fejedelmi kancell\u00e1riai jegyz\u0151. Ny\u00e1r\u00e1dszered\u00e1n \u00e9lt, Basta idej\u00e9ben jegyz\u0151, pl. \u0151 \u00edrta Basta ny\u00edlt parancs\u00e1t a marossz\u00e9ki hadak kiv\u00e1lts\u00e1ga \u00e9rdek\u00e9ben (1602. aug. 29). A v\u00e1s\u00e1rhelyi lustra jegyz\u00e9keiben szerepel (1602, 1603). B\u00e1thori Zsigmondt\u00f3l kapta a nemess\u00e9get, birtokait \u00e9s h\u00e1zait mentes\u00edtve minden ad\u00f3 \u00e9s k\u00f6ztehervisel\u00e9s al\u00f3l. Marossz\u00e9k jegyz\u0151je (1609). Irod.: Basta; Kelemen [&hellip;]<\/p>\n","protected":false},"featured_media":0,"comment_status":"open","ping_status":"closed","template":"","meta":[],"product_brand":[],"product_cat":[137],"product_tag":[],"class_list":{"0":"post-22196","1":"product","2":"type-product","3":"status-publish","5":"product_cat-maros-megyei-eletrajzi-lexikon","7":"first","8":"instock","9":"shipping-taxable","10":"product-type-simple"},"_links":{"self":[{"href":"https:\/\/uj.adatbank.ro\/lexikon\/wp-json\/wp\/v2\/product\/22196","targetHints":{"allow":["GET"]}}],"collection":[{"href":"https:\/\/uj.adatbank.ro\/lexikon\/wp-json\/wp\/v2\/product"}],"about":[{"href":"https:\/\/uj.adatbank.ro\/lexikon\/wp-json\/wp\/v2\/types\/product"}],"replies":[{"embeddable":true,"href":"https:\/\/uj.adatbank.ro\/lexikon\/wp-json\/wp\/v2\/comments?post=22196"}],"wp:attachment":[{"href":"https:\/\/uj.adatbank.ro\/lexikon\/wp-json\/wp\/v2\/media?parent=22196"}],"wp:term":[{"taxonomy":"product_brand","embeddable":true,"href":"https:\/\/uj.adatbank.ro\/lexikon\/wp-json\/wp\/v2\/product_brand?post=22196"},{"taxonomy":"product_cat","embeddable":true,"href":"https:\/\/uj.adatbank.ro\/lexikon\/wp-json\/wp\/v2\/product_cat?post=22196"},{"taxonomy":"product_tag","embeddable":true,"href":"https:\/\/uj.adatbank.ro\/lexikon\/wp-json\/wp\/v2\/product_tag?post=22196"}],"curies":[{"name":"wp","href":"https:\/\/api.w.org\/{rel}","templated":true}]}}

SZEREDAI András, szentháromsági

<p>? †?: jegyző. – Deák, nemes, fejedelmi kancelláriai jegyző. Nyárádszeredán élt, Basta idejében jegyző, pl. ő írta Basta nyílt parancsát a marosszéki hadak kiváltsága érdekében (1602. aug. 29). A vásárhelyi lustra jegyzékeiben szerepel (1602, 1603). Báthori Zsigmondtól kapta a nemességet, birtokait és házait mentesítve minden adó és közteherviselés alól. Marosszék jegyzője (1609). <br /><strong>Irod.:</strong> Basta; Kelemen Lajos 1982; Nyárádszereda: Kiskalauz; SzOkl, 6.</br></p>

<p>? †?: jegyző. – Deák, nemes, fejedelmi kancelláriai jegyző. Nyárádszeredán élt, Basta idejében jegyző, pl. ő írta Basta nyílt parancsát a marosszéki hadak kiváltsága érdekében (1602. aug. 29). A vásárhelyi lustra jegyzékeiben szerepel (1602, 1603). Báthori Zsigmondtól kapta a nemességet, birtokait és házait mentesítve minden adó és közteherviselés alól. Marosszék jegyzője (1609). Irod.: Basta; Kelemen [&hellip;]</p>
