{"id":22197,"date":"2025-07-22T19:52:32","date_gmt":"2025-07-22T17:52:32","guid":{"rendered":"https:\/\/uj.adatbank.ro\/lexikon\/termek\/szeredai-andras-zsigmond-szentharomsagi\/"},"modified":"2025-07-22T19:52:32","modified_gmt":"2025-07-22T17:52:32","slug":"szeredai-andras-zsigmond-szentharomsagi","status":"publish","type":"product","link":"https:\/\/uj.adatbank.ro\/lexikon\/termek\/szeredai-andras-zsigmond-szentharomsagi\/","title":{"rendered":"SZEREDAI Andr\u00e1s Zsigmond, szenth\u00e1roms\u00e1gi"},"content":{"rendered":"<p>Szenth\u00e1roms\u00e1g? \u2020\u00a01805. aug. 29.: r. k. pap. \u2013 Tanult Kv.-on a Jezsuita Gimn. \u00e9s Akad. \u2013 \u00e1n (1754\u201356), Nagyszombaton (1758\u201359), B\u00e9csben (1760). Gyulafeh\u00e9rv\u00e1ron az erd\u00e9lyi p\u00fcsp\u00f6kmegye alumnusa; teol. tan\u00e1r k\u00e9s\u0151bb gyulafeh\u00e9rv\u00e1ri sz\u00e9kesegyh\u00e1zi kanonok (1765\u2013), c\u00edmzetes ap\u00e1t, apostoli jegyz\u0151, pr\u00e9post-kanonok volt (1794), papneveldei igazgat\u00f3 (1800). \u2013 <strong>F. m.<\/strong>: Dum Assertiones Theologicas de Fide, Spe et Charitate ac de Poenitentia&#8230; 1760. publice propugnaret. (Viennae.); Charitas initialis effective super omnia sacramental. et virtualis: Albae-Carolinae, 1792.). <br \/><strong>Irod.:<\/strong> Ferenczi S\u00e1ndor 2009; Hor\u00e1nyi, P\u00e1lmay; R\u00e1cz 2009; Szab\u00f3\u2013Sz\u00f6gi; SzOkl, 4; Szinnyei.<\/br><\/p>\n","protected":false},"excerpt":{"rendered":"<p>Szenth\u00e1roms\u00e1g? \u2020\u00a01805. aug. 29.: r. k. pap. \u2013 Tanult Kv.-on a Jezsuita Gimn. \u00e9s Akad. \u2013 \u00e1n (1754\u201356), Nagyszombaton (1758\u201359), B\u00e9csben (1760). Gyulafeh\u00e9rv\u00e1ron az erd\u00e9lyi p\u00fcsp\u00f6kmegye alumnusa; teol. tan\u00e1r k\u00e9s\u0151bb gyulafeh\u00e9rv\u00e1ri sz\u00e9kesegyh\u00e1zi kanonok (1765\u2013), c\u00edmzetes ap\u00e1t, apostoli jegyz\u0151, pr\u00e9post-kanonok volt (1794), papneveldei igazgat\u00f3 (1800). \u2013 F. m.: Dum Assertiones Theologicas de Fide, Spe et Charitate [&hellip;]<\/p>\n","protected":false},"featured_media":0,"comment_status":"open","ping_status":"closed","template":"","meta":[],"product_brand":[],"product_cat":[137],"product_tag":[],"class_list":{"0":"post-22197","1":"product","2":"type-product","3":"status-publish","5":"product_cat-maros-megyei-eletrajzi-lexikon","7":"first","8":"instock","9":"shipping-taxable","10":"product-type-simple"},"_links":{"self":[{"href":"https:\/\/uj.adatbank.ro\/lexikon\/wp-json\/wp\/v2\/product\/22197","targetHints":{"allow":["GET"]}}],"collection":[{"href":"https:\/\/uj.adatbank.ro\/lexikon\/wp-json\/wp\/v2\/product"}],"about":[{"href":"https:\/\/uj.adatbank.ro\/lexikon\/wp-json\/wp\/v2\/types\/product"}],"replies":[{"embeddable":true,"href":"https:\/\/uj.adatbank.ro\/lexikon\/wp-json\/wp\/v2\/comments?post=22197"}],"wp:attachment":[{"href":"https:\/\/uj.adatbank.ro\/lexikon\/wp-json\/wp\/v2\/media?parent=22197"}],"wp:term":[{"taxonomy":"product_brand","embeddable":true,"href":"https:\/\/uj.adatbank.ro\/lexikon\/wp-json\/wp\/v2\/product_brand?post=22197"},{"taxonomy":"product_cat","embeddable":true,"href":"https:\/\/uj.adatbank.ro\/lexikon\/wp-json\/wp\/v2\/product_cat?post=22197"},{"taxonomy":"product_tag","embeddable":true,"href":"https:\/\/uj.adatbank.ro\/lexikon\/wp-json\/wp\/v2\/product_tag?post=22197"}],"curies":[{"name":"wp","href":"https:\/\/api.w.org\/{rel}","templated":true}]}}